[Sat Jan 17 00:04:10.239253 2026] [dosdetector_syslog:notice] [pid 187927:tid 188173] '34.59.116.58' is suspected as Hard DoS attack! (counter: 507)
[Sat Jan 17 00:04:10.704072 2026] [dosdetector_syslog:notice] [pid 187640:tid 187920] '34.59.116.58' is suspected as Hard DoS attack! (counter: 508)
[Sat Jan 17 00:04:11.100382 2026] [dosdetector_syslog:notice] [pid 187784:tid 188104] '160.251.151.147' is suspected as Hard DoS attack! (counter: 44)
[Sat Jan 17 00:04:11.178533 2026] [dosdetector_syslog:notice] [pid 187784:tid 188102] '34.59.116.58' is suspected as Hard DoS attack! (counter: 509)
[Sat Jan 17 00:04:11.515061 2026] [dosdetector_syslog:notice] [pid 187927:tid 188120] '62.60.130.228' is suspected as Hard DoS attack! (counter: 40)
[Sat Jan 17 00:04:11.629071 2026] [dosdetector_syslog:notice] [pid 187927:tid 188178] '34.59.116.58' is suspected as Hard DoS attack! (counter: 510)
[Sat Jan 17 00:04:12.065373 2026] [dosdetector_syslog:notice] [pid 187640:tid 187953] '34.59.116.58' is suspected as Hard DoS attack! (counter: 511)
[Sat Jan 17 00:04:12.519521 2026] [dosdetector_syslog:notice] [pid 187784:tid 188068] '34.59.116.58' is suspected as Hard DoS attack! (counter: 512)
[Sat Jan 17 00:04:12.975565 2026] [dosdetector_syslog:notice] [pid 187784:tid 188029] '34.59.116.58' is suspected as Hard DoS attack! (counter: 513)
[Sat Jan 17 00:04:13.338471 2026] [dosdetector_syslog:notice] [pid 187927:tid 188158] '62.60.130.228' is suspected as Hard DoS attack! (counter: 41)
[Sat Jan 17 00:04:13.462183 2026] [dosdetector_syslog:notice] [pid 187927:tid 188162] '34.59.116.58' is suspected as Hard DoS attack! (counter: 514)
[Sat Jan 17 00:04:13.882161 2026] [dosdetector_syslog:notice] [pid 187640:tid 187971] '34.59.116.58' is suspected as Hard DoS attack! (counter: 515)
[Sat Jan 17 00:04:14.337432 2026] [dosdetector_syslog:notice] [pid 187784:tid 188039] '34.59.116.58' is suspected as Hard DoS attack! (counter: 516)
[Sat Jan 17 00:04:14.785870 2026] [dosdetector_syslog:notice] [pid 187784:tid 188086] '34.59.116.58' is suspected as Hard DoS attack! (counter: 517)
[Sat Jan 17 00:04:15.231424 2026] [dosdetector_syslog:notice] [pid 187927:tid 188148] '34.59.116.58' is suspected as Hard DoS attack! (counter: 518)
[Sat Jan 17 00:04:15.512778 2026] [dosdetector_syslog:notice] [pid 187927:tid 188149] '62.60.130.228' is suspected as Hard DoS attack! (counter: 42)
[Sat Jan 17 00:04:15.683496 2026] [dosdetector_syslog:notice] [pid 187784:tid 188107] '34.59.116.58' is suspected as Hard DoS attack! (counter: 519)
[Sat Jan 17 00:04:16.102570 2026] [dosdetector_syslog:notice] [pid 187640:tid 187898] '34.59.116.58' is suspected as Hard DoS attack! (counter: 520)
[Sat Jan 17 00:04:16.537898 2026] [dosdetector_syslog:notice] [pid 187927:tid 188145] '34.59.116.58' is suspected as Hard DoS attack! (counter: 521)
[Sat Jan 17 00:04:16.953598 2026] [dosdetector_syslog:notice] [pid 187784:tid 188074] '34.59.116.58' is suspected as Hard DoS attack! (counter: 522)
[Sat Jan 17 00:04:17.369877 2026] [dosdetector_syslog:notice] [pid 187640:tid 187962] '34.59.116.58' is suspected as Hard DoS attack! (counter: 523)
[Sat Jan 17 00:04:17.468041 2026] [dosdetector_syslog:notice] [pid 187927:tid 188140] '62.60.130.228' is suspected as Hard DoS attack! (counter: 43)
[Sat Jan 17 00:04:17.830674 2026] [dosdetector_syslog:notice] [pid 187784:tid 188112] '34.59.116.58' is suspected as Hard DoS attack! (counter: 524)
[Sat Jan 17 00:04:18.286634 2026] [dosdetector_syslog:notice] [pid 187927:tid 188178] '34.59.116.58' is suspected as Hard DoS attack! (counter: 525)
[Sat Jan 17 00:04:18.716902 2026] [dosdetector_syslog:notice] [pid 187640:tid 187933] '34.59.116.58' is suspected as Hard DoS attack! (counter: 526)
[Sat Jan 17 00:04:19.167026 2026] [dosdetector_syslog:notice] [pid 187927:tid 188184] '34.59.116.58' is suspected as Hard DoS attack! (counter: 527)
[Sat Jan 17 00:04:19.303236 2026] [dosdetector_syslog:notice] [pid 187927:tid 188176] '62.60.130.228' is suspected as Hard DoS attack! (counter: 44)
[Sat Jan 17 00:04:19.577331 2026] [dosdetector_syslog:notice] [pid 187640:tid 187942] '34.59.116.58' is suspected as Hard DoS attack! (counter: 528)
[Sat Jan 17 00:04:20.003499 2026] [dosdetector_syslog:notice] [pid 187640:tid 187950] '34.59.116.58' is suspected as Hard DoS attack! (counter: 529)
[Sat Jan 17 00:04:20.484807 2026] [dosdetector_syslog:notice] [pid 187640:tid 187940] '34.59.116.58' is suspected as Hard DoS attack! (counter: 530)
[Sat Jan 17 00:04:20.912367 2026] [dosdetector_syslog:notice] [pid 187927:tid 188178] '34.59.116.58' is suspected as Hard DoS attack! (counter: 531)
[Sat Jan 17 00:04:21.161022 2026] [dosdetector_syslog:notice] [pid 187927:tid 188159] '62.60.130.228' is suspected as Hard DoS attack! (counter: 45)
[Sat Jan 17 00:04:21.332142 2026] [dosdetector_syslog:notice] [pid 187927:tid 188149] '34.59.116.58' is suspected as Hard DoS attack! (counter: 532)
[Sat Jan 17 00:04:21.765349 2026] [dosdetector_syslog:notice] [pid 187927:tid 188171] '34.59.116.58' is suspected as Hard DoS attack! (counter: 533)
[Sat Jan 17 00:04:22.177719 2026] [dosdetector_syslog:notice] [pid 187927:tid 188158] '34.59.116.58' is suspected as Hard DoS attack! (counter: 534)
[Sat Jan 17 00:04:22.622877 2026] [dosdetector_syslog:notice] [pid 187927:tid 188140] '34.59.116.58' is suspected as Hard DoS attack! (counter: 535)
[Sat Jan 17 00:04:23.029183 2026] [dosdetector_syslog:notice] [pid 187927:tid 188187] '34.59.116.58' is suspected as Hard DoS attack! (counter: 536)
[Sat Jan 17 00:04:23.480419 2026] [dosdetector_syslog:notice] [pid 187784:tid 188113] '34.59.116.58' is suspected as Hard DoS attack! (counter: 537)
[Sat Jan 17 00:04:23.714711 2026] [dosdetector_syslog:notice] [pid 187927:tid 188185] '62.60.130.228' is suspected as Hard DoS attack! (counter: 46)
[Sat Jan 17 00:04:23.917936 2026] [dosdetector_syslog:notice] [pid 187927:tid 188126] '34.59.116.58' is suspected as Hard DoS attack! (counter: 538)
[Sat Jan 17 00:04:24.337694 2026] [dosdetector_syslog:notice] [pid 187927:tid 188139] '34.59.116.58' is suspected as Hard DoS attack! (counter: 539)
[Sat Jan 17 00:04:24.793605 2026] [dosdetector_syslog:notice] [pid 187640:tid 187986] '34.59.116.58' is suspected as Hard DoS attack! (counter: 540)
[Sat Jan 17 00:04:25.230731 2026] [dosdetector_syslog:notice] [pid 187784:tid 188111] '34.59.116.58' is suspected as Hard DoS attack! (counter: 541)
[Sat Jan 17 00:04:25.673409 2026] [dosdetector_syslog:notice] [pid 187640:tid 187962] '34.59.116.58' is suspected as Hard DoS attack! (counter: 542)
[Sat Jan 17 00:04:25.843417 2026] [dosdetector_syslog:notice] [pid 187927:tid 188177] '62.60.130.228' is suspected as Hard DoS attack! (counter: 47)
[Sat Jan 17 00:04:26.097206 2026] [dosdetector_syslog:notice] [pid 187927:tid 188149] '34.59.116.58' is suspected as Hard DoS attack! (counter: 543)
[Sat Jan 17 00:04:26.528173 2026] [dosdetector_syslog:notice] [pid 187784:tid 188091] '34.59.116.58' is suspected as Hard DoS attack! (counter: 544)
[Sat Jan 17 00:04:26.957255 2026] [dosdetector_syslog:notice] [pid 187927:tid 188172] '34.59.116.58' is suspected as Hard DoS attack! (counter: 545)
[Sat Jan 17 00:04:27.360075 2026] [dosdetector_syslog:notice] [pid 187640:tid 187969] '34.59.116.58' is suspected as Hard DoS attack! (counter: 546)
[Sat Jan 17 00:04:27.773366 2026] [dosdetector_syslog:notice] [pid 187927:tid 188146] '62.60.130.228' is suspected as Hard DoS attack! (counter: 48)
[Sat Jan 17 00:04:27.805523 2026] [dosdetector_syslog:notice] [pid 187784:tid 188074] '34.59.116.58' is suspected as Hard DoS attack! (counter: 547)
[Sat Jan 17 00:04:28.250197 2026] [dosdetector_syslog:notice] [pid 187927:tid 188178] '34.59.116.58' is suspected as Hard DoS attack! (counter: 548)
[Sat Jan 17 00:04:28.674068 2026] [dosdetector_syslog:notice] [pid 187784:tid 188108] '34.59.116.58' is suspected as Hard DoS attack! (counter: 549)
[Sat Jan 17 00:04:28.875254 2026] [core:crit] [pid 187927:tid 188184] (13)Permission denied: [client 43.157.95.239:59464] AH00529: /virtual/rosyutsu/public_html/.htaccess pcfg_openfile: unable to check htaccess file, ensure it is readable and that '/virtual/rosyutsu/public_html/' is executable
[Sat Jan 17 00:04:29.120422 2026] [dosdetector_syslog:notice] [pid 187927:tid 188170] '34.59.116.58' is suspected as Hard DoS attack! (counter: 550)
[Sat Jan 17 00:04:29.584370 2026] [dosdetector_syslog:notice] [pid 187927:tid 188128] '34.59.116.58' is suspected as Hard DoS attack! (counter: 551)
[Sat Jan 17 00:04:29.837188 2026] [dosdetector_syslog:notice] [pid 187640:tid 187951] '163.44.176.201' is suspected as Hard DoS attack! (counter: 57)
[Sat Jan 17 00:04:29.904310 2026] [dosdetector_syslog:notice] [pid 187927:tid 188151] '163.44.176.201' is suspected as Hard DoS attack! (counter: 58)
[Sat Jan 17 00:04:30.005754 2026] [dosdetector_syslog:notice] [pid 187784:tid 188044] '34.59.116.58' is suspected as Hard DoS attack! (counter: 552)
[Sat Jan 17 00:04:30.445091 2026] [dosdetector_syslog:notice] [pid 187927:tid 188137] '34.59.116.58' is suspected as Hard DoS attack! (counter: 553)
[Sat Jan 17 00:04:30.864118 2026] [dosdetector_syslog:notice] [pid 187927:tid 188127] '34.59.116.58' is suspected as Hard DoS attack! (counter: 554)
[Sat Jan 17 00:04:31.306263 2026] [dosdetector_syslog:notice] [pid 187640:tid 187964] '34.59.116.58' is suspected as Hard DoS attack! (counter: 555)
[Sat Jan 17 00:04:31.727878 2026] [dosdetector_syslog:notice] [pid 187927:tid 188184] '34.59.116.58' is suspected as Hard DoS attack! (counter: 556)
[Sat Jan 17 00:04:32.126163 2026] [dosdetector_syslog:notice] [pid 187927:tid 188129] '34.59.116.58' is suspected as Hard DoS attack! (counter: 557)
[Sat Jan 17 00:04:32.533171 2026] [dosdetector_syslog:notice] [pid 187784:tid 188113] '34.59.116.58' is suspected as Hard DoS attack! (counter: 558)
[Sat Jan 17 00:04:32.941204 2026] [dosdetector_syslog:notice] [pid 187927:tid 188167] '34.59.116.58' is suspected as Hard DoS attack! (counter: 559)
[Sat Jan 17 00:04:33.351940 2026] [dosdetector_syslog:notice] [pid 187640:tid 187973] '34.59.116.58' is suspected as Hard DoS attack! (counter: 560)
[Sat Jan 17 00:04:33.749152 2026] [dosdetector_syslog:notice] [pid 187927:tid 188135] '34.59.116.58' is suspected as Hard DoS attack! (counter: 561)
[Sat Jan 17 00:04:34.196977 2026] [dosdetector_syslog:notice] [pid 187927:tid 188178] '34.59.116.58' is suspected as Hard DoS attack! (counter: 562)
[Sat Jan 17 00:04:34.646532 2026] [dosdetector_syslog:notice] [pid 187927:tid 188161] '34.59.116.58' is suspected as Hard DoS attack! (counter: 563)
[Sat Jan 17 00:04:35.081119 2026] [dosdetector_syslog:notice] [pid 187927:tid 188142] '34.59.116.58' is suspected as Hard DoS attack! (counter: 564)
[Sat Jan 17 00:04:35.525339 2026] [dosdetector_syslog:notice] [pid 187784:tid 188024] '34.59.116.58' is suspected as Hard DoS attack! (counter: 565)
[Sat Jan 17 00:04:35.623970 2026] [dosdetector_syslog:notice] [pid 187927:tid 188138] '163.44.176.201' is suspected as Hard DoS attack! (counter: 59)
[Sat Jan 17 00:04:35.684124 2026] [dosdetector_syslog:notice] [pid 187927:tid 188162] '163.44.176.201' is suspected as Hard DoS attack! (counter: 60)
[Sat Jan 17 00:04:35.769614 2026] [dosdetector_syslog:notice] [pid 187784:tid 188067] '163.44.176.201' is suspected as Hard DoS attack! (counter: 61)
[Sat Jan 17 00:04:35.853060 2026] [dosdetector_syslog:notice] [pid 187927:tid 188173] '163.44.176.201' is suspected as Hard DoS attack! (counter: 62)
[Sat Jan 17 00:04:35.915480 2026] [dosdetector_syslog:notice] [pid 187927:tid 188156] '163.44.176.201' is suspected as Hard DoS attack! (counter: 63)
[Sat Jan 17 00:04:36.004119 2026] [dosdetector_syslog:notice] [pid 187927:tid 188151] '34.59.116.58' is suspected as Hard DoS attack! (counter: 566)
[Sat Jan 17 00:04:36.070732 2026] [dosdetector_syslog:notice] [pid 187784:tid 188090] '163.44.176.201' is suspected as Hard DoS attack! (counter: 64)
[Sat Jan 17 00:04:36.133731 2026] [dosdetector_syslog:notice] [pid 187927:tid 188135] '163.44.176.201' is suspected as Hard DoS attack! (counter: 65)
[Sat Jan 17 00:04:36.217400 2026] [dosdetector_syslog:notice] [pid 187784:tid 188057] '163.44.176.201' is suspected as Hard DoS attack! (counter: 66)
[Sat Jan 17 00:04:36.446692 2026] [dosdetector_syslog:notice] [pid 187640:tid 187938] '34.59.116.58' is suspected as Hard DoS attack! (counter: 567)
[Sat Jan 17 00:04:36.876964 2026] [dosdetector_syslog:notice] [pid 187927:tid 188161] '34.59.116.58' is suspected as Hard DoS attack! (counter: 568)
[Sat Jan 17 00:04:37.296868 2026] [dosdetector_syslog:notice] [pid 187640:tid 187955] '34.59.116.58' is suspected as Hard DoS attack! (counter: 569)
[Sat Jan 17 00:04:37.571831 2026] [dosdetector_syslog:notice] [pid 187927:tid 188126] '160.251.151.147' is suspected as Hard DoS attack! (counter: 45)
[Sat Jan 17 00:04:37.880087 2026] [dosdetector_syslog:notice] [pid 187784:tid 188083] '34.59.116.58' is suspected as Hard DoS attack! (counter: 570)
[Sat Jan 17 00:04:38.313862 2026] [dosdetector_syslog:notice] [pid 187927:tid 188171] '34.59.116.58' is suspected as Hard DoS attack! (counter: 571)
[Sat Jan 17 00:04:38.750693 2026] [dosdetector_syslog:notice] [pid 187784:tid 188046] '34.59.116.58' is suspected as Hard DoS attack! (counter: 572)
PHP Warning:  file_get_contents(): php_network_getaddresses: getaddrinfo failed: Name or service not known in /virtual/otoku/public_html/keion/yui/index004.html on line 12
PHP Warning:  file_get_contents(http://cobit.mobi/CobitLib.php?Mode=Get&FunctionName=CategoryAd&BCateId=1&SCateId=1&Host=): failed to open stream: php_network_getaddresses: getaddrinfo failed: Name or service not known in /virtual/otoku/public_html/keion/yui/index004.html on line 12
[Sat Jan 17 00:04:39.036079 2026] [dosdetector_syslog:notice] [pid 187784:tid 188071] '160.251.151.147' is suspected as Hard DoS attack! (counter: 46)
[Sat Jan 17 00:04:39.110567 2026] [dosdetector_syslog:notice] [pid 187927:tid 188162] '160.251.151.147' is suspected as Hard DoS attack! (counter: 47)
[Sat Jan 17 00:04:39.223910 2026] [dosdetector_syslog:notice] [pid 187784:tid 188077] '160.251.151.147' is suspected as Hard DoS attack! (counter: 48)
[Sat Jan 17 00:04:39.231527 2026] [dosdetector_syslog:notice] [pid 187927:tid 188169] '34.59.116.58' is suspected as Hard DoS attack! (counter: 573)
[Sat Jan 17 00:04:39.661507 2026] [dosdetector_syslog:notice] [pid 187927:tid 188120] '34.59.116.58' is suspected as Hard DoS attack! (counter: 574)
[Sat Jan 17 00:04:40.080080 2026] [dosdetector_syslog:notice] [pid 187927:tid 188135] '34.59.116.58' is suspected as Hard DoS attack! (counter: 575)
[Sat Jan 17 00:04:40.498387 2026] [dosdetector_syslog:notice] [pid 187784:tid 188039] '34.59.116.58' is suspected as Hard DoS attack! (counter: 576)
[Sat Jan 17 00:04:40.905579 2026] [dosdetector_syslog:notice] [pid 187927:tid 188161] '34.59.116.58' is suspected as Hard DoS attack! (counter: 577)
[Sat Jan 17 00:04:41.196229 2026] [dosdetector_syslog:notice] [pid 187927:tid 188177] '160.251.151.147' is suspected as Hard DoS attack! (counter: 49)
[Sat Jan 17 00:04:41.360823 2026] [dosdetector_syslog:notice] [pid 187927:tid 188175] '34.59.116.58' is suspected as Hard DoS attack! (counter: 578)
[Sat Jan 17 00:04:41.806260 2026] [dosdetector_syslog:notice] [pid 187927:tid 188129] '34.59.116.58' is suspected as Hard DoS attack! (counter: 579)
[Sat Jan 17 00:04:42.237113 2026] [dosdetector_syslog:notice] [pid 187784:tid 188029] '34.59.116.58' is suspected as Hard DoS attack! (counter: 580)
[Sat Jan 17 00:04:42.668310 2026] [dosdetector_syslog:notice] [pid 187927:tid 188150] '34.59.116.58' is suspected as Hard DoS attack! (counter: 581)
[Sat Jan 17 00:04:43.096096 2026] [dosdetector_syslog:notice] [pid 187927:tid 188131] '34.59.116.58' is suspected as Hard DoS attack! (counter: 582)
[Sat Jan 17 00:04:43.504056 2026] [dosdetector_syslog:notice] [pid 187640:tid 187978] '34.59.116.58' is suspected as Hard DoS attack! (counter: 583)
[Sat Jan 17 00:04:43.922961 2026] [dosdetector_syslog:notice] [pid 187927:tid 188151] '34.59.116.58' is suspected as Hard DoS attack! (counter: 584)
[Sat Jan 17 00:04:44.333222 2026] [dosdetector_syslog:notice] [pid 187784:tid 188088] '34.59.116.58' is suspected as Hard DoS attack! (counter: 585)
[Sat Jan 17 00:04:44.765355 2026] [dosdetector_syslog:notice] [pid 187927:tid 188181] '34.59.116.58' is suspected as Hard DoS attack! (counter: 586)
[Sat Jan 17 00:04:45.193366 2026] [dosdetector_syslog:notice] [pid 187927:tid 188183] '34.59.116.58' is suspected as Hard DoS attack! (counter: 587)
[Sat Jan 17 00:04:45.621119 2026] [dosdetector_syslog:notice] [pid 187640:tid 187894] '34.59.116.58' is suspected as Hard DoS attack! (counter: 588)
[Sat Jan 17 00:04:46.023192 2026] [dosdetector_syslog:notice] [pid 187927:tid 188177] '34.59.116.58' is suspected as Hard DoS attack! (counter: 589)
[Sat Jan 17 00:04:46.453373 2026] [dosdetector_syslog:notice] [pid 187784:tid 188086] '34.59.116.58' is suspected as Hard DoS attack! (counter: 590)
[Sat Jan 17 00:04:46.906656 2026] [dosdetector_syslog:notice] [pid 187927:tid 188172] '34.59.116.58' is suspected as Hard DoS attack! (counter: 591)
[Sat Jan 17 00:04:47.227455 2026] [dosdetector_syslog:notice] [pid 187927:tid 188173] '160.251.151.147' is suspected as Hard DoS attack! (counter: 50)
[Sat Jan 17 00:04:47.326246 2026] [dosdetector_syslog:notice] [pid 187927:tid 188140] '34.59.116.58' is suspected as Hard DoS attack! (counter: 592)
[Sat Jan 17 00:04:47.744189 2026] [dosdetector_syslog:notice] [pid 187784:tid 188044] '34.59.116.58' is suspected as Hard DoS attack! (counter: 593)
[Sat Jan 17 00:04:48.186909 2026] [dosdetector_syslog:notice] [pid 187640:tid 187925] '34.59.116.58' is suspected as Hard DoS attack! (counter: 594)
[Sat Jan 17 00:04:48.615548 2026] [dosdetector_syslog:notice] [pid 187927:tid 188148] '34.59.116.58' is suspected as Hard DoS attack! (counter: 595)
[Sat Jan 17 00:04:49.052108 2026] [dosdetector_syslog:notice] [pid 187927:tid 188133] '34.59.116.58' is suspected as Hard DoS attack! (counter: 596)
[Sat Jan 17 00:04:49.492639 2026] [dosdetector_syslog:notice] [pid 187927:tid 188180] '34.59.116.58' is suspected as Hard DoS attack! (counter: 597)
[Sat Jan 17 00:04:49.898102 2026] [dosdetector_syslog:notice] [pid 187784:tid 188079] '34.59.116.58' is suspected as Hard DoS attack! (counter: 598)
[Sat Jan 17 00:04:50.295092 2026] [dosdetector_syslog:notice] [pid 187927:tid 188139] '34.59.116.58' is suspected as Hard DoS attack! (counter: 599)
[Sat Jan 17 00:04:50.718239 2026] [dosdetector_syslog:notice] [pid 187927:tid 188170] '34.59.116.58' is suspected as Hard DoS attack! (counter: 600)
[Sat Jan 17 00:04:51.139285 2026] [dosdetector_syslog:notice] [pid 187784:tid 188105] '34.59.116.58' is suspected as Hard DoS attack! (counter: 601)
[Sat Jan 17 00:04:51.590822 2026] [dosdetector_syslog:notice] [pid 187927:tid 188120] '34.59.116.58' is suspected as Hard DoS attack! (counter: 602)
[Sat Jan 17 00:04:52.090165 2026] [dosdetector_syslog:notice] [pid 187927:tid 188121] '34.59.116.58' is suspected as Hard DoS attack! (counter: 603)
[Sat Jan 17 00:04:52.510968 2026] [dosdetector_syslog:notice] [pid 187784:tid 188082] '34.59.116.58' is suspected as Hard DoS attack! (counter: 604)
[Sat Jan 17 00:04:52.930091 2026] [dosdetector_syslog:notice] [pid 187784:tid 188110] '34.59.116.58' is suspected as Hard DoS attack! (counter: 605)
[Sat Jan 17 00:04:53.392579 2026] [dosdetector_syslog:notice] [pid 187927:tid 188184] '34.59.116.58' is suspected as Hard DoS attack! (counter: 606)
[Sat Jan 17 00:04:53.810814 2026] [dosdetector_syslog:notice] [pid 187927:tid 188154] '34.59.116.58' is suspected as Hard DoS attack! (counter: 607)
[Sat Jan 17 00:04:54.050365 2026] [:crit] [pid 187640:tid 187767] [remote 45.141.215.173:10690] mod_spamhaus_new: address 173.215.141.45.sbl-xbl.spamhaus.org is blacklisted. Deny connection to sisuta-rio.net/ALFA_DATA/alfacgiapi/perl.alfa, referer: www.google.com
[Sat Jan 17 00:04:54.218189 2026] [dosdetector_syslog:notice] [pid 187640:tid 187944] '34.59.116.58' is suspected as Hard DoS attack! (counter: 608)
[Sat Jan 17 00:04:54.639856 2026] [dosdetector_syslog:notice] [pid 187640:tid 187928] '34.59.116.58' is suspected as Hard DoS attack! (counter: 609)
[Sat Jan 17 00:04:55.059397 2026] [dosdetector_syslog:notice] [pid 187927:tid 188150] '34.59.116.58' is suspected as Hard DoS attack! (counter: 610)
[Sat Jan 17 00:04:55.330150 2026] [dosdetector_syslog:notice] [pid 187927:tid 187999] '45.141.215.173' is suspected as DoS attack! (counter: 3)
[Sat Jan 17 00:04:55.467720 2026] [dosdetector_syslog:notice] [pid 187784:tid 188080] '34.59.116.58' is suspected as Hard DoS attack! (counter: 611)
[Sat Jan 17 00:04:55.877182 2026] [dosdetector_syslog:notice] [pid 187927:tid 188162] '34.59.116.58' is suspected as Hard DoS attack! (counter: 612)
[Sat Jan 17 00:04:56.307215 2026] [dosdetector_syslog:notice] [pid 187927:tid 188159] '34.59.116.58' is suspected as Hard DoS attack! (counter: 613)
[Sat Jan 17 00:04:56.765170 2026] [dosdetector_syslog:notice] [pid 187927:tid 188146] '34.59.116.58' is suspected as Hard DoS attack! (counter: 614)
[Sat Jan 17 00:04:57.175487 2026] [dosdetector_syslog:notice] [pid 187927:tid 188180] '34.59.116.58' is suspected as Hard DoS attack! (counter: 615)
[Sat Jan 17 00:04:57.644799 2026] [dosdetector_syslog:notice] [pid 187927:tid 188176] '34.59.116.58' is suspected as Hard DoS attack! (counter: 616)
[Sat Jan 17 00:04:57.849824 2026] [dosdetector_syslog:notice] [pid 187927:tid 188174] '160.251.151.147' is suspected as Hard DoS attack! (counter: 51)
[Sat Jan 17 00:04:58.097558 2026] [dosdetector_syslog:notice] [pid 187927:tid 188173] '34.59.116.58' is suspected as Hard DoS attack! (counter: 617)
[Sat Jan 17 00:04:58.516464 2026] [dosdetector_syslog:notice] [pid 187927:tid 188152] '34.59.116.58' is suspected as Hard DoS attack! (counter: 618)
[Sat Jan 17 00:04:58.944484 2026] [dosdetector_syslog:notice] [pid 187640:tid 187957] '34.59.116.58' is suspected as Hard DoS attack! (counter: 619)
[Sat Jan 17 00:04:59.429697 2026] [dosdetector_syslog:notice] [pid 187784:tid 188060] '160.251.151.147' is suspected as Hard DoS attack! (counter: 52)
[Sat Jan 17 00:04:59.432483 2026] [dosdetector_syslog:notice] [pid 187927:tid 188161] '160.251.151.147' is suspected as Hard DoS attack! (counter: 53)
[Sat Jan 17 00:04:59.506851 2026] [dosdetector_syslog:notice] [pid 187784:tid 188095] '34.59.116.58' is suspected as Hard DoS attack! (counter: 620)
[Sat Jan 17 00:04:59.526499 2026] [dosdetector_syslog:notice] [pid 187927:tid 188146] '160.251.151.147' is suspected as Hard DoS attack! (counter: 54)
[Sat Jan 17 00:04:59.939179 2026] [dosdetector_syslog:notice] [pid 187927:tid 188184] '34.59.116.58' is suspected as Hard DoS attack! (counter: 621)
[Sat Jan 17 00:04:59.971230 2026] [dosdetector_syslog:notice] [pid 187927:tid 188165] '160.251.151.147' is suspected as Hard DoS attack! (counter: 55)
[Sat Jan 17 00:05:08.700853 2026] [dosdetector_syslog:notice] [pid 187640:tid 187978] '160.251.151.147' is suspected as Hard DoS attack! (counter: 56)
[Sat Jan 17 00:05:09.566668 2026] [dosdetector_syslog:notice] [pid 187784:tid 188113] '160.251.151.147' is suspected as Hard DoS attack! (counter: 57)
[Sat Jan 17 00:05:10.433686 2026] [dosdetector_syslog:notice] [pid 187927:tid 188123] '160.251.151.147' is suspected as Hard DoS attack! (counter: 58)
[Sat Jan 17 00:05:11.669282 2026] [dosdetector_syslog:notice] [pid 187927:tid 188167] '160.251.151.147' is suspected as Hard DoS attack! (counter: 59)
[Sat Jan 17 00:05:11.753428 2026] [dosdetector_syslog:notice] [pid 187784:tid 188082] '160.251.151.147' is suspected as Hard DoS attack! (counter: 60)
[Sat Jan 17 00:05:13.852952 2026] [dosdetector_syslog:notice] [pid 187784:tid 188068] '101.142.158.1' is suspected as Hard DoS attack! (counter: 21)
[Sat Jan 17 00:05:14.865546 2026] [dosdetector_syslog:notice] [pid 187640:tid 187923] '43.255.31.177' is suspected as DoS attack! (counter: 3)
[Sat Jan 17 00:05:17.869665 2026] [dosdetector_syslog:notice] [pid 187927:tid 188150] '128.199.182.55' is suspected as DoS attack! (counter: 3)
[Sat Jan 17 00:05:19.191957 2026] [dosdetector_syslog:notice] [pid 187927:tid 188174] '160.251.151.147' is suspected as Hard DoS attack! (counter: 61)
[Sat Jan 17 00:05:23.325582 2026] [dosdetector_syslog:notice] [pid 187640:tid 187896] '160.251.151.147' is suspected as Hard DoS attack! (counter: 62)
[Sat Jan 17 00:05:24.312786 2026] [mpm_event:notice] [pid 49307:tid 49307] AH00493: SIGUSR1 received.  Doing graceful restart
[Sat Jan 17 00:05:24.326003 2026] [fcgid:emerg] [pid 187640:tid 187896] (22)Invalid argument: [client 160.251.151.147:58258] mod_fcgid: can't lock process table in pid 187640
[Sat Jan 17 00:05:24.406133 2026] [fcgid:emerg] [pid 187784:tid 187854] (22)Invalid argument: [remote 57.141.14.98:32942] mod_fcgid: can't lock process table in pid 187784
[Sat Jan 17 00:05:27.527008 2026] [fcgid:emerg] [pid 187927:tid 188183] (22)Invalid argument: [client 34.242.56.10:57456] mod_fcgid: can't lock process table in pid 187927
[Sat Jan 17 00:05:34.296859 2026] [:notice] [pid 49307:tid 49307] mod_bw : Memory Allocated 96 bytes (each conf takes 48 bytes)
[Sat Jan 17 00:05:34.296940 2026] [:notice] [pid 49307:tid 49307] mod_bw : Version 0.92 - Initialized [2 Confs]
[Sat Jan 17 00:05:34.305508 2026] [mpm_event:notice] [pid 49307:tid 49307] AH00489: Apache/2.4.63 (Unix) OpenSSL/1.1.1k mod_fcgid/2.3.9 configured -- resuming normal operations
[Sat Jan 17 00:05:34.305537 2026] [core:notice] [pid 49307:tid 49307] AH00094: Command line: '/usr/local/apache24/bin/httpd -T'
[Sat Jan 17 00:05:37.687619 2026] [dosdetector_syslog:notice] [pid 197976:tid 198177] '163.44.176.201' is suspected as DoS attack! (counter: 3)
[Sat Jan 17 00:05:37.759326 2026] [dosdetector_syslog:notice] [pid 198112:tid 198304] '46.101.111.185' is suspected as DoS attack! (counter: 3)
/virtual/www/public_html/api/_sbin/ls: cannot access '/virtual/nonbirisugosu/public_html/log/phpmyadmin/': No such file or directory
/virtual/www/public_html/api/_sbin/ls: cannot access '/virtual/nonbirisugosu/public_html/log/phppgadmin/': No such file or directory
[Sat Jan 17 00:05:50.103086 2026] [dosdetector_syslog:notice] [pid 197976:tid 198256] '160.251.151.147' is suspected as DoS attack! (counter: 3)
[Sat Jan 17 00:05:51.021315 2026] [dosdetector_syslog:notice] [pid 197976:tid 198268] '163.44.176.201' is suspected as Hard DoS attack! (counter: 10)
[Sat Jan 17 00:05:51.271663 2026] [dosdetector_syslog:notice] [pid 197976:tid 198155] '203.91.74.70' is suspected as DoS attack! (counter: 3)
[Sat Jan 17 00:05:55.403319 2026] [dosdetector_syslog:notice] [pid 197976:tid 198270] '163.44.176.201' is suspected as Hard DoS attack! (counter: 11)
[Sat Jan 17 00:05:55.464742 2026] [dosdetector_syslog:notice] [pid 198112:tid 198313] '163.44.176.201' is suspected as Hard DoS attack! (counter: 12)
[Sat Jan 17 00:05:55.548801 2026] [dosdetector_syslog:notice] [pid 198112:tid 198339] '163.44.176.201' is suspected as Hard DoS attack! (counter: 13)
[Sat Jan 17 00:05:55.630384 2026] [dosdetector_syslog:notice] [pid 197879:tid 198070] '163.44.176.201' is suspected as Hard DoS attack! (counter: 14)
[Sat Jan 17 00:05:55.692563 2026] [dosdetector_syslog:notice] [pid 198112:tid 198277] '163.44.176.201' is suspected as Hard DoS attack! (counter: 15)
[Sat Jan 17 00:05:55.839806 2026] [dosdetector_syslog:notice] [pid 198112:tid 198290] '163.44.176.201' is suspected as Hard DoS attack! (counter: 16)
[Sat Jan 17 00:05:55.902976 2026] [dosdetector_syslog:notice] [pid 197879:tid 198056] '163.44.176.201' is suspected as Hard DoS attack! (counter: 17)
[Sat Jan 17 00:05:55.981738 2026] [dosdetector_syslog:notice] [pid 198112:tid 198288] '163.44.176.201' is suspected as Hard DoS attack! (counter: 18)
[Sat Jan 17 00:05:56.811346 2026] [dosdetector_syslog:notice] [pid 198112:tid 198302] '163.44.176.201' is suspected as Hard DoS attack! (counter: 19)
[Sat Jan 17 00:05:56.980025 2026] [dosdetector_syslog:notice] [pid 197879:tid 198107] '163.44.176.201' is suspected as Hard DoS attack! (counter: 20)
[Sat Jan 17 00:05:57.064380 2026] [dosdetector_syslog:notice] [pid 198112:tid 198299] '163.44.176.201' is suspected as Hard DoS attack! (counter: 21)
[Sat Jan 17 00:05:57.138692 2026] [dosdetector_syslog:notice] [pid 198112:tid 198319] '163.44.176.201' is suspected as Hard DoS attack! (counter: 22)
[Sat Jan 17 00:06:01.533214 2026] [dosdetector_syslog:notice] [pid 198112:tid 198318] '160.251.151.147' is suspected as Hard DoS attack! (counter: 10)
[Sat Jan 17 00:06:01.798526 2026] [dosdetector_syslog:notice] [pid 198112:tid 198285] '202.95.13.243' is suspected as DoS attack! (counter: 3)
[Sat Jan 17 00:06:06.343645 2026] [dosdetector_syslog:notice] [pid 198112:tid 198279] '160.251.151.147' is suspected as Hard DoS attack! (counter: 11)
[Sat Jan 17 00:06:08.784743 2026] [dosdetector_syslog:notice] [pid 197976:tid 198241] '160.251.151.147' is suspected as Hard DoS attack! (counter: 12)
[Sat Jan 17 00:06:11.070980 2026] [dosdetector_syslog:notice] [pid 197976:tid 198272] '160.251.151.147' is suspected as Hard DoS attack! (counter: 13)
[Sat Jan 17 00:06:12.990264 2026] [dosdetector_syslog:notice] [pid 197976:tid 198271] '160.251.151.147' is suspected as Hard DoS attack! (counter: 14)
[Sat Jan 17 00:06:31.591178 2026] [dosdetector_syslog:notice] [pid 197976:tid 198272] '163.44.176.201' is suspected as Hard DoS attack! (counter: 23)
[Sat Jan 17 00:06:31.658420 2026] [dosdetector_syslog:notice] [pid 198112:tid 198322] '163.44.176.201' is suspected as Hard DoS attack! (counter: 24)
[Sat Jan 17 00:06:32.820025 2026] [dosdetector_syslog:notice] [pid 198112:tid 198296] '101.142.158.1' is suspected as DoS attack! (counter: 3)
[Sat Jan 17 00:06:37.834423 2026] [dosdetector_syslog:notice] [pid 197879:tid 198117] '60.122.36.139' is suspected as DoS attack! (counter: 3)
[Sat Jan 17 00:06:39.291421 2026] [dosdetector_syslog:notice] [pid 198112:tid 198295] '160.251.151.147' is suspected as Hard DoS attack! (counter: 15)
[Sat Jan 17 00:06:53.958346 2026] [dosdetector_syslog:notice] [pid 198112:tid 198336] '160.251.151.147' is suspected as Hard DoS attack! (counter: 16)
[Sat Jan 17 00:06:54.562123 2026] [dosdetector_syslog:notice] [pid 197879:tid 198119] '160.251.151.147' is suspected as Hard DoS attack! (counter: 17)
[Sat Jan 17 00:07:03.543127 2026] [:crit] [pid 197976:tid 198255] [client 213.177.179.189:58780] mod_spamhaus_new: address 189.179.177.213.sbl-xbl.spamhaus.org is blacklisted. Deny connection to pcskwdps.shop/, referer: https://pcskwdps.shop
[Sat Jan 17 00:07:14.716773 2026] [dosdetector_syslog:notice] [pid 197976:tid 198215] '160.251.151.147' is suspected as Hard DoS attack! (counter: 18)
[Sat Jan 17 00:07:15.214866 2026] [dosdetector_syslog:notice] [pid 198112:tid 198333] '160.251.151.147' is suspected as Hard DoS attack! (counter: 19)
[Sat Jan 17 00:07:15.217880 2026] [dosdetector_syslog:notice] [pid 197976:tid 198225] '160.251.151.147' is suspected as Hard DoS attack! (counter: 20)
[Sat Jan 17 00:07:15.483773 2026] [dosdetector_syslog:notice] [pid 197976:tid 198233] '160.251.151.147' is suspected as Hard DoS attack! (counter: 21)
[Sat Jan 17 00:07:16.006966 2026] [dosdetector_syslog:notice] [pid 198112:tid 198301] '160.251.151.147' is suspected as Hard DoS attack! (counter: 22)
[Sat Jan 17 00:07:18.804017 2026] [core:crit] [pid 198112:tid 198337] (13)Permission denied: [client 43.157.142.101:41212] AH00529: /virtual/mersenneprime/public_html/.htaccess pcfg_openfile: unable to check htaccess file, ensure it is readable and that '/virtual/mersenneprime/public_html/' is executable, referer: http://mersenneprime.shop
[Sat Jan 17 00:07:20.840450 2026] [dosdetector_syslog:notice] [pid 198112:tid 198334] '160.251.151.147' is suspected as Hard DoS attack! (counter: 23)
[Sat Jan 17 00:07:20.975810 2026] [dosdetector_syslog:notice] [pid 197976:tid 198171] '160.251.151.147' is suspected as Hard DoS attack! (counter: 24)
[Sat Jan 17 00:07:22.468135 2026] [dosdetector_syslog:notice] [pid 197879:tid 198059] '60.122.36.139' is suspected as Hard DoS attack! (counter: 10)
[Sat Jan 17 00:07:22.718419 2026] [dosdetector_syslog:notice] [pid 197879:tid 198100] '60.122.36.139' is suspected as Hard DoS attack! (counter: 11)
[Sat Jan 17 00:07:29.018067 2026] [dosdetector_syslog:notice] [pid 198112:tid 198287] '164.90.228.79' is suspected as DoS attack! (counter: 3)
[Sat Jan 17 00:07:35.956253 2026] [dosdetector_syslog:notice] [pid 197879:tid 198143] '101.142.158.1' is suspected as Hard DoS attack! (counter: 10)
[Sat Jan 17 00:07:36.309904 2026] [dosdetector_syslog:notice] [pid 197879:tid 198061] '101.142.158.1' is suspected as Hard DoS attack! (counter: 11)
[Sat Jan 17 00:07:36.992904 2026] [dosdetector_syslog:notice] [pid 197879:tid 198104] '160.251.151.147' is suspected as Hard DoS attack! (counter: 25)
[Sat Jan 17 00:07:39.511122 2026] [dosdetector_syslog:notice] [pid 197879:tid 198113] '101.142.158.1' is suspected as Hard DoS attack! (counter: 12)
[Sat Jan 17 00:07:39.611563 2026] [dosdetector_syslog:notice] [pid 198112:tid 198338] '160.251.151.147' is suspected as Hard DoS attack! (counter: 26)
[Sat Jan 17 00:07:39.857515 2026] [dosdetector_syslog:notice] [pid 197976:tid 198158] '160.251.151.147' is suspected as Hard DoS attack! (counter: 27)
[Sat Jan 17 00:07:40.426129 2026] [dosdetector_syslog:notice] [pid 197879:tid 198111] '101.142.158.1' is suspected as Hard DoS attack! (counter: 13)
[Sat Jan 17 00:07:41.693440 2026] [dosdetector_syslog:notice] [pid 197976:tid 198249] '160.251.151.147' is suspected as Hard DoS attack! (counter: 28)
[Sat Jan 17 00:07:45.267577 2026] [dosdetector_syslog:notice] [pid 197879:tid 198041] '163.44.176.201' is suspected as Hard DoS attack! (counter: 25)
[Sat Jan 17 00:07:45.329556 2026] [dosdetector_syslog:notice] [pid 197976:tid 198238] '163.44.176.201' is suspected as Hard DoS attack! (counter: 26)
[Sat Jan 17 00:07:45.405060 2026] [dosdetector_syslog:notice] [pid 198112:tid 198299] '163.44.176.201' is suspected as Hard DoS attack! (counter: 27)
[Sat Jan 17 00:07:45.477846 2026] [dosdetector_syslog:notice] [pid 198112:tid 198322] '163.44.176.201' is suspected as Hard DoS attack! (counter: 28)
[Sat Jan 17 00:07:46.711087 2026] [dosdetector_syslog:notice] [pid 197976:tid 198269] '160.251.151.147' is suspected as Hard DoS attack! (counter: 29)
[Sat Jan 17 00:07:47.318349 2026] [dosdetector_syslog:notice] [pid 198112:tid 198317] '160.251.151.147' is suspected as Hard DoS attack! (counter: 30)
[Sat Jan 17 00:07:47.319951 2026] [dosdetector_syslog:notice] [pid 198112:tid 198331] '160.251.151.147' is suspected as Hard DoS attack! (counter: 31)
[Sat Jan 17 00:07:49.706099 2026] [dosdetector_syslog:notice] [pid 197976:tid 198197] '160.251.151.147' is suspected as Hard DoS attack! (counter: 32)
[Sat Jan 17 00:07:50.184742 2026] [dosdetector_syslog:notice] [pid 198112:tid 198310] '60.122.36.139' is suspected as Hard DoS attack! (counter: 12)
[Sat Jan 17 00:07:50.444137 2026] [dosdetector_syslog:notice] [pid 198112:tid 198299] '60.122.36.139' is suspected as Hard DoS attack! (counter: 13)
[Sat Jan 17 00:07:55.004007 2026] [dosdetector_syslog:notice] [pid 197976:tid 198195] '60.122.36.139' is suspected as Hard DoS attack! (counter: 14)
[Sat Jan 17 00:07:55.209446 2026] [dosdetector_syslog:notice] [pid 198112:tid 198284] '60.122.36.139' is suspected as Hard DoS attack! (counter: 15)
[Sat Jan 17 00:07:56.758484 2026] [dosdetector_syslog:notice] [pid 198112:tid 198327] '160.251.151.147' is suspected as Hard DoS attack! (counter: 33)
[Sat Jan 17 00:08:00.304837 2026] [dosdetector_syslog:notice] [pid 198112:tid 198296] '216.126.227.99' is suspected as DoS attack! (counter: 3)
[Sat Jan 17 00:08:00.505738 2026] [dosdetector_syslog:notice] [pid 198112:tid 198292] '163.44.176.201' is suspected as Hard DoS attack! (counter: 29)
[Sat Jan 17 00:08:00.570376 2026] [dosdetector_syslog:notice] [pid 198112:tid 198325] '163.44.176.201' is suspected as Hard DoS attack! (counter: 30)
[Sat Jan 17 00:08:00.705026 2026] [dosdetector_syslog:notice] [pid 197879:tid 198046] '163.44.176.201' is suspected as Hard DoS attack! (counter: 31)
[Sat Jan 17 00:08:00.779892 2026] [dosdetector_syslog:notice] [pid 197976:tid 198260] '163.44.176.201' is suspected as Hard DoS attack! (counter: 32)
[Sat Jan 17 00:08:00.844152 2026] [dosdetector_syslog:notice] [pid 198112:tid 198295] '163.44.176.201' is suspected as Hard DoS attack! (counter: 33)
[Sat Jan 17 00:08:01.011477 2026] [dosdetector_syslog:notice] [pid 197879:tid 198068] '163.44.176.201' is suspected as Hard DoS attack! (counter: 34)
[Sat Jan 17 00:08:01.077201 2026] [dosdetector_syslog:notice] [pid 197879:tid 198056] '163.44.176.201' is suspected as Hard DoS attack! (counter: 35)
[Sat Jan 17 00:08:01.160440 2026] [dosdetector_syslog:notice] [pid 198112:tid 198338] '163.44.176.201' is suspected as Hard DoS attack! (counter: 36)
[Sat Jan 17 00:08:03.519962 2026] [dosdetector_syslog:notice] [pid 197879:tid 198094] '163.44.176.201' is suspected as Hard DoS attack! (counter: 37)
[Sat Jan 17 00:08:03.649576 2026] [dosdetector_syslog:notice] [pid 198112:tid 198319] '160.251.151.147' is suspected as Hard DoS attack! (counter: 34)
[Sat Jan 17 00:08:03.696582 2026] [dosdetector_syslog:notice] [pid 198112:tid 198293] '163.44.176.201' is suspected as Hard DoS attack! (counter: 38)
[Sat Jan 17 00:08:03.821579 2026] [dosdetector_syslog:notice] [pid 198112:tid 198315] '163.44.176.201' is suspected as Hard DoS attack! (counter: 39)
[Sat Jan 17 00:08:03.940319 2026] [dosdetector_syslog:notice] [pid 197976:tid 198269] '163.44.176.201' is suspected as Hard DoS attack! (counter: 40)
[Sat Jan 17 00:08:05.298270 2026] [dosdetector_syslog:notice] [pid 197976:tid 198257] '160.251.151.147' is suspected as Hard DoS attack! (counter: 35)
[Sat Jan 17 00:08:05.913464 2026] [dosdetector_syslog:notice] [pid 198112:tid 198322] '163.44.176.201' is suspected as Hard DoS attack! (counter: 41)
[Sat Jan 17 00:08:05.981408 2026] [dosdetector_syslog:notice] [pid 198112:tid 198299] '163.44.176.201' is suspected as Hard DoS attack! (counter: 42)
[Sat Jan 17 00:08:06.114850 2026] [dosdetector_syslog:notice] [pid 198112:tid 198276] '163.44.176.201' is suspected as Hard DoS attack! (counter: 43)
[Sat Jan 17 00:08:06.189818 2026] [dosdetector_syslog:notice] [pid 198112:tid 198311] '163.44.176.201' is suspected as Hard DoS attack! (counter: 44)
[Sat Jan 17 00:08:06.266094 2026] [dosdetector_syslog:notice] [pid 198112:tid 198281] '163.44.176.201' is suspected as Hard DoS attack! (counter: 45)
[Sat Jan 17 00:08:08.437196 2026] [dosdetector_syslog:notice] [pid 198112:tid 198278] '103.100.170.57' is suspected as DoS attack! (counter: 3)
[Sat Jan 17 00:08:10.694792 2026] [dosdetector_syslog:notice] [pid 198112:tid 198285] '60.122.36.139' is suspected as Hard DoS attack! (counter: 16)
[Sat Jan 17 00:08:10.917099 2026] [dosdetector_syslog:notice] [pid 198112:tid 198293] '60.122.36.139' is suspected as Hard DoS attack! (counter: 17)
[Sat Jan 17 00:08:12.253905 2026] [dosdetector_syslog:notice] [pid 198112:tid 198306] '163.44.176.201' is suspected as Hard DoS attack! (counter: 46)
[Sat Jan 17 00:08:12.359123 2026] [dosdetector_syslog:notice] [pid 197976:tid 198252] '163.44.176.201' is suspected as Hard DoS attack! (counter: 47)
[Sat Jan 17 00:08:12.424588 2026] [dosdetector_syslog:notice] [pid 198112:tid 198331] '163.44.176.201' is suspected as Hard DoS attack! (counter: 48)
[Sat Jan 17 00:08:12.489589 2026] [dosdetector_syslog:notice] [pid 198112:tid 198338] '163.44.176.201' is suspected as Hard DoS attack! (counter: 49)
[Sat Jan 17 00:08:12.555558 2026] [dosdetector_syslog:notice] [pid 198112:tid 198310] '163.44.176.201' is suspected as Hard DoS attack! (counter: 50)
/virtual/www/public_html/api/_sbin/ls: cannot access '/virtual/nonbirisugosu/public_html/log/phpmyadmin/': No such file or directory
/virtual/www/public_html/api/_sbin/ls: cannot access '/virtual/nonbirisugosu/public_html/log/phppgadmin/': No such file or directory
[Sat Jan 17 00:08:16.827503 2026] [dosdetector_syslog:notice] [pid 198112:tid 198293] '163.44.176.201' is suspected as Hard DoS attack! (counter: 51)
[Sat Jan 17 00:08:16.887616 2026] [dosdetector_syslog:notice] [pid 197879:tid 198092] '163.44.176.201' is suspected as Hard DoS attack! (counter: 52)
[Sat Jan 17 00:08:16.947925 2026] [dosdetector_syslog:notice] [pid 197976:tid 198258] '163.44.176.201' is suspected as Hard DoS attack! (counter: 53)
[Sat Jan 17 00:08:17.011147 2026] [dosdetector_syslog:notice] [pid 198112:tid 198315] '163.44.176.201' is suspected as Hard DoS attack! (counter: 54)
/virtual/www/public_html/api/_sbin/ls: cannot access '/virtual/nonbirisugosu/public_html/log/phpmyadmin/': No such file or directory
/virtual/www/public_html/api/_sbin/ls: cannot access '/virtual/nonbirisugosu/public_html/log/phppgadmin/': No such file or directory
[Sat Jan 17 00:08:17.400399 2026] [dosdetector_syslog:notice] [pid 198112:tid 198304] '160.251.151.147' is suspected as Hard DoS attack! (counter: 36)
[Sat Jan 17 00:08:24.353133 2026] [dosdetector_syslog:notice] [pid 197976:tid 198184] '163.44.176.201' is suspected as Hard DoS attack! (counter: 55)
[Sat Jan 17 00:08:24.487544 2026] [dosdetector_syslog:notice] [pid 197976:tid 198265] '163.44.176.201' is suspected as Hard DoS attack! (counter: 56)
[Sat Jan 17 00:08:24.623420 2026] [dosdetector_syslog:notice] [pid 198112:tid 198279] '163.44.176.201' is suspected as Hard DoS attack! (counter: 57)
[Sat Jan 17 00:08:24.752275 2026] [dosdetector_syslog:notice] [pid 198112:tid 198291] '163.44.176.201' is suspected as Hard DoS attack! (counter: 58)
[Sat Jan 17 00:08:26.638162 2026] [dosdetector_syslog:notice] [pid 197879:tid 198059] '60.122.36.139' is suspected as Hard DoS attack! (counter: 18)
[Sat Jan 17 00:08:26.908306 2026] [dosdetector_syslog:notice] [pid 198112:tid 198333] '60.122.36.139' is suspected as Hard DoS attack! (counter: 19)
[Sat Jan 17 00:08:32.390409 2026] [dosdetector_syslog:notice] [pid 197976:tid 198180] '60.122.36.139' is suspected as Hard DoS attack! (counter: 20)
[Sat Jan 17 00:08:32.842956 2026] [dosdetector_syslog:notice] [pid 197976:tid 198205] '60.122.36.139' is suspected as Hard DoS attack! (counter: 21)
[Sat Jan 17 00:08:38.833524 2026] [dosdetector_syslog:notice] [pid 198112:tid 198278] '8.148.207.73' is suspected as DoS attack! (counter: 3)
[Sat Jan 17 00:08:39.813092 2026] [dosdetector_syslog:notice] [pid 197976:tid 198163] '60.122.36.139' is suspected as Hard DoS attack! (counter: 22)
[Sat Jan 17 00:08:40.023372 2026] [dosdetector_syslog:notice] [pid 197976:tid 198173] '60.122.36.139' is suspected as Hard DoS attack! (counter: 23)
[Sat Jan 17 00:08:40.760550 2026] [dosdetector_syslog:notice] [pid 197976:tid 198169] '160.251.151.147' is suspected as Hard DoS attack! (counter: 37)
[Sat Jan 17 00:08:41.301302 2026] [dosdetector_syslog:notice] [pid 197879:tid 198100] '160.251.151.147' is suspected as Hard DoS attack! (counter: 38)
[Sat Jan 17 00:08:42.690455 2026] [dosdetector_syslog:notice] [pid 198112:tid 198329] '160.251.151.147' is suspected as Hard DoS attack! (counter: 39)
[Sat Jan 17 00:08:44.459810 2026] [dosdetector_syslog:notice] [pid 198112:tid 198297] '60.122.36.139' is suspected as Hard DoS attack! (counter: 24)
[Sat Jan 17 00:08:44.698545 2026] [dosdetector_syslog:notice] [pid 198112:tid 198311] '60.122.36.139' is suspected as Hard DoS attack! (counter: 25)
[Sat Jan 17 00:08:47.110501 2026] [dosdetector_syslog:notice] [pid 198112:tid 198294] '160.251.151.147' is suspected as Hard DoS attack! (counter: 40)
[Sat Jan 17 00:08:47.139203 2026] [:crit] [pid 198112:tid 198305] [client 85.11.167.4:34236] mod_spamhaus_new: address 4.167.11.85.sbl-xbl.spamhaus.org is blacklisted. Deny connection to pubmomiji.shop/, referer: https://pubmomiji.shop
[Sat Jan 17 00:08:47.241400 2026] [dosdetector_syslog:notice] [pid 197879:tid 198120] '160.251.151.147' is suspected as Hard DoS attack! (counter: 41)
[Sat Jan 17 00:08:47.382808 2026] [dosdetector_syslog:notice] [pid 198112:tid 198304] '160.251.151.147' is suspected as Hard DoS attack! (counter: 42)
[Sat Jan 17 00:08:47.965630 2026] [dosdetector_syslog:notice] [pid 198112:tid 198338] '60.122.36.139' is suspected as Hard DoS attack! (counter: 26)
[Sat Jan 17 00:08:48.173999 2026] [dosdetector_syslog:notice] [pid 198112:tid 198321] '60.122.36.139' is suspected as Hard DoS attack! (counter: 27)
[Sat Jan 17 00:08:51.389665 2026] [dosdetector_syslog:notice] [pid 197976:tid 198155] '60.122.36.139' is suspected as Hard DoS attack! (counter: 28)
[Sat Jan 17 00:08:51.607657 2026] [dosdetector_syslog:notice] [pid 197976:tid 198238] '60.122.36.139' is suspected as Hard DoS attack! (counter: 29)
[Sat Jan 17 00:08:54.971546 2026] [dosdetector_syslog:notice] [pid 197976:tid 198208] '160.251.151.147' is suspected as Hard DoS attack! (counter: 43)
[Sat Jan 17 00:08:57.718643 2026] [dosdetector_syslog:notice] [pid 197976:tid 198267] '160.251.151.147' is suspected as Hard DoS attack! (counter: 44)
[Sat Jan 17 00:08:59.697430 2026] [dosdetector_syslog:notice] [pid 198112:tid 198293] '60.122.36.139' is suspected as Hard DoS attack! (counter: 30)
[Sat Jan 17 00:08:59.915802 2026] [dosdetector_syslog:notice] [pid 197976:tid 198201] '60.122.36.139' is suspected as Hard DoS attack! (counter: 31)
[Sat Jan 17 00:09:03.975408 2026] [dosdetector_syslog:notice] [pid 197879:tid 198133] '160.251.151.147' is suspected as Hard DoS attack! (counter: 45)
[Sat Jan 17 00:09:05.394057 2026] [dosdetector_syslog:notice] [pid 197976:tid 198238] '60.122.36.139' is suspected as Hard DoS attack! (counter: 32)
[Sat Jan 17 00:09:05.632366 2026] [dosdetector_syslog:notice] [pid 197879:tid 198130] '60.122.36.139' is suspected as Hard DoS attack! (counter: 33)
[Sat Jan 17 00:09:05.842641 2026] [dosdetector_syslog:notice] [pid 198112:tid 198320] '160.251.151.147' is suspected as Hard DoS attack! (counter: 46)
[Sat Jan 17 00:09:10.607780 2026] [dosdetector_syslog:notice] [pid 198112:tid 198300] '160.251.151.147' is suspected as Hard DoS attack! (counter: 47)
[Sat Jan 17 00:09:16.034514 2026] [dosdetector_syslog:notice] [pid 198112:tid 198287] '160.251.151.147' is suspected as Hard DoS attack! (counter: 48)
[Sat Jan 17 00:09:20.882138 2026] [dosdetector_syslog:notice] [pid 198112:tid 198320] '160.251.151.147' is suspected as Hard DoS attack! (counter: 49)
[Sat Jan 17 00:09:38.350237 2026] [dosdetector_syslog:notice] [pid 198112:tid 198337] '160.251.151.147' is suspected as Hard DoS attack! (counter: 50)
[Sat Jan 17 00:09:38.791856 2026] [dosdetector_syslog:notice] [pid 197879:tid 198116] '160.251.151.147' is suspected as Hard DoS attack! (counter: 51)
[Sat Jan 17 00:09:39.432645 2026] [dosdetector_syslog:notice] [pid 197976:tid 198171] '160.251.151.147' is suspected as Hard DoS attack! (counter: 52)
[Sat Jan 17 00:09:44.619370 2026] [dosdetector_syslog:notice] [pid 198112:tid 198281] '160.251.151.147' is suspected as Hard DoS attack! (counter: 53)
[Sat Jan 17 00:09:46.033694 2026] [dosdetector_syslog:notice] [pid 198112:tid 198277] '160.251.151.147' is suspected as Hard DoS attack! (counter: 54)
[Sat Jan 17 00:09:47.284027 2026] [dosdetector_syslog:notice] [pid 197976:tid 198225] '160.251.151.147' is suspected as Hard DoS attack! (counter: 55)
[Sat Jan 17 00:09:49.362809 2026] [dosdetector_syslog:notice] [pid 198112:tid 198192] '60.122.36.139' is suspected as Hard DoS attack! (counter: 34)
[Sat Jan 17 00:09:55.400771 2026] [dosdetector_syslog:notice] [pid 198112:tid 198305] '160.251.151.147' is suspected as Hard DoS attack! (counter: 56)
[Sat Jan 17 00:09:55.514727 2026] [dosdetector_syslog:notice] [pid 198112:tid 198200] '60.122.36.139' is suspected as Hard DoS attack! (counter: 35)
[Sat Jan 17 00:09:58.429726 2026] [dosdetector_syslog:notice] [pid 198112:tid 198202] '60.122.36.139' is suspected as Hard DoS attack! (counter: 36)
[Sat Jan 17 00:10:05.548726 2026] [dosdetector_syslog:notice] [pid 197976:tid 198014] '60.122.36.139' is suspected as Hard DoS attack! (counter: 37)
[Sat Jan 17 00:10:07.475316 2026] [dosdetector_syslog:notice] [pid 198112:tid 198327] '160.251.151.147' is suspected as Hard DoS attack! (counter: 57)
[Sat Jan 17 00:10:07.591106 2026] [dosdetector_syslog:notice] [pid 198112:tid 198310] '160.251.151.147' is suspected as Hard DoS attack! (counter: 58)
[Sat Jan 17 00:10:07.743212 2026] [dosdetector_syslog:notice] [pid 197879:tid 198111] '160.251.151.147' is suspected as Hard DoS attack! (counter: 59)
[Sat Jan 17 00:10:07.789585 2026] [dosdetector_syslog:notice] [pid 198112:tid 198336] '160.251.151.147' is suspected as Hard DoS attack! (counter: 60)
[Sat Jan 17 00:10:09.313432 2026] [dosdetector_syslog:notice] [pid 198112:tid 198320] '101.142.158.1' is suspected as Hard DoS attack! (counter: 14)
[Sat Jan 17 00:10:11.748368 2026] [dosdetector_syslog:notice] [pid 197879:tid 198143] '160.251.151.147' is suspected as Hard DoS attack! (counter: 61)
[Sat Jan 17 00:10:13.710270 2026] [dosdetector_syslog:notice] [pid 198112:tid 198279] '163.44.176.201' is suspected as Hard DoS attack! (counter: 59)
[Sat Jan 17 00:10:13.811701 2026] [dosdetector_syslog:notice] [pid 197976:tid 198193] '163.44.176.201' is suspected as Hard DoS attack! (counter: 60)
[Sat Jan 17 00:10:13.909787 2026] [dosdetector_syslog:notice] [pid 198112:tid 198319] '163.44.176.201' is suspected as Hard DoS attack! (counter: 61)
[Sat Jan 17 00:10:13.999577 2026] [dosdetector_syslog:notice] [pid 198112:tid 198311] '163.44.176.201' is suspected as Hard DoS attack! (counter: 62)
[Sat Jan 17 00:10:14.592954 2026] [dosdetector_syslog:notice] [pid 198112:tid 198288] '160.251.151.147' is suspected as Hard DoS attack! (counter: 62)
[Sat Jan 17 00:10:15.105334 2026] [dosdetector_syslog:notice] [pid 198112:tid 198146] '202.8.40.208' is suspected as DoS attack! (counter: 3)
[Sat Jan 17 00:10:21.612011 2026] [dosdetector_syslog:notice] [pid 198112:tid 198313] '160.251.151.147' is suspected as Hard DoS attack! (counter: 63)
