[Sat Jan 17 00:27:50.606723 2026] [dosdetector_syslog:notice] [pid 224586:tid 224833] '172.225.127.124' is suspected as Hard DoS attack! (counter: 106)
[Sat Jan 17 00:27:50.876894 2026] [dosdetector_syslog:notice] [pid 224586:tid 224804] '101.142.158.1' is suspected as Hard DoS attack! (counter: 57)
[Sat Jan 17 00:27:52.973835 2026] [dosdetector_syslog:notice] [pid 230383:tid 230511] '160.251.151.147' is suspected as Hard DoS attack! (counter: 89)
[Sat Jan 17 00:27:53.732808 2026] [dosdetector_syslog:notice] [pid 230383:tid 230483] '163.44.176.201' is suspected as Hard DoS attack! (counter: 57)
[Sat Jan 17 00:27:53.815567 2026] [dosdetector_syslog:notice] [pid 224472:tid 224778] '163.44.176.201' is suspected as Hard DoS attack! (counter: 58)
[Sat Jan 17 00:27:54.014635 2026] [dosdetector_syslog:notice] [pid 230383:tid 230495] '163.44.176.201' is suspected as Hard DoS attack! (counter: 59)
[Sat Jan 17 00:27:54.102482 2026] [dosdetector_syslog:notice] [pid 230383:tid 230478] '163.44.176.201' is suspected as Hard DoS attack! (counter: 60)
[Sat Jan 17 00:27:54.163905 2026] [dosdetector_syslog:notice] [pid 230383:tid 230449] '163.44.176.201' is suspected as Hard DoS attack! (counter: 61)
[Sat Jan 17 00:27:54.660584 2026] [dosdetector_syslog:notice] [pid 230383:tid 230456] '163.44.176.201' is suspected as Hard DoS attack! (counter: 62)
[Sat Jan 17 00:27:54.722073 2026] [dosdetector_syslog:notice] [pid 224586:tid 224846] '163.44.176.201' is suspected as Hard DoS attack! (counter: 63)
[Sat Jan 17 00:27:54.816133 2026] [dosdetector_syslog:notice] [pid 224586:tid 224831] '163.44.176.201' is suspected as Hard DoS attack! (counter: 64)
[Sat Jan 17 00:27:55.330781 2026] [dosdetector_syslog:notice] [pid 224586:tid 224855] '172.225.127.124' is suspected as Hard DoS attack! (counter: 107)
[Sat Jan 17 00:27:56.020188 2026] [dosdetector_syslog:notice] [pid 230383:tid 230477] '160.251.151.147' is suspected as Hard DoS attack! (counter: 90)
[Sat Jan 17 00:27:56.152839 2026] [dosdetector_syslog:notice] [pid 224586:tid 224839] '172.225.127.124' is suspected as Hard DoS attack! (counter: 108)
[Sat Jan 17 00:27:56.767766 2026] [dosdetector_syslog:notice] [pid 224586:tid 224861] '172.225.127.124' is suspected as Hard DoS attack! (counter: 109)
[Sat Jan 17 00:27:57.358596 2026] [dosdetector_syslog:notice] [pid 224586:tid 224859] '172.225.127.124' is suspected as Hard DoS attack! (counter: 110)
[Sat Jan 17 00:27:57.415752 2026] [dosdetector_syslog:notice] [pid 230383:tid 230514] '164.90.228.79' is suspected as DoS attack! (counter: 3)
[Sat Jan 17 00:27:57.771605 2026] [dosdetector_syslog:notice] [pid 230383:tid 230454] '160.251.151.147' is suspected as Hard DoS attack! (counter: 91)
[Sat Jan 17 00:27:57.904299 2026] [dosdetector_syslog:notice] [pid 224586:tid 224851] '172.225.127.124' is suspected as Hard DoS attack! (counter: 111)
[Sat Jan 17 00:27:58.416783 2026] [dosdetector_syslog:notice] [pid 224586:tid 224853] '172.225.127.124' is suspected as Hard DoS attack! (counter: 112)
[Sat Jan 17 00:27:58.547386 2026] [dosdetector_syslog:notice] [pid 224586:tid 224830] '124.100.30.128' is suspected as DoS attack! (counter: 3)
[Sat Jan 17 00:27:58.799521 2026] [dosdetector_syslog:notice] [pid 230383:tid 230387] '61.46.110.217' is suspected as Hard DoS attack! (counter: 22)
[Sat Jan 17 00:27:58.932804 2026] [dosdetector_syslog:notice] [pid 224586:tid 224864] '172.225.127.124' is suspected as Hard DoS attack! (counter: 113)
[Sat Jan 17 00:27:59.822391 2026] [dosdetector_syslog:notice] [pid 224586:tid 224815] '172.225.127.124' is suspected as Hard DoS attack! (counter: 114)
[Sat Jan 17 00:28:00.845517 2026] [dosdetector_syslog:notice] [pid 224586:tid 224804] '101.142.158.1' is suspected as Hard DoS attack! (counter: 58)
[Sat Jan 17 00:28:00.972807 2026] [dosdetector_syslog:notice] [pid 224586:tid 224812] '160.251.151.147' is suspected as Hard DoS attack! (counter: 92)
[Sat Jan 17 00:28:02.154855 2026] [dosdetector_syslog:notice] [pid 224586:tid 224820] '160.251.151.147' is suspected as Hard DoS attack! (counter: 93)
[Sat Jan 17 00:28:02.873112 2026] [dosdetector_syslog:notice] [pid 224586:tid 224807] '101.142.158.1' is suspected as Hard DoS attack! (counter: 59)
[Sat Jan 17 00:28:03.167407 2026] [dosdetector_syslog:notice] [pid 224586:tid 224834] '118.99.50.51' is suspected as DoS attack! (counter: 3)
[Sat Jan 17 00:28:03.578260 2026] [dosdetector_syslog:notice] [pid 224586:tid 224837] '163.44.176.201' is suspected as Hard DoS attack! (counter: 65)
[Sat Jan 17 00:28:03.638869 2026] [dosdetector_syslog:notice] [pid 224472:tid 224752] '163.44.176.201' is suspected as Hard DoS attack! (counter: 66)
[Sat Jan 17 00:28:03.787984 2026] [dosdetector_syslog:notice] [pid 230383:tid 230457] '163.44.176.201' is suspected as Hard DoS attack! (counter: 67)
[Sat Jan 17 00:28:03.875866 2026] [dosdetector_syslog:notice] [pid 224472:tid 224758] '163.44.176.201' is suspected as Hard DoS attack! (counter: 68)
[Sat Jan 17 00:28:03.936963 2026] [dosdetector_syslog:notice] [pid 224586:tid 224845] '163.44.176.201' is suspected as Hard DoS attack! (counter: 69)
[Sat Jan 17 00:28:03.974074 2026] [dosdetector_syslog:notice] [pid 224586:tid 224811] '172.225.127.124' is suspected as Hard DoS attack! (counter: 115)
[Sat Jan 17 00:28:04.111721 2026] [dosdetector_syslog:notice] [pid 224586:tid 224857] '163.44.176.201' is suspected as Hard DoS attack! (counter: 70)
[Sat Jan 17 00:28:04.120636 2026] [dosdetector_syslog:notice] [pid 230383:tid 230503] '160.251.151.147' is suspected as Hard DoS attack! (counter: 94)
[Sat Jan 17 00:28:04.176107 2026] [dosdetector_syslog:notice] [pid 230383:tid 230449] '163.44.176.201' is suspected as Hard DoS attack! (counter: 71)
[Sat Jan 17 00:28:04.278087 2026] [dosdetector_syslog:notice] [pid 230383:tid 230456] '163.44.176.201' is suspected as Hard DoS attack! (counter: 72)
[Sat Jan 17 00:28:04.721214 2026] [dosdetector_syslog:notice] [pid 224586:tid 224803] '172.225.127.124' is suspected as Hard DoS attack! (counter: 116)
[Sat Jan 17 00:28:05.250350 2026] [dosdetector_syslog:notice] [pid 224586:tid 224846] '172.225.127.124' is suspected as Hard DoS attack! (counter: 117)
[Sat Jan 17 00:28:05.769092 2026] [dosdetector_syslog:notice] [pid 224586:tid 224838] '172.225.127.124' is suspected as Hard DoS attack! (counter: 118)
[Sat Jan 17 00:28:06.367349 2026] [dosdetector_syslog:notice] [pid 224586:tid 224856] '172.225.127.124' is suspected as Hard DoS attack! (counter: 119)
[Sat Jan 17 00:28:10.856334 2026] [dosdetector_syslog:notice] [pid 224586:tid 224833] '101.142.158.1' is suspected as Hard DoS attack! (counter: 60)
[Sat Jan 17 00:28:12.646468 2026] [dosdetector_syslog:notice] [pid 224586:tid 224815] '172.225.127.124' is suspected as Hard DoS attack! (counter: 120)
[Sat Jan 17 00:28:13.638162 2026] [dosdetector_syslog:notice] [pid 230383:tid 230492] '160.251.151.147' is suspected as Hard DoS attack! (counter: 95)
[Sat Jan 17 00:28:13.741657 2026] [dosdetector_syslog:notice] [pid 224586:tid 224806] '219.124.231.83' is suspected as Hard DoS attack! (counter: 18)
[Sat Jan 17 00:28:17.124539 2026] [dosdetector_syslog:notice] [pid 224586:tid 224825] '172.225.127.124' is suspected as Hard DoS attack! (counter: 121)
[Sat Jan 17 00:28:18.033535 2026] [dosdetector_syslog:notice] [pid 224586:tid 224827] '172.225.127.124' is suspected as Hard DoS attack! (counter: 122)
[Sat Jan 17 00:28:18.610768 2026] [dosdetector_syslog:notice] [pid 224586:tid 224835] '172.225.127.124' is suspected as Hard DoS attack! (counter: 123)
[Sat Jan 17 00:28:19.234599 2026] [dosdetector_syslog:notice] [pid 224586:tid 224816] '172.225.127.124' is suspected as Hard DoS attack! (counter: 124)
[Sat Jan 17 00:28:19.789070 2026] [dosdetector_syslog:notice] [pid 224586:tid 224824] '172.225.127.124' is suspected as Hard DoS attack! (counter: 125)
[Sat Jan 17 00:28:20.321130 2026] [dosdetector_syslog:notice] [pid 224586:tid 224851] '172.225.127.124' is suspected as Hard DoS attack! (counter: 126)
[Sat Jan 17 00:28:20.842015 2026] [dosdetector_syslog:notice] [pid 224586:tid 224821] '172.225.127.124' is suspected as Hard DoS attack! (counter: 127)
[Sat Jan 17 00:28:20.912128 2026] [dosdetector_syslog:notice] [pid 224586:tid 224830] '101.142.158.1' is suspected as Hard DoS attack! (counter: 61)
[Sat Jan 17 00:28:21.116648 2026] [dosdetector_syslog:notice] [pid 224472:tid 224750] '163.44.176.201' is suspected as Hard DoS attack! (counter: 73)
[Sat Jan 17 00:28:21.177174 2026] [dosdetector_syslog:notice] [pid 230383:tid 230482] '163.44.176.201' is suspected as Hard DoS attack! (counter: 74)
[Sat Jan 17 00:28:21.421217 2026] [dosdetector_syslog:notice] [pid 224586:tid 224817] '172.225.127.124' is suspected as Hard DoS attack! (counter: 128)
[Sat Jan 17 00:28:21.954795 2026] [dosdetector_syslog:notice] [pid 224586:tid 224807] '172.225.127.124' is suspected as Hard DoS attack! (counter: 129)
[Sat Jan 17 00:28:22.187388 2026] [dosdetector_syslog:notice] [pid 224472:tid 224764] '163.44.176.201' is suspected as Hard DoS attack! (counter: 75)
[Sat Jan 17 00:28:22.250877 2026] [dosdetector_syslog:notice] [pid 224586:tid 224844] '163.44.176.201' is suspected as Hard DoS attack! (counter: 76)
[Sat Jan 17 00:28:22.419756 2026] [dosdetector_syslog:notice] [pid 224586:tid 224834] '163.44.176.201' is suspected as Hard DoS attack! (counter: 77)
[Sat Jan 17 00:28:22.440209 2026] [dosdetector_syslog:notice] [pid 224586:tid 224832] '172.225.127.124' is suspected as Hard DoS attack! (counter: 130)
[Sat Jan 17 00:28:22.508735 2026] [dosdetector_syslog:notice] [pid 230383:tid 230454] '163.44.176.201' is suspected as Hard DoS attack! (counter: 78)
[Sat Jan 17 00:28:22.906280 2026] [dosdetector_syslog:notice] [pid 224586:tid 224857] '172.225.127.124' is suspected as Hard DoS attack! (counter: 131)
[Sat Jan 17 00:28:23.420153 2026] [dosdetector_syslog:notice] [pid 224586:tid 224848] '172.225.127.124' is suspected as Hard DoS attack! (counter: 132)
[Sat Jan 17 00:28:23.898211 2026] [dosdetector_syslog:notice] [pid 224586:tid 224860] '172.225.127.124' is suspected as Hard DoS attack! (counter: 133)
[Sat Jan 17 00:28:24.432559 2026] [dosdetector_syslog:notice] [pid 224586:tid 224829] '172.225.127.124' is suspected as Hard DoS attack! (counter: 134)
[Sat Jan 17 00:28:30.871567 2026] [dosdetector_syslog:notice] [pid 224586:tid 224833] '101.142.158.1' is suspected as Hard DoS attack! (counter: 62)
[Sat Jan 17 00:28:31.939899 2026] [dosdetector_syslog:notice] [pid 230383:tid 230476] '160.251.151.147' is suspected as Hard DoS attack! (counter: 96)
[Sat Jan 17 00:28:34.870128 2026] [dosdetector_syslog:notice] [pid 230383:tid 230474] '160.251.151.147' is suspected as Hard DoS attack! (counter: 97)
[Sat Jan 17 00:28:35.352440 2026] [dosdetector_syslog:notice] [pid 224586:tid 224820] '160.251.151.147' is suspected as Hard DoS attack! (counter: 98)
[Sat Jan 17 00:28:39.058082 2026] [dosdetector_syslog:notice] [pid 224472:tid 224779] '160.251.151.147' is suspected as Hard DoS attack! (counter: 99)
[Sat Jan 17 00:28:39.531391 2026] [dosdetector_syslog:notice] [pid 224472:tid 224742] '206.189.233.36' is suspected as DoS attack! (counter: 3)
[Sat Jan 17 00:28:40.868402 2026] [dosdetector_syslog:notice] [pid 224586:tid 224809] '101.142.158.1' is suspected as Hard DoS attack! (counter: 63)
[Sat Jan 17 00:28:44.544958 2026] [core:crit] [pid 230383:tid 230494] (13)Permission denied: [client 2a06:98c0:3600::103:10016] AH00529: /virtual/yahoo68/public_html/.htaccess pcfg_openfile: unable to check htaccess file, ensure it is readable and that '/virtual/yahoo68/public_html/' is executable
[Sat Jan 17 00:28:46.638367 2026] [dosdetector_syslog:notice] [pid 224586:tid 224841] '160.251.151.147' is suspected as Hard DoS attack! (counter: 100)
[Sat Jan 17 00:28:46.879023 2026] [dosdetector_syslog:notice] [pid 224472:tid 224761] '160.251.151.147' is suspected as Hard DoS attack! (counter: 101)
[Sat Jan 17 00:28:47.284993 2026] [dosdetector_syslog:notice] [pid 224472:tid 224744] '160.251.151.147' is suspected as Hard DoS attack! (counter: 102)
[Sat Jan 17 00:28:47.475952 2026] [dosdetector_syslog:notice] [pid 224472:tid 224748] '163.44.176.201' is suspected as Hard DoS attack! (counter: 79)
[Sat Jan 17 00:28:49.418155 2026] [core:crit] [pid 224472:tid 224735] (13)Permission denied: [client 2a06:98c0:3600::103:13474] AH00529: /virtual/hism4id/public_html/.htaccess pcfg_openfile: unable to check htaccess file, ensure it is readable and that '/virtual/hism4id/public_html/' is executable
[Sat Jan 17 00:28:50.860272 2026] [dosdetector_syslog:notice] [pid 224586:tid 224860] '101.142.158.1' is suspected as Hard DoS attack! (counter: 64)
[Sat Jan 17 00:28:59.626552 2026] [dosdetector_syslog:notice] [pid 224586:tid 224710] '61.46.110.217' is suspected as Hard DoS attack! (counter: 23)
[Sat Jan 17 00:29:01.041542 2026] [dosdetector_syslog:notice] [pid 224586:tid 224808] '101.142.158.1' is suspected as Hard DoS attack! (counter: 65)
[Sat Jan 17 00:29:02.049094 2026] [dosdetector_syslog:notice] [pid 224472:tid 224752] '160.251.151.147' is suspected as Hard DoS attack! (counter: 103)
[Sat Jan 17 00:29:02.884203 2026] [dosdetector_syslog:notice] [pid 224586:tid 224831] '101.142.158.1' is suspected as Hard DoS attack! (counter: 66)
[Sat Jan 17 00:29:10.518677 2026] [dosdetector_syslog:notice] [pid 224586:tid 224804] '172.225.127.124' is suspected as Hard DoS attack! (counter: 135)
[Sat Jan 17 00:29:11.047988 2026] [dosdetector_syslog:notice] [pid 224586:tid 224805] '101.142.158.1' is suspected as Hard DoS attack! (counter: 67)
[Sat Jan 17 00:29:11.601125 2026] [dosdetector_syslog:notice] [pid 224586:tid 224823] '163.44.176.201' is suspected as Hard DoS attack! (counter: 80)
[Sat Jan 17 00:29:11.667141 2026] [dosdetector_syslog:notice] [pid 224472:tid 224751] '163.44.176.201' is suspected as Hard DoS attack! (counter: 81)
[Sat Jan 17 00:29:11.807354 2026] [dosdetector_syslog:notice] [pid 224472:tid 224740] '163.44.176.201' is suspected as Hard DoS attack! (counter: 82)
[Sat Jan 17 00:29:11.909261 2026] [dosdetector_syslog:notice] [pid 230383:tid 230482] '163.44.176.201' is suspected as Hard DoS attack! (counter: 83)
[Sat Jan 17 00:29:16.105411 2026] [dosdetector_syslog:notice] [pid 224586:tid 224803] '101.142.158.1' is suspected as Hard DoS attack! (counter: 68)
[Sat Jan 17 00:29:18.794138 2026] [dosdetector_syslog:notice] [pid 230383:tid 230484] '103.42.183.153' is suspected as DoS attack! (counter: 3)
[Sat Jan 17 00:29:19.507119 2026] [dosdetector_syslog:notice] [pid 230383:tid 230501] '217.194.134.97' is suspected as DoS attack! (counter: 3)
[Sat Jan 17 00:29:21.071748 2026] [dosdetector_syslog:notice] [pid 224586:tid 224835] '101.142.158.1' is suspected as Hard DoS attack! (counter: 69)
[Sat Jan 17 00:29:21.357993 2026] [dosdetector_syslog:notice] [pid 230383:tid 230500] '160.251.151.147' is suspected as Hard DoS attack! (counter: 104)
[Sat Jan 17 00:29:22.851157 2026] [dosdetector_syslog:notice] [pid 230383:tid 230495] '160.251.151.147' is suspected as Hard DoS attack! (counter: 105)
[Sat Jan 17 00:29:24.169793 2026] [dosdetector_syslog:notice] [pid 230383:tid 230474] '160.251.151.147' is suspected as Hard DoS attack! (counter: 106)
[Sat Jan 17 00:29:24.478669 2026] [dosdetector_syslog:notice] [pid 224472:tid 224562] '14.101.197.98' is suspected as DoS attack! (counter: 3)
[Sat Jan 17 00:29:29.614712 2026] [dosdetector_syslog:notice] [pid 224472:tid 224761] '163.44.176.201' is suspected as Hard DoS attack! (counter: 84)
[Sat Jan 17 00:29:29.676129 2026] [dosdetector_syslog:notice] [pid 224586:tid 224806] '163.44.176.201' is suspected as Hard DoS attack! (counter: 85)
[Sat Jan 17 00:29:29.767186 2026] [dosdetector_syslog:notice] [pid 230383:tid 230499] '163.44.176.201' is suspected as Hard DoS attack! (counter: 86)
[Sat Jan 17 00:29:29.952835 2026] [dosdetector_syslog:notice] [pid 224472:tid 224733] '163.44.176.201' is suspected as Hard DoS attack! (counter: 87)
[Sat Jan 17 00:29:31.105839 2026] [dosdetector_syslog:notice] [pid 224586:tid 224844] '101.142.158.1' is suspected as Hard DoS attack! (counter: 70)
[Sat Jan 17 00:29:32.721149 2026] [dosdetector_syslog:notice] [pid 230383:tid 230491] '172.225.127.124' is suspected as Hard DoS attack! (counter: 136)
[Sat Jan 17 00:29:33.460676 2026] [dosdetector_syslog:notice] [pid 230383:tid 230505] '160.251.151.147' is suspected as Hard DoS attack! (counter: 107)
[Sat Jan 17 00:29:39.687543 2026] [dosdetector_syslog:notice] [pid 224586:tid 224858] '142.93.143.8' is suspected as DoS attack! (counter: 3)
[Sat Jan 17 00:29:41.127629 2026] [dosdetector_syslog:notice] [pid 224586:tid 224812] '101.142.158.1' is suspected as Hard DoS attack! (counter: 71)
[Sat Jan 17 00:29:41.326369 2026] [dosdetector_syslog:notice] [pid 224586:tid 224801] '172.225.127.124' is suspected as Hard DoS attack! (counter: 137)
suexec policy violation: see suexec log for more details
suexec policy violation: see suexec log for more details
[Sat Jan 17 00:29:45.520012 2026] [dosdetector_syslog:notice] [pid 230383:tid 230489] '160.251.151.147' is suspected as Hard DoS attack! (counter: 108)
[Sat Jan 17 00:29:47.251913 2026] [dosdetector_syslog:notice] [pid 224472:tid 224786] '160.251.151.147' is suspected as Hard DoS attack! (counter: 109)
[Sat Jan 17 00:29:47.272392 2026] [dosdetector_syslog:notice] [pid 224586:tid 224827] '160.251.151.147' is suspected as Hard DoS attack! (counter: 110)
[Sat Jan 17 00:29:49.738187 2026] [dosdetector_syslog:notice] [pid 230383:tid 230430] '61.46.110.217' is suspected as Hard DoS attack! (counter: 24)
[Sat Jan 17 00:29:50.146105 2026] [dosdetector_syslog:notice] [pid 224586:tid 224830] '160.251.151.147' is suspected as Hard DoS attack! (counter: 111)
[Sat Jan 17 00:29:51.109360 2026] [dosdetector_syslog:notice] [pid 224586:tid 224860] '101.142.158.1' is suspected as Hard DoS attack! (counter: 72)
[Sat Jan 17 00:29:51.260922 2026] [dosdetector_syslog:notice] [pid 224586:tid 224814] '160.251.151.147' is suspected as Hard DoS attack! (counter: 112)
[Sat Jan 17 00:29:51.896151 2026] [dosdetector_syslog:notice] [pid 230383:tid 230466] '163.44.176.201' is suspected as Hard DoS attack! (counter: 88)
[Sat Jan 17 00:29:51.958007 2026] [dosdetector_syslog:notice] [pid 230383:tid 230461] '163.44.176.201' is suspected as Hard DoS attack! (counter: 89)
[Sat Jan 17 00:29:52.143861 2026] [dosdetector_syslog:notice] [pid 224586:tid 224851] '163.44.176.201' is suspected as Hard DoS attack! (counter: 90)
[Sat Jan 17 00:29:52.232446 2026] [dosdetector_syslog:notice] [pid 224472:tid 224730] '163.44.176.201' is suspected as Hard DoS attack! (counter: 91)
[Sat Jan 17 00:29:52.292451 2026] [dosdetector_syslog:notice] [pid 224472:tid 224748] '163.44.176.201' is suspected as Hard DoS attack! (counter: 92)
[Sat Jan 17 00:29:52.437970 2026] [dosdetector_syslog:notice] [pid 224586:tid 224828] '160.251.151.147' is suspected as Hard DoS attack! (counter: 113)
[Sat Jan 17 00:29:52.470988 2026] [dosdetector_syslog:notice] [pid 224586:tid 224815] '163.44.176.201' is suspected as Hard DoS attack! (counter: 93)
[Sat Jan 17 00:29:52.533230 2026] [dosdetector_syslog:notice] [pid 224586:tid 224802] '163.44.176.201' is suspected as Hard DoS attack! (counter: 94)
[Sat Jan 17 00:29:52.628305 2026] [dosdetector_syslog:notice] [pid 230383:tid 230468] '163.44.176.201' is suspected as Hard DoS attack! (counter: 95)
[Sat Jan 17 00:29:53.845497 2026] [mpm_event:notice] [pid 49307:tid 49307] AH00493: SIGUSR1 received.  Doing graceful restart
[Sat Jan 17 00:29:53.867754 2026] [fcgid:emerg] [pid 224586:tid 224853] (22)Invalid argument: [client 135.181.180.59:37622] mod_fcgid: can't lock process table in pid 224586
[Sat Jan 17 00:29:54.103867 2026] [fcgid:emerg] [pid 230383:tid 230423] (22)Invalid argument: [remote 57.141.14.90:33680] mod_fcgid: can't lock process table in pid 230383
[Sat Jan 17 00:30:05.957723 2026] [:notice] [pid 49307:tid 49307] mod_bw : Memory Allocated 96 bytes (each conf takes 48 bytes)
[Sat Jan 17 00:30:05.957811 2026] [:notice] [pid 49307:tid 49307] mod_bw : Version 0.92 - Initialized [2 Confs]
[Sat Jan 17 00:30:05.969803 2026] [mpm_event:notice] [pid 49307:tid 49307] AH00489: Apache/2.4.63 (Unix) OpenSSL/1.1.1k mod_fcgid/2.3.9 configured -- resuming normal operations
[Sat Jan 17 00:30:05.969838 2026] [core:notice] [pid 49307:tid 49307] AH00094: Command line: '/usr/local/apache24/bin/httpd -T'
[Sat Jan 17 00:30:08.599018 2026] [dosdetector_syslog:notice] [pid 246537:tid 246710] '163.44.176.201' is suspected as DoS attack! (counter: 3)
[Sat Jan 17 00:30:09.144817 2026] [dosdetector_syslog:notice] [pid 246537:tid 246729] '101.142.158.1' is suspected as DoS attack! (counter: 3)
[Sat Jan 17 00:30:09.282049 2026] [dosdetector_syslog:notice] [pid 246537:tid 246738] '195.3.222.78' is suspected as DoS attack! (counter: 3)
Can't use 'defined(%hash)' (Maybe you should just omit the defined()?) at ./module/jcode.pl line 679.
Compilation failed in require at ./module/radagast.pl line 46.
[Sat Jan 17 00:30:23.538567 2026] [dosdetector_syslog:notice] [pid 246440:tid 246746] '163.44.176.201' is suspected as Hard DoS attack! (counter: 10)
[Sat Jan 17 00:30:24.620128 2026] [:crit] [pid 246339:tid 246761] [client 177.84.110.110:41356] mod_spamhaus_new: address 110.110.84.177.sbl-xbl.spamhaus.org is blacklisted. Deny connection to rocketm.shop/xmlrpc.php
[Sat Jan 17 00:30:28.086948 2026] [dosdetector_syslog:notice] [pid 246339:tid 246659] '163.44.176.201' is suspected as Hard DoS attack! (counter: 11)
[Sat Jan 17 00:30:28.203078 2026] [dosdetector_syslog:notice] [pid 246537:tid 246696] '163.44.176.201' is suspected as Hard DoS attack! (counter: 12)
[Sat Jan 17 00:30:28.289684 2026] [dosdetector_syslog:notice] [pid 246537:tid 246734] '163.44.176.201' is suspected as Hard DoS attack! (counter: 13)
[Sat Jan 17 00:30:28.378292 2026] [dosdetector_syslog:notice] [pid 246440:tid 246851] '163.44.176.201' is suspected as Hard DoS attack! (counter: 14)
[Sat Jan 17 00:30:47.536832 2026] [dosdetector_syslog:notice] [pid 246339:tid 246683] '85.11.167.4' is suspected as DoS attack! (counter: 3)
[Sat Jan 17 00:30:48.316759 2026] [:crit] [pid 246339:tid 246683] [client 85.11.167.4:44750] mod_spamhaus_new: address 4.167.11.85.sbl-xbl.spamhaus.org is blacklisted. Deny connection to pyneca.shop/, referer: https://pyneca.shop
[Sat Jan 17 00:31:01.858304 2026] [dosdetector_syslog:notice] [pid 246537:tid 246832] '101.142.158.1' is suspected as Hard DoS attack! (counter: 10)
[Sat Jan 17 00:31:02.962376 2026] [dosdetector_syslog:notice] [pid 246440:tid 246835] '209.97.180.8' is suspected as DoS attack! (counter: 3)
[Sat Jan 17 00:31:11.872606 2026] [dosdetector_syslog:notice] [pid 246537:tid 246715] '101.142.158.1' is suspected as Hard DoS attack! (counter: 11)
[Sat Jan 17 00:31:13.530401 2026] [core:crit] [pid 246537:tid 246763] (13)Permission denied: [client 54.234.189.198:46636] AH00529: /virtual/fuwafuwasavon/public_html/.htaccess pcfg_openfile: unable to check htaccess file, ensure it is readable and that '/virtual/fuwafuwasavon/public_html/' is executable
[Sat Jan 17 00:31:13.741819 2026] [core:crit] [pid 246339:tid 246705] (13)Permission denied: [client 54.234.189.198:59744] AH00529: /virtual/fuwafuwasavon/public_html/.htaccess pcfg_openfile: unable to check htaccess file, ensure it is readable and that '/virtual/fuwafuwasavon/public_html/' is executable
[Sat Jan 17 00:31:14.255758 2026] [dosdetector_syslog:notice] [pid 246537:tid 246775] '163.44.176.201' is suspected as Hard DoS attack! (counter: 15)
[Sat Jan 17 00:31:14.317150 2026] [dosdetector_syslog:notice] [pid 246440:tid 246616] '163.44.176.201' is suspected as Hard DoS attack! (counter: 16)
[Sat Jan 17 00:31:17.085607 2026] [dosdetector_syslog:notice] [pid 246440:tid 246732] '163.44.176.201' is suspected as Hard DoS attack! (counter: 17)
[Sat Jan 17 00:31:17.154101 2026] [dosdetector_syslog:notice] [pid 246537:tid 246844] '163.44.176.201' is suspected as Hard DoS attack! (counter: 18)
[Sat Jan 17 00:31:17.246594 2026] [dosdetector_syslog:notice] [pid 246440:tid 246750] '163.44.176.201' is suspected as Hard DoS attack! (counter: 19)
[Sat Jan 17 00:31:17.337954 2026] [dosdetector_syslog:notice] [pid 246440:tid 246762] '163.44.176.201' is suspected as Hard DoS attack! (counter: 20)
[Sat Jan 17 00:31:21.874312 2026] [dosdetector_syslog:notice] [pid 246537:tid 246809] '101.142.158.1' is suspected as Hard DoS attack! (counter: 12)
[Sat Jan 17 00:31:30.106691 2026] [dosdetector_syslog:notice] [pid 246339:tid 246614] '157.245.204.205' is suspected as DoS attack! (counter: 3)
[Sat Jan 17 00:31:31.874499 2026] [dosdetector_syslog:notice] [pid 246537:tid 246840] '101.142.158.1' is suspected as Hard DoS attack! (counter: 13)
[Sat Jan 17 00:31:32.130688 2026] [dosdetector_syslog:notice] [pid 246440:tid 246626] '60.122.36.139' is suspected as DoS attack! (counter: 3)
[Sat Jan 17 00:31:38.053278 2026] [dosdetector_syslog:notice] [pid 246537:tid 246825] '101.142.158.1' is suspected as Hard DoS attack! (counter: 14)
[Sat Jan 17 00:31:38.205771 2026] [dosdetector_syslog:notice] [pid 246537:tid 246760] '101.142.158.1' is suspected as Hard DoS attack! (counter: 15)
[Sat Jan 17 00:31:38.629314 2026] [core:crit] [pid 246537:tid 246832] (13)Permission denied: [client 2a06:98c0:3600::103:13332] AH00529: /virtual/rosyutsu/public_html/.htaccess pcfg_openfile: unable to check htaccess file, ensure it is readable and that '/virtual/rosyutsu/public_html/' is executable
[Sat Jan 17 00:31:42.851878 2026] [dosdetector_syslog:notice] [pid 246537:tid 246789] '101.142.158.1' is suspected as Hard DoS attack! (counter: 16)
[Sat Jan 17 00:31:49.754591 2026] [dosdetector_syslog:notice] [pid 246537:tid 246696] '163.44.176.201' is suspected as Hard DoS attack! (counter: 21)
[Sat Jan 17 00:31:52.331729 2026] [dosdetector_syslog:notice] [pid 246440:tid 246728] '160.251.151.147' is suspected as DoS attack! (counter: 3)
[Sat Jan 17 00:31:52.607468 2026] [dosdetector_syslog:notice] [pid 246537:tid 246684] '101.142.158.1' is suspected as Hard DoS attack! (counter: 17)
[Sat Jan 17 00:31:52.902647 2026] [dosdetector_syslog:notice] [pid 246537:tid 246840] '101.142.158.1' is suspected as Hard DoS attack! (counter: 18)
[Sat Jan 17 00:31:53.262723 2026] [dosdetector_syslog:notice] [pid 246537:tid 246577] '47.100.175.87' is suspected as DoS attack! (counter: 3)
[Sat Jan 17 00:32:00.879484 2026] [dosdetector_syslog:notice] [pid 246537:tid 246822] '101.142.158.1' is suspected as Hard DoS attack! (counter: 19)
[Sat Jan 17 00:32:02.886722 2026] [dosdetector_syslog:notice] [pid 246537:tid 246818] '101.142.158.1' is suspected as Hard DoS attack! (counter: 20)
[Sat Jan 17 00:32:02.931597 2026] [dosdetector_syslog:notice] [pid 246537:tid 246654] '101.142.158.1' is suspected as Hard DoS attack! (counter: 21)
[Sat Jan 17 00:32:06.642507 2026] [dosdetector_syslog:notice] [pid 246537:tid 246700] '103.157.204.219' is suspected as DoS attack! (counter: 3)
[Sat Jan 17 00:32:14.441589 2026] [dosdetector_syslog:notice] [pid 246339:tid 246683] '101.142.158.1' is suspected as Hard DoS attack! (counter: 22)
[Sat Jan 17 00:32:16.188231 2026] [dosdetector_syslog:notice] [pid 246440:tid 246628] '148.66.23.106' is suspected as DoS attack! (counter: 3)
[Sat Jan 17 00:32:16.976663 2026] [core:crit] [pid 246537:tid 246793] (13)Permission denied: [client 2a06:98c0:3600::103:10730] AH00529: /virtual/rosyutsu/public_html/.htaccess pcfg_openfile: unable to check htaccess file, ensure it is readable and that '/virtual/rosyutsu/public_html/' is executable
[Sat Jan 17 00:32:18.059915 2026] [dosdetector_syslog:notice] [pid 246440:tid 246728] '163.44.176.201' is suspected as Hard DoS attack! (counter: 22)
[Sat Jan 17 00:32:18.124501 2026] [dosdetector_syslog:notice] [pid 246440:tid 246714] '163.44.176.201' is suspected as Hard DoS attack! (counter: 23)
[Sat Jan 17 00:32:18.256358 2026] [dosdetector_syslog:notice] [pid 246440:tid 246746] '163.44.176.201' is suspected as Hard DoS attack! (counter: 24)
[Sat Jan 17 00:32:18.333557 2026] [dosdetector_syslog:notice] [pid 246440:tid 246845] '163.44.176.201' is suspected as Hard DoS attack! (counter: 25)
[Sat Jan 17 00:32:18.398408 2026] [dosdetector_syslog:notice] [pid 246537:tid 246720] '163.44.176.201' is suspected as Hard DoS attack! (counter: 26)
[Sat Jan 17 00:32:18.547846 2026] [dosdetector_syslog:notice] [pid 246440:tid 246839] '163.44.176.201' is suspected as Hard DoS attack! (counter: 27)
[Sat Jan 17 00:32:18.612448 2026] [dosdetector_syslog:notice] [pid 246440:tid 246637] '163.44.176.201' is suspected as Hard DoS attack! (counter: 28)
[Sat Jan 17 00:32:18.700589 2026] [dosdetector_syslog:notice] [pid 246537:tid 246662] '163.44.176.201' is suspected as Hard DoS attack! (counter: 29)
[Sat Jan 17 00:32:22.917551 2026] [dosdetector_syslog:notice] [pid 246339:tid 246756] '101.142.158.1' is suspected as Hard DoS attack! (counter: 23)
[Sat Jan 17 00:32:31.855453 2026] [dosdetector_syslog:notice] [pid 246440:tid 246613] '38.60.125.124' is suspected as DoS attack! (counter: 3)
[Sat Jan 17 00:32:32.301189 2026] [dosdetector_syslog:notice] [pid 246440:tid 246622] '163.44.176.201' is suspected as Hard DoS attack! (counter: 30)
[Sat Jan 17 00:32:32.365137 2026] [dosdetector_syslog:notice] [pid 246339:tid 246629] '163.44.176.201' is suspected as Hard DoS attack! (counter: 31)
[Sat Jan 17 00:32:33.117979 2026] [dosdetector_syslog:notice] [pid 246537:tid 246590] '175.134.160.194' is suspected as DoS attack! (counter: 3)
[Sat Jan 17 00:32:43.181731 2026] [dosdetector_syslog:notice] [pid 246339:tid 246761] '163.44.176.201' is suspected as Hard DoS attack! (counter: 32)
[Sat Jan 17 00:32:43.298605 2026] [dosdetector_syslog:notice] [pid 246440:tid 246714] '163.44.176.201' is suspected as Hard DoS attack! (counter: 33)
[Sat Jan 17 00:32:45.820816 2026] [dosdetector_syslog:notice] [pid 246537:tid 246741] '101.142.158.1' is suspected as Hard DoS attack! (counter: 24)
[Sat Jan 17 00:32:46.070445 2026] [dosdetector_syslog:notice] [pid 246537:tid 246675] '143.92.37.176' is suspected as DoS attack! (counter: 3)
[Sat Jan 17 00:32:47.479228 2026] [dosdetector_syslog:notice] [pid 246440:tid 246681] '163.44.176.201' is suspected as Hard DoS attack! (counter: 34)
[Sat Jan 17 00:32:47.539340 2026] [dosdetector_syslog:notice] [pid 246537:tid 246715] '163.44.176.201' is suspected as Hard DoS attack! (counter: 35)
[Sat Jan 17 00:32:47.628315 2026] [dosdetector_syslog:notice] [pid 246440:tid 246694] '163.44.176.201' is suspected as Hard DoS attack! (counter: 36)
[Sat Jan 17 00:32:47.710256 2026] [dosdetector_syslog:notice] [pid 246537:tid 246757] '163.44.176.201' is suspected as Hard DoS attack! (counter: 37)
[Sat Jan 17 00:32:49.318976 2026] [dosdetector_syslog:notice] [pid 246339:tid 246631] '160.251.151.147' is suspected as Hard DoS attack! (counter: 10)
[Sat Jan 17 00:32:49.467401 2026] [dosdetector_syslog:notice] [pid 246339:tid 246624] '163.44.176.201' is suspected as Hard DoS attack! (counter: 38)
[Sat Jan 17 00:32:49.530134 2026] [dosdetector_syslog:notice] [pid 246537:tid 246816] '163.44.176.201' is suspected as Hard DoS attack! (counter: 39)
[Sat Jan 17 00:32:49.787626 2026] [dosdetector_syslog:notice] [pid 246440:tid 246719] '163.44.176.201' is suspected as Hard DoS attack! (counter: 40)
[Sat Jan 17 00:32:49.855227 2026] [dosdetector_syslog:notice] [pid 246440:tid 246773] '163.44.176.201' is suspected as Hard DoS attack! (counter: 41)
[Sat Jan 17 00:32:49.915162 2026] [dosdetector_syslog:notice] [pid 246537:tid 246680] '163.44.176.201' is suspected as Hard DoS attack! (counter: 42)
[Sat Jan 17 00:32:50.177356 2026] [dosdetector_syslog:notice] [pid 246339:tid 246642] '163.44.176.201' is suspected as Hard DoS attack! (counter: 43)
[Sat Jan 17 00:32:50.250026 2026] [dosdetector_syslog:notice] [pid 246440:tid 246808] '163.44.176.201' is suspected as Hard DoS attack! (counter: 44)
[Sat Jan 17 00:32:50.363453 2026] [dosdetector_syslog:notice] [pid 246440:tid 246765] '163.44.176.201' is suspected as Hard DoS attack! (counter: 45)
[Sat Jan 17 00:32:51.007190 2026] [dosdetector_syslog:notice] [pid 246537:tid 246842] '101.142.158.1' is suspected as Hard DoS attack! (counter: 25)
[Sat Jan 17 00:32:55.841277 2026] [dosdetector_syslog:notice] [pid 246339:tid 246742] '101.142.158.1' is suspected as Hard DoS attack! (counter: 26)
[Sat Jan 17 00:33:00.560268 2026] [dosdetector_syslog:notice] [pid 246339:tid 246635] '163.44.176.201' is suspected as Hard DoS attack! (counter: 46)
[Sat Jan 17 00:33:00.623401 2026] [dosdetector_syslog:notice] [pid 246537:tid 246720] '163.44.176.201' is suspected as Hard DoS attack! (counter: 47)
[Sat Jan 17 00:33:00.745605 2026] [dosdetector_syslog:notice] [pid 246440:tid 246732] '163.44.176.201' is suspected as Hard DoS attack! (counter: 48)
[Sat Jan 17 00:33:00.826677 2026] [dosdetector_syslog:notice] [pid 246537:tid 246809] '163.44.176.201' is suspected as Hard DoS attack! (counter: 49)
[Sat Jan 17 00:33:05.369954 2026] [dosdetector_syslog:notice] [pid 246537:tid 246580] '14.133.72.217' is suspected as DoS attack! (counter: 3)
[Sat Jan 17 00:33:06.396302 2026] [dosdetector_syslog:notice] [pid 246537:tid 246700] '160.251.151.147' is suspected as Hard DoS attack! (counter: 11)
[Sat Jan 17 00:33:10.723700 2026] [dosdetector_syslog:notice] [pid 246537:tid 246760] '160.251.151.147' is suspected as Hard DoS attack! (counter: 12)
[Sat Jan 17 00:33:13.123540 2026] [dosdetector_syslog:notice] [pid 246440:tid 246770] '160.251.151.147' is suspected as Hard DoS attack! (counter: 13)
[Sat Jan 17 00:33:14.693741 2026] [dosdetector_syslog:notice] [pid 246440:tid 246768] '101.142.158.1' is suspected as Hard DoS attack! (counter: 27)
[Sat Jan 17 00:33:17.521286 2026] [dosdetector_syslog:notice] [pid 246440:tid 246637] '163.44.176.201' is suspected as Hard DoS attack! (counter: 50)
[Sat Jan 17 00:33:17.583547 2026] [dosdetector_syslog:notice] [pid 246339:tid 246619] '163.44.176.201' is suspected as Hard DoS attack! (counter: 51)
[Sat Jan 17 00:33:17.674141 2026] [dosdetector_syslog:notice] [pid 246440:tid 246852] '163.44.176.201' is suspected as Hard DoS attack! (counter: 52)
[Sat Jan 17 00:33:17.755705 2026] [dosdetector_syslog:notice] [pid 246537:tid 246828] '163.44.176.201' is suspected as Hard DoS attack! (counter: 53)
Can't use 'defined(%hash)' (Maybe you should just omit the defined()?) at ./module/jcode.pl line 679.
Compilation failed in require at ./module/radagast.pl line 46.
[Sat Jan 17 00:33:18.838989 2026] [dosdetector_syslog:notice] [pid 246339:tid 246693] '14.13.132.64' is suspected as DoS attack! (counter: 3)
[Sat Jan 17 00:33:20.474112 2026] [dosdetector_syslog:notice] [pid 246339:tid 246754] '160.251.151.147' is suspected as Hard DoS attack! (counter: 14)
[Sat Jan 17 00:33:23.670470 2026] [dosdetector_syslog:notice] [pid 246537:tid 246678] '130.62.221.254' is suspected as DoS attack! (counter: 3)
[Sat Jan 17 00:33:24.666567 2026] [dosdetector_syslog:notice] [pid 246440:tid 246643] '101.142.158.1' is suspected as Hard DoS attack! (counter: 28)
[Sat Jan 17 00:33:27.030131 2026] [dosdetector_syslog:notice] [pid 246440:tid 246748] '160.251.151.147' is suspected as Hard DoS attack! (counter: 15)
[Sat Jan 17 00:33:31.302884 2026] [dosdetector_syslog:notice] [pid 246440:tid 246858] '160.251.151.147' is suspected as Hard DoS attack! (counter: 16)
[Sat Jan 17 00:33:34.670418 2026] [dosdetector_syslog:notice] [pid 246440:tid 246856] '101.142.158.1' is suspected as Hard DoS attack! (counter: 29)
[Sat Jan 17 00:33:38.371455 2026] [dosdetector_syslog:notice] [pid 246440:tid 246865] '101.142.158.1' is suspected as Hard DoS attack! (counter: 30)
[Sat Jan 17 00:33:44.697565 2026] [dosdetector_syslog:notice] [pid 246440:tid 246618] '101.142.158.1' is suspected as Hard DoS attack! (counter: 31)
[Sat Jan 17 00:33:47.279573 2026] [dosdetector_syslog:notice] [pid 246440:tid 246858] '160.251.151.147' is suspected as Hard DoS attack! (counter: 17)
[Sat Jan 17 00:33:53.804954 2026] [dosdetector_syslog:notice] [pid 246440:tid 246833] '160.251.151.147' is suspected as Hard DoS attack! (counter: 18)
[Sat Jan 17 00:33:54.673282 2026] [dosdetector_syslog:notice] [pid 246440:tid 246689] '101.142.158.1' is suspected as Hard DoS attack! (counter: 32)
[Sat Jan 17 00:33:54.772360 2026] [dosdetector_syslog:notice] [pid 246537:tid 246753] '160.251.151.147' is suspected as Hard DoS attack! (counter: 19)
[Sat Jan 17 00:33:57.115817 2026] [dosdetector_syslog:notice] [pid 246440:tid 246837] '160.251.151.147' is suspected as Hard DoS attack! (counter: 20)
[Sat Jan 17 00:33:57.610720 2026] [dosdetector_syslog:notice] [pid 246440:tid 246736] '101.142.158.1' is suspected as Hard DoS attack! (counter: 33)
[Sat Jan 17 00:33:57.790091 2026] [dosdetector_syslog:notice] [pid 246440:tid 246851] '101.142.158.1' is suspected as Hard DoS attack! (counter: 34)
[Sat Jan 17 00:33:59.122847 2026] [dosdetector_syslog:notice] [pid 246537:tid 246812] '160.251.151.147' is suspected as Hard DoS attack! (counter: 21)
[Sat Jan 17 00:34:00.914125 2026] [dosdetector_syslog:notice] [pid 246537:tid 246814] '160.251.151.147' is suspected as Hard DoS attack! (counter: 22)
[Sat Jan 17 00:34:02.794792 2026] [dosdetector_syslog:notice] [pid 246537:tid 246581] '60.122.36.139' is suspected as Hard DoS attack! (counter: 10)
[Sat Jan 17 00:34:04.835332 2026] [dosdetector_syslog:notice] [pid 246440:tid 246852] '101.142.158.1' is suspected as Hard DoS attack! (counter: 35)
[Sat Jan 17 00:34:06.211995 2026] [dosdetector_syslog:notice] [pid 246339:tid 246380] '60.122.36.139' is suspected as Hard DoS attack! (counter: 11)
suexec policy violation: see suexec log for more details
suexec policy violation: see suexec log for more details
[Sat Jan 17 00:34:15.310318 2026] [dosdetector_syslog:notice] [pid 246537:tid 246669] '160.251.151.147' is suspected as Hard DoS attack! (counter: 23)
[Sat Jan 17 00:34:15.789989 2026] [dosdetector_syslog:notice] [pid 246440:tid 246839] '101.142.158.1' is suspected as Hard DoS attack! (counter: 36)
[Sat Jan 17 00:34:19.959963 2026] [dosdetector_syslog:notice] [pid 246537:tid 246809] '160.251.151.147' is suspected as Hard DoS attack! (counter: 24)
[Sat Jan 17 00:34:22.343897 2026] [dosdetector_syslog:notice] [pid 246339:tid 246659] '160.251.151.147' is suspected as Hard DoS attack! (counter: 25)
[Sat Jan 17 00:34:22.597425 2026] [dosdetector_syslog:notice] [pid 246537:tid 246828] '156.254.20.86' is suspected as DoS attack! (counter: 3)
[Sat Jan 17 00:34:24.810093 2026] [mpm_event:notice] [pid 49307:tid 49307] AH00493: SIGUSR1 received.  Doing graceful restart
[Sat Jan 17 00:34:24.986106 2026] [fcgid:emerg] [pid 246339:tid 246362] (22)Invalid argument: [remote 57.141.14.53:37098] mod_fcgid: can't lock process table in pid 246339
[Sat Jan 17 00:34:25.031731 2026] [fcgid:emerg] [pid 246537:tid 246684] (22)Invalid argument: [client 66.249.69.135:45079] mod_fcgid: can't lock process table in pid 246537
[Sat Jan 17 00:34:25.544227 2026] [fcgid:emerg] [pid 246440:tid 246496] (22)Invalid argument: [remote 57.141.14.2:33504] mod_fcgid: can't lock process table in pid 246440
[Sat Jan 17 00:34:31.583254 2026] [:notice] [pid 49307:tid 49307] mod_bw : Memory Allocated 96 bytes (each conf takes 48 bytes)
[Sat Jan 17 00:34:31.583337 2026] [:notice] [pid 49307:tid 49307] mod_bw : Version 0.92 - Initialized [2 Confs]
[Sat Jan 17 00:34:31.591953 2026] [mpm_event:notice] [pid 49307:tid 49307] AH00489: Apache/2.4.63 (Unix) OpenSSL/1.1.1k mod_fcgid/2.3.9 configured -- resuming normal operations
[Sat Jan 17 00:34:31.591989 2026] [core:notice] [pid 49307:tid 49307] AH00094: Command line: '/usr/local/apache24/bin/httpd -T'
Can't use 'defined(%hash)' (Maybe you should just omit the defined()?) at ./module/jcode.pl line 679.
Compilation failed in require at ./module/radagast.pl line 46.
suexec policy violation: see suexec log for more details
suexec policy violation: see suexec log for more details
[Sat Jan 17 00:34:42.619860 2026] [dosdetector_syslog:notice] [pid 256401:tid 256479] '126.162.119.31' is suspected as DoS attack! (counter: 3)
[Sat Jan 17 00:34:55.823920 2026] [dosdetector_syslog:notice] [pid 256180:tid 256337] '160.251.151.147' is suspected as DoS attack! (counter: 3)
[Sat Jan 17 00:34:59.173703 2026] [core:alert] [pid 256180:tid 256405] [client 2a06:98c0:3600::103:13146] /virtual/ittemiyokado/public_html/ittemiyokado.shop/.htaccess: Invalid command '\xef\xbc\x9cFiles', perhaps misspelled or defined by a module not included in the server configuration
[Sat Jan 17 00:35:12.534406 2026] [dosdetector_syslog:notice] [pid 256180:tid 256434] '163.44.176.201' is suspected as DoS attack! (counter: 3)
[Sat Jan 17 00:35:27.392353 2026] [dosdetector_syslog:notice] [pid 256289:tid 256504] '216.118.226.210' is suspected as DoS attack! (counter: 3)
[Sat Jan 17 00:35:34.558561 2026] [dosdetector_syslog:notice] [pid 256401:tid 256538] '61.46.110.217' is suspected as DoS attack! (counter: 3)
[Sat Jan 17 00:35:44.892535 2026] [dosdetector_syslog:notice] [pid 256401:tid 256575] '160.251.151.147' is suspected as Hard DoS attack! (counter: 10)
[Sat Jan 17 00:35:50.418367 2026] [dosdetector_syslog:notice] [pid 256401:tid 256588] '60.122.36.139' is suspected as DoS attack! (counter: 3)
[Sat Jan 17 00:35:59.307345 2026] [mpm_event:notice] [pid 49307:tid 49307] AH00493: SIGUSR1 received.  Doing graceful restart
[Sat Jan 17 00:35:59.518938 2026] [fcgid:emerg] [pid 256180:tid 256209] (22)Invalid argument: [remote 57.141.14.61:38502] mod_fcgid: can't lock process table in pid 256180
[Sat Jan 17 00:35:59.615404 2026] [fcgid:emerg] [pid 256401:tid 256576] (22)Invalid argument: [client 182.22.28.111:59052] mod_fcgid: can't lock process table in pid 256401
[Sat Jan 17 00:35:59.661469 2026] [fcgid:emerg] [pid 256289:tid 256564] (22)Invalid argument: [client 45.230.26.180:49080] mod_fcgid: can't lock process table in pid 256289, referer: http://pension-formen.com/
[Sat Jan 17 00:36:05.797159 2026] [:notice] [pid 49307:tid 49307] mod_bw : Memory Allocated 96 bytes (each conf takes 48 bytes)
[Sat Jan 17 00:36:05.797243 2026] [:notice] [pid 49307:tid 49307] mod_bw : Version 0.92 - Initialized [2 Confs]
[Sat Jan 17 00:36:05.806418 2026] [mpm_event:notice] [pid 49307:tid 49307] AH00489: Apache/2.4.63 (Unix) OpenSSL/1.1.1k mod_fcgid/2.3.9 configured -- resuming normal operations
[Sat Jan 17 00:36:05.806451 2026] [core:notice] [pid 49307:tid 49307] AH00094: Command line: '/usr/local/apache24/bin/httpd -T'
[Sat Jan 17 00:36:05.871790 2026] [dosdetector_syslog:notice] [pid 261557:tid 261680] '101.142.158.1' is suspected as DoS attack! (counter: 3)
[Sat Jan 17 00:36:09.644172 2026] [dosdetector_syslog:notice] [pid 262066:tid 262336] '160.251.151.147' is suspected as DoS attack! (counter: 3)
[Sat Jan 17 00:36:11.183239 2026] [dosdetector_syslog:notice] [pid 262025:tid 262377] '60.122.36.139' is suspected as DoS attack! (counter: 3)
[Sat Jan 17 00:36:12.706940 2026] [:crit] [pid 262221:tid 262530] [client 95.214.55.246:45898] mod_spamhaus_new: address 246.55.214.95.sbl-xbl.spamhaus.org is blacklisted. Deny connection to gogods.shop/_next
[Sat Jan 17 00:36:18.305233 2026] [dosdetector_syslog:notice] [pid 262066:tid 262392] '100.42.230.20' is suspected as DoS attack! (counter: 3)
[Sat Jan 17 00:36:25.683152 2026] [:crit] [pid 262066:tid 262464] [client 208.115.193.99:54560] mod_spamhaus_new: address 99.193.115.208.sbl-xbl.spamhaus.org is blacklisted. Deny connection to hanbaiya62.shop/wp-login.php
[Sat Jan 17 00:36:31.846747 2026] [core:alert] [pid 262221:tid 262227] [remote 2a06:98c0:3600::103:12513] /virtual/ittemiyokado/public_html/ittemiyokado.shop/.htaccess: Invalid command '\xef\xbc\x9cFiles', perhaps misspelled or defined by a module not included in the server configuration
[Sat Jan 17 00:36:45.910650 2026] [dosdetector_syslog:notice] [pid 262066:tid 262296] '156.239.255.225' is suspected as DoS attack! (counter: 3)
[Sat Jan 17 00:36:58.963635 2026] [dosdetector_syslog:notice] [pid 262221:tid 262506] '122.10.24.21' is suspected as DoS attack! (counter: 3)
[Sat Jan 17 00:37:03.506170 2026] [dosdetector_syslog:notice] [pid 262221:tid 262503] '160.251.151.147' is suspected as Hard DoS attack! (counter: 10)
[Sat Jan 17 00:37:07.544891 2026] [dosdetector_syslog:notice] [pid 262221:tid 262544] '160.251.151.147' is suspected as Hard DoS attack! (counter: 11)
[Sat Jan 17 00:37:11.385253 2026] [dosdetector_syslog:notice] [pid 262066:tid 262394] '160.251.151.147' is suspected as Hard DoS attack! (counter: 12)
[Sat Jan 17 00:37:21.968273 2026] [core:crit] [pid 262221:tid 262546] (13)Permission denied: [client 43.131.243.61:56014] AH00529: /virtual/watapon1028/public_html/.htaccess pcfg_openfile: unable to check htaccess file, ensure it is readable and that '/virtual/watapon1028/public_html/' is executable
[Sat Jan 17 00:37:22.879084 2026] [dosdetector_syslog:notice] [pid 262066:tid 262272] '47.237.191.136' is suspected as DoS attack! (counter: 3)
[Sat Jan 17 00:37:23.261670 2026] [core:alert] [pid 262221:tid 262301] [remote 2a06:98c0:3600::103:11150] /virtual/ittemiyokado/public_html/ittemiyokado.shop/.htaccess: Invalid command '\xef\xbc\x9cFiles', perhaps misspelled or defined by a module not included in the server configuration
[Sat Jan 17 00:37:28.306455 2026] [dosdetector_syslog:notice] [pid 262221:tid 262495] '160.251.151.147' is suspected as Hard DoS attack! (counter: 13)
[Sat Jan 17 00:37:32.150662 2026] [dosdetector_syslog:notice] [pid 262066:tid 262461] '143.110.213.72' is suspected as DoS attack! (counter: 3)
[Sat Jan 17 00:37:32.699529 2026] [dosdetector_syslog:notice] [pid 262025:tid 262472] '160.251.151.147' is suspected as Hard DoS attack! (counter: 14)
[Sat Jan 17 00:37:33.751109 2026] [dosdetector_syslog:notice] [pid 262221:tid 262530] '163.44.176.201' is suspected as DoS attack! (counter: 3)
[Sat Jan 17 00:37:36.983447 2026] [dosdetector_syslog:notice] [pid 262221:tid 262506] '160.251.151.147' is suspected as Hard DoS attack! (counter: 15)
[Sat Jan 17 00:37:37.501213 2026] [dosdetector_syslog:notice] [pid 262025:tid 262036] '119.172.132.155' is suspected as DoS attack! (counter: 3)
[Sat Jan 17 00:37:39.859944 2026] [dosdetector_syslog:notice] [pid 262221:tid 262550] '160.251.151.147' is suspected as Hard DoS attack! (counter: 16)
[Sat Jan 17 00:37:42.485221 2026] [core:alert] [pid 262221:tid 262515] [client 2a06:98c0:3600::103:12607] /virtual/ittemiyokado/public_html/ittemiyokado.shop/.htaccess: Invalid command '\xef\xbc\x9cFiles', perhaps misspelled or defined by a module not included in the server configuration
[Sat Jan 17 00:37:43.772988 2026] [dosdetector_syslog:notice] [pid 262221:tid 262524] '160.251.151.147' is suspected as Hard DoS attack! (counter: 17)
[Sat Jan 17 00:37:47.308499 2026] [dosdetector_syslog:notice] [pid 262221:tid 262494] '160.251.151.147' is suspected as Hard DoS attack! (counter: 18)
[Sat Jan 17 00:37:47.325483 2026] [dosdetector_syslog:notice] [pid 262066:tid 262374] '160.251.151.147' is suspected as Hard DoS attack! (counter: 19)
[Sat Jan 17 00:37:54.782743 2026] [dosdetector_syslog:notice] [pid 262066:tid 262394] '103.207.68.71' is suspected as DoS attack! (counter: 3)
[Sat Jan 17 00:37:58.748750 2026] [dosdetector_syslog:notice] [pid 262025:tid 262085] '111.188.230.26' is suspected as DoS attack! (counter: 3)
[Sat Jan 17 00:38:07.311220 2026] [dosdetector_syslog:notice] [pid 262066:tid 262415] '160.251.151.147' is suspected as Hard DoS attack! (counter: 20)
[Sat Jan 17 00:38:07.523393 2026] [dosdetector_syslog:notice] [pid 262221:tid 262490] '160.251.151.147' is suspected as Hard DoS attack! (counter: 21)
[Sat Jan 17 00:38:08.142661 2026] [dosdetector_syslog:notice] [pid 262221:tid 262278] '14.133.72.217' is suspected as DoS attack! (counter: 3)
[Sat Jan 17 00:38:08.665134 2026] [dosdetector_syslog:notice] [pid 262221:tid 262519] '160.251.151.147' is suspected as Hard DoS attack! (counter: 22)
[Sat Jan 17 00:38:08.801415 2026] [dosdetector_syslog:notice] [pid 262066:tid 262418] '160.251.151.147' is suspected as Hard DoS attack! (counter: 23)
[Sat Jan 17 00:38:13.415167 2026] [dosdetector_syslog:notice] [pid 262221:tid 262514] '165.227.173.41' is suspected as DoS attack! (counter: 3)
[Sat Jan 17 00:38:13.888046 2026] [dosdetector_syslog:notice] [pid 262066:tid 262456] '188.166.108.93' is suspected as DoS attack! (counter: 3)
[Sat Jan 17 00:38:15.969203 2026] [dosdetector_syslog:notice] [pid 262025:tid 262435] '160.251.151.147' is suspected as Hard DoS attack! (counter: 24)
[Sat Jan 17 00:38:18.879335 2026] [dosdetector_syslog:notice] [pid 262221:tid 262490] '160.251.151.147' is suspected as Hard DoS attack! (counter: 25)
[Sat Jan 17 00:38:23.776887 2026] [dosdetector_syslog:notice] [pid 262221:tid 262532] '160.251.151.147' is suspected as Hard DoS attack! (counter: 26)
[Sat Jan 17 00:38:24.492904 2026] [dosdetector_syslog:notice] [pid 262221:tid 262528] '160.251.151.147' is suspected as Hard DoS attack! (counter: 27)
[Sat Jan 17 00:38:25.040519 2026] [dosdetector_syslog:notice] [pid 262066:tid 262442] '38.60.125.124' is suspected as DoS attack! (counter: 3)
[Sat Jan 17 00:38:32.425645 2026] [dosdetector_syslog:notice] [pid 262221:tid 262510] '160.251.151.147' is suspected as Hard DoS attack! (counter: 28)
/virtual/www/public_html/api/_sbin/ls: cannot access '/virtual/seaweedaquarium/_db_dump/': No such file or directory
/virtual/www/public_html/api/_sbin/ls: cannot access '/virtual/seaweedaquarium/public_html/log/phpmyadmin/': No such file or directory
/virtual/www/public_html/api/_sbin/ls: cannot access '/virtual/seaweedaquarium/public_html/log/phppgadmin/': No such file or directory
[Sat Jan 17 00:38:37.044185 2026] [dosdetector_syslog:notice] [pid 262221:tid 262514] '163.44.176.201' is suspected as Hard DoS attack! (counter: 10)
[Sat Jan 17 00:38:37.110590 2026] [dosdetector_syslog:notice] [pid 262025:tid 262275] '163.44.176.201' is suspected as Hard DoS attack! (counter: 11)
[Sat Jan 17 00:38:37.521383 2026] [dosdetector_syslog:notice] [pid 262025:tid 262479] '163.44.176.201' is suspected as Hard DoS attack! (counter: 12)
