[Sat Jan 17 00:10:27.274277 2026] [dosdetector_syslog:notice] [pid 197976:tid 198218] '160.251.151.147' is suspected as Hard DoS attack! (counter: 64)
[Sat Jan 17 00:10:33.178304 2026] [dosdetector_syslog:notice] [pid 197976:tid 198262] '163.44.176.201' is suspected as Hard DoS attack! (counter: 63)
[Sat Jan 17 00:10:33.243846 2026] [dosdetector_syslog:notice] [pid 197976:tid 198246] '163.44.176.201' is suspected as Hard DoS attack! (counter: 64)
[Sat Jan 17 00:10:35.810509 2026] [dosdetector_syslog:notice] [pid 197976:tid 198201] '160.251.151.147' is suspected as Hard DoS attack! (counter: 65)
[Sat Jan 17 00:10:37.122305 2026] [:crit] [pid 198112:tid 198304] [client 213.177.179.189:35886] mod_spamhaus_new: address 189.179.177.213.sbl-xbl.spamhaus.org is blacklisted. Deny connection to pen1.shop/, referer: https://pen1.shop
[Sat Jan 17 00:10:38.686675 2026] [dosdetector_syslog:notice] [pid 198112:tid 198329] '160.251.151.147' is suspected as Hard DoS attack! (counter: 66)
[Sat Jan 17 00:10:39.377815 2026] [dosdetector_syslog:notice] [pid 197976:tid 198266] '160.251.151.147' is suspected as Hard DoS attack! (counter: 67)
[Sat Jan 17 00:10:39.894339 2026] [dosdetector_syslog:notice] [pid 197879:tid 198129] '101.142.158.1' is suspected as Hard DoS attack! (counter: 15)
[Sat Jan 17 00:10:42.511207 2026] [dosdetector_syslog:notice] [pid 197879:tid 198137] '160.251.151.147' is suspected as Hard DoS attack! (counter: 68)
[Sat Jan 17 00:10:44.754175 2026] [dosdetector_syslog:notice] [pid 197879:tid 198102] '101.142.158.1' is suspected as Hard DoS attack! (counter: 16)
[Sat Jan 17 00:10:46.167332 2026] [dosdetector_syslog:notice] [pid 197976:tid 198269] '160.251.151.147' is suspected as Hard DoS attack! (counter: 69)
[Sat Jan 17 00:10:47.241396 2026] [dosdetector_syslog:notice] [pid 197879:tid 198070] '101.142.158.1' is suspected as Hard DoS attack! (counter: 17)
[Sat Jan 17 00:10:48.582006 2026] [dosdetector_syslog:notice] [pid 198112:tid 198336] '103.42.183.153' is suspected as DoS attack! (counter: 3)
[Sat Jan 17 00:10:54.643831 2026] [dosdetector_syslog:notice] [pid 198112:tid 198316] '160.251.151.147' is suspected as Hard DoS attack! (counter: 70)
[Sat Jan 17 00:10:54.648268 2026] [dosdetector_syslog:notice] [pid 197879:tid 198097] '118.99.50.51' is suspected as DoS attack! (counter: 3)
[Sat Jan 17 00:10:59.953804 2026] [dosdetector_syslog:notice] [pid 197976:tid 198249] '160.251.151.147' is suspected as Hard DoS attack! (counter: 71)
[Sat Jan 17 00:11:04.004142 2026] [dosdetector_syslog:notice] [pid 197976:tid 198215] '85.203.23.203' is suspected as DoS attack! (counter: 3)
[Sat Jan 17 00:11:05.690458 2026] [dosdetector_syslog:notice] [pid 197879:tid 198100] '160.251.151.147' is suspected as Hard DoS attack! (counter: 72)
[Sat Jan 17 00:11:05.831201 2026] [dosdetector_syslog:notice] [pid 198112:tid 198295] '101.142.158.1' is suspected as Hard DoS attack! (counter: 18)
[Sat Jan 17 00:11:06.067649 2026] [dosdetector_syslog:notice] [pid 197879:tid 198094] '160.251.151.147' is suspected as Hard DoS attack! (counter: 73)
[Sat Jan 17 00:11:13.417640 2026] [dosdetector_syslog:notice] [pid 197976:tid 198197] '160.251.151.147' is suspected as Hard DoS attack! (counter: 74)
[Sat Jan 17 00:11:14.803536 2026] [dosdetector_syslog:notice] [pid 198112:tid 198294] '160.251.151.147' is suspected as Hard DoS attack! (counter: 75)
[Sat Jan 17 00:11:22.806732 2026] [dosdetector_syslog:notice] [pid 197976:tid 198161] '160.251.151.147' is suspected as Hard DoS attack! (counter: 76)
[Sat Jan 17 00:11:23.025832 2026] [dosdetector_syslog:notice] [pid 198112:tid 198311] '160.251.151.147' is suspected as Hard DoS attack! (counter: 77)
[Sat Jan 17 00:11:24.030521 2026] [dosdetector_syslog:notice] [pid 198112:tid 198327] '94.26.106.114' is suspected as DoS attack! (counter: 3)
[Sat Jan 17 00:11:30.594201 2026] [dosdetector_syslog:notice] [pid 198112:tid 198296] '94.26.106.114' is suspected as Hard DoS attack! (counter: 10)
[Sat Jan 17 00:11:31.283785 2026] [dosdetector_syslog:notice] [pid 198112:tid 198312] '160.251.151.147' is suspected as Hard DoS attack! (counter: 78)
[Sat Jan 17 00:11:31.441420 2026] [dosdetector_syslog:notice] [pid 198112:tid 198276] '94.26.106.114' is suspected as Hard DoS attack! (counter: 11)
[Sat Jan 17 00:11:31.893582 2026] [dosdetector_syslog:notice] [pid 198112:tid 198300] '160.251.151.147' is suspected as Hard DoS attack! (counter: 79)
[Sat Jan 17 00:11:32.307234 2026] [dosdetector_syslog:notice] [pid 198112:tid 198305] '94.26.106.114' is suspected as Hard DoS attack! (counter: 12)
[Sat Jan 17 00:11:32.307270 2026] [dosdetector_syslog:notice] [pid 197976:tid 198218] '163.44.176.201' is suspected as Hard DoS attack! (counter: 65)
[Sat Jan 17 00:11:32.420337 2026] [dosdetector_syslog:notice] [pid 198112:tid 198289] '163.44.176.201' is suspected as Hard DoS attack! (counter: 66)
[Sat Jan 17 00:11:32.484257 2026] [dosdetector_syslog:notice] [pid 198112:tid 198332] '163.44.176.201' is suspected as Hard DoS attack! (counter: 67)
[Sat Jan 17 00:11:32.547541 2026] [dosdetector_syslog:notice] [pid 198112:tid 198286] '163.44.176.201' is suspected as Hard DoS attack! (counter: 68)
/virtual/www/public_html/api/_sbin/ls: cannot access '/virtual/seaweedaquarium/_db_dump/': No such file or directory
[Sat Jan 17 00:11:32.611381 2026] [dosdetector_syslog:notice] [pid 198112:tid 198285] '163.44.176.201' is suspected as Hard DoS attack! (counter: 69)
/virtual/www/public_html/api/_sbin/ls: cannot access '/virtual/seaweedaquarium/public_html/log/phpmyadmin/': No such file or directory
/virtual/www/public_html/api/_sbin/ls: cannot access '/virtual/seaweedaquarium/public_html/log/phppgadmin/': No such file or directory
[Sat Jan 17 00:11:33.182802 2026] [dosdetector_syslog:notice] [pid 198112:tid 198310] '94.26.106.114' is suspected as Hard DoS attack! (counter: 13)
[Sat Jan 17 00:11:34.081797 2026] [dosdetector_syslog:notice] [pid 198112:tid 198294] '94.26.106.114' is suspected as Hard DoS attack! (counter: 14)
[Sat Jan 17 00:11:34.927376 2026] [dosdetector_syslog:notice] [pid 198112:tid 198276] '94.26.106.114' is suspected as Hard DoS attack! (counter: 15)
[Sat Jan 17 00:11:35.782616 2026] [dosdetector_syslog:notice] [pid 198112:tid 198329] '94.26.106.114' is suspected as Hard DoS attack! (counter: 16)
[Sat Jan 17 00:11:35.989251 2026] [dosdetector_syslog:notice] [pid 198112:tid 198331] '163.44.176.201' is suspected as Hard DoS attack! (counter: 70)
[Sat Jan 17 00:11:36.052706 2026] [dosdetector_syslog:notice] [pid 197976:tid 198272] '163.44.176.201' is suspected as Hard DoS attack! (counter: 71)
[Sat Jan 17 00:11:36.121977 2026] [dosdetector_syslog:notice] [pid 198112:tid 198319] '163.44.176.201' is suspected as Hard DoS attack! (counter: 72)
[Sat Jan 17 00:11:36.645879 2026] [dosdetector_syslog:notice] [pid 198112:tid 198313] '94.26.106.114' is suspected as Hard DoS attack! (counter: 17)
[Sat Jan 17 00:11:38.300421 2026] [dosdetector_syslog:notice] [pid 198112:tid 198333] '94.26.106.114' is suspected as Hard DoS attack! (counter: 18)
[Sat Jan 17 00:11:39.423559 2026] [dosdetector_syslog:notice] [pid 198112:tid 198326] '94.26.106.114' is suspected as Hard DoS attack! (counter: 19)
[Sat Jan 17 00:11:39.915854 2026] [dosdetector_syslog:notice] [pid 197976:tid 198215] '163.44.176.201' is suspected as Hard DoS attack! (counter: 73)
[Sat Jan 17 00:11:39.976143 2026] [dosdetector_syslog:notice] [pid 198112:tid 198292] '163.44.176.201' is suspected as Hard DoS attack! (counter: 74)
[Sat Jan 17 00:11:39.998328 2026] [dosdetector_syslog:notice] [pid 198112:tid 198290] '101.142.158.1' is suspected as Hard DoS attack! (counter: 19)
[Sat Jan 17 00:11:40.067125 2026] [dosdetector_syslog:notice] [pid 197879:tid 198132] '163.44.176.201' is suspected as Hard DoS attack! (counter: 75)
[Sat Jan 17 00:11:40.142671 2026] [dosdetector_syslog:notice] [pid 197976:tid 198210] '163.44.176.201' is suspected as Hard DoS attack! (counter: 76)
[Sat Jan 17 00:11:40.281539 2026] [dosdetector_syslog:notice] [pid 198112:tid 198309] '94.26.106.114' is suspected as Hard DoS attack! (counter: 20)
[Sat Jan 17 00:11:41.135230 2026] [dosdetector_syslog:notice] [pid 198112:tid 198298] '94.26.106.114' is suspected as Hard DoS attack! (counter: 21)
[Sat Jan 17 00:11:41.665800 2026] [dosdetector_syslog:notice] [pid 198112:tid 198285] '163.44.176.201' is suspected as Hard DoS attack! (counter: 77)
[Sat Jan 17 00:11:41.726743 2026] [dosdetector_syslog:notice] [pid 198112:tid 198330] '163.44.176.201' is suspected as Hard DoS attack! (counter: 78)
[Sat Jan 17 00:11:41.991200 2026] [dosdetector_syslog:notice] [pid 198112:tid 198278] '94.26.106.114' is suspected as Hard DoS attack! (counter: 22)
[Sat Jan 17 00:11:42.858265 2026] [dosdetector_syslog:notice] [pid 198112:tid 198290] '94.26.106.114' is suspected as Hard DoS attack! (counter: 23)
[Sat Jan 17 00:11:43.697999 2026] [dosdetector_syslog:notice] [pid 198112:tid 198295] '94.26.106.114' is suspected as Hard DoS attack! (counter: 24)
[Sat Jan 17 00:11:44.552290 2026] [dosdetector_syslog:notice] [pid 198112:tid 198287] '94.26.106.114' is suspected as Hard DoS attack! (counter: 25)
[Sat Jan 17 00:11:45.412586 2026] [dosdetector_syslog:notice] [pid 198112:tid 198321] '94.26.106.114' is suspected as Hard DoS attack! (counter: 26)
[Sat Jan 17 00:11:46.261618 2026] [dosdetector_syslog:notice] [pid 198112:tid 198281] '94.26.106.114' is suspected as Hard DoS attack! (counter: 27)
[Sat Jan 17 00:11:47.101945 2026] [dosdetector_syslog:notice] [pid 198112:tid 198311] '94.26.106.114' is suspected as Hard DoS attack! (counter: 28)
[Sat Jan 17 00:11:47.818271 2026] [dosdetector_syslog:notice] [pid 197976:tid 198199] '160.251.151.147' is suspected as Hard DoS attack! (counter: 80)
[Sat Jan 17 00:11:47.952895 2026] [dosdetector_syslog:notice] [pid 198112:tid 198282] '94.26.106.114' is suspected as Hard DoS attack! (counter: 29)
[Sat Jan 17 00:11:48.803170 2026] [dosdetector_syslog:notice] [pid 198112:tid 198293] '94.26.106.114' is suspected as Hard DoS attack! (counter: 30)
[Sat Jan 17 00:11:49.668700 2026] [dosdetector_syslog:notice] [pid 198112:tid 198281] '94.26.106.114' is suspected as Hard DoS attack! (counter: 31)
[Sat Jan 17 00:11:50.535397 2026] [dosdetector_syslog:notice] [pid 198112:tid 198334] '94.26.106.114' is suspected as Hard DoS attack! (counter: 32)
[Sat Jan 17 00:11:51.436182 2026] [dosdetector_syslog:notice] [pid 198112:tid 198320] '94.26.106.114' is suspected as Hard DoS attack! (counter: 33)
[Sat Jan 17 00:11:51.736873 2026] [dosdetector_syslog:notice] [pid 198112:tid 198287] '203.91.77.31' is suspected as DoS attack! (counter: 3)
[Sat Jan 17 00:11:52.845180 2026] [dosdetector_syslog:notice] [pid 197976:tid 198273] '94.26.106.114' is suspected as Hard DoS attack! (counter: 34)
[Sat Jan 17 00:11:53.671955 2026] [dosdetector_syslog:notice] [pid 197879:tid 198141] '160.251.151.147' is suspected as Hard DoS attack! (counter: 81)
[Sat Jan 17 00:11:53.812085 2026] [dosdetector_syslog:notice] [pid 197976:tid 198173] '94.26.106.114' is suspected as Hard DoS attack! (counter: 35)
suexec policy violation: see suexec log for more details
[Sat Jan 17 00:11:54.417193 2026] [dosdetector_syslog:notice] [pid 198112:tid 198292] '101.142.158.1' is suspected as Hard DoS attack! (counter: 20)
[Sat Jan 17 00:11:54.690524 2026] [dosdetector_syslog:notice] [pid 197976:tid 198182] '94.26.106.114' is suspected as Hard DoS attack! (counter: 36)
[Sat Jan 17 00:11:55.576167 2026] [dosdetector_syslog:notice] [pid 197976:tid 198271] '94.26.106.114' is suspected as Hard DoS attack! (counter: 37)
[Sat Jan 17 00:11:56.432958 2026] [dosdetector_syslog:notice] [pid 197976:tid 198215] '94.26.106.114' is suspected as Hard DoS attack! (counter: 38)
[Sat Jan 17 00:11:57.315848 2026] [dosdetector_syslog:notice] [pid 197976:tid 198210] '94.26.106.114' is suspected as Hard DoS attack! (counter: 39)
[Sat Jan 17 00:11:58.191722 2026] [dosdetector_syslog:notice] [pid 197976:tid 198244] '94.26.106.114' is suspected as Hard DoS attack! (counter: 40)
[Sat Jan 17 00:11:59.058418 2026] [dosdetector_syslog:notice] [pid 197976:tid 198257] '94.26.106.114' is suspected as Hard DoS attack! (counter: 41)
[Sat Jan 17 00:11:59.941482 2026] [dosdetector_syslog:notice] [pid 197976:tid 198251] '94.26.106.114' is suspected as Hard DoS attack! (counter: 42)
[Sat Jan 17 00:12:00.072574 2026] [dosdetector_syslog:notice] [pid 198112:tid 198317] '101.142.158.1' is suspected as Hard DoS attack! (counter: 21)
[Sat Jan 17 00:12:00.819833 2026] [dosdetector_syslog:notice] [pid 197976:tid 198175] '94.26.106.114' is suspected as Hard DoS attack! (counter: 43)
[Sat Jan 17 00:12:00.865132 2026] [dosdetector_syslog:notice] [pid 198112:tid 198303] '160.251.151.147' is suspected as Hard DoS attack! (counter: 82)
[Sat Jan 17 00:12:01.223725 2026] [dosdetector_syslog:notice] [pid 198112:tid 198156] '61.46.110.217' is suspected as DoS attack! (counter: 3)
[Sat Jan 17 00:12:01.708179 2026] [dosdetector_syslog:notice] [pid 197976:tid 198187] '94.26.106.114' is suspected as Hard DoS attack! (counter: 44)
[Sat Jan 17 00:12:02.593657 2026] [dosdetector_syslog:notice] [pid 197976:tid 198273] '94.26.106.114' is suspected as Hard DoS attack! (counter: 45)
[Sat Jan 17 00:12:03.480861 2026] [dosdetector_syslog:notice] [pid 197976:tid 198173] '94.26.106.114' is suspected as Hard DoS attack! (counter: 46)
[Sat Jan 17 00:12:04.687762 2026] [dosdetector_syslog:notice] [pid 197976:tid 198205] '94.26.106.114' is suspected as Hard DoS attack! (counter: 47)
[Sat Jan 17 00:12:05.565553 2026] [dosdetector_syslog:notice] [pid 197976:tid 198250] '94.26.106.114' is suspected as Hard DoS attack! (counter: 48)
[Sat Jan 17 00:12:06.468282 2026] [dosdetector_syslog:notice] [pid 197976:tid 198210] '94.26.106.114' is suspected as Hard DoS attack! (counter: 49)
[Sat Jan 17 00:12:07.026482 2026] [dosdetector_syslog:notice] [pid 198112:tid 198304] '147.92.45.210' is suspected as DoS attack! (counter: 3)
[Sat Jan 17 00:12:07.349149 2026] [dosdetector_syslog:notice] [pid 197976:tid 198212] '94.26.106.114' is suspected as Hard DoS attack! (counter: 50)
[Sat Jan 17 00:12:08.220494 2026] [dosdetector_syslog:notice] [pid 197976:tid 198265] '94.26.106.114' is suspected as Hard DoS attack! (counter: 51)
[Sat Jan 17 00:12:09.127915 2026] [dosdetector_syslog:notice] [pid 197976:tid 198166] '94.26.106.114' is suspected as Hard DoS attack! (counter: 52)
[Sat Jan 17 00:12:09.502770 2026] [dosdetector_syslog:notice] [pid 198112:tid 198287] '101.142.158.1' is suspected as Hard DoS attack! (counter: 22)
[Sat Jan 17 00:12:09.999668 2026] [dosdetector_syslog:notice] [pid 197976:tid 198175] '94.26.106.114' is suspected as Hard DoS attack! (counter: 53)
[Sat Jan 17 00:12:11.661843 2026] [dosdetector_syslog:notice] [pid 197976:tid 198236] '94.26.106.114' is suspected as Hard DoS attack! (counter: 54)
[Sat Jan 17 00:12:12.786966 2026] [dosdetector_syslog:notice] [pid 197976:tid 198259] '94.26.106.114' is suspected as Hard DoS attack! (counter: 55)
[Sat Jan 17 00:12:13.658203 2026] [dosdetector_syslog:notice] [pid 197976:tid 198201] '94.26.106.114' is suspected as Hard DoS attack! (counter: 56)
[Sat Jan 17 00:12:14.554072 2026] [dosdetector_syslog:notice] [pid 197976:tid 198197] '94.26.106.114' is suspected as Hard DoS attack! (counter: 57)
[Sat Jan 17 00:12:15.446957 2026] [dosdetector_syslog:notice] [pid 197879:tid 198141] '160.251.151.147' is suspected as Hard DoS attack! (counter: 83)
[Sat Jan 17 00:12:15.540342 2026] [dosdetector_syslog:notice] [pid 197976:tid 198241] '94.26.106.114' is suspected as Hard DoS attack! (counter: 58)
[Sat Jan 17 00:12:16.414493 2026] [dosdetector_syslog:notice] [pid 197976:tid 198254] '94.26.106.114' is suspected as Hard DoS attack! (counter: 59)
[Sat Jan 17 00:12:17.284551 2026] [dosdetector_syslog:notice] [pid 197976:tid 198208] '94.26.106.114' is suspected as Hard DoS attack! (counter: 60)
[Sat Jan 17 00:12:18.161778 2026] [dosdetector_syslog:notice] [pid 197976:tid 198272] '94.26.106.114' is suspected as Hard DoS attack! (counter: 61)
[Sat Jan 17 00:12:19.024216 2026] [dosdetector_syslog:notice] [pid 197976:tid 198271] '94.26.106.114' is suspected as Hard DoS attack! (counter: 62)
[Sat Jan 17 00:12:19.503432 2026] [dosdetector_syslog:notice] [pid 198112:tid 198277] '101.142.158.1' is suspected as Hard DoS attack! (counter: 23)
[Sat Jan 17 00:12:19.916032 2026] [dosdetector_syslog:notice] [pid 197976:tid 198255] '94.26.106.114' is suspected as Hard DoS attack! (counter: 63)
[Sat Jan 17 00:12:20.778740 2026] [dosdetector_syslog:notice] [pid 197976:tid 198263] '94.26.106.114' is suspected as Hard DoS attack! (counter: 64)
Can't use 'defined(%hash)' (Maybe you should just omit the defined()?) at ./module/jcode.pl line 679.
Compilation failed in require at ./module/radagast.pl line 46.
[Sat Jan 17 00:12:21.684320 2026] [dosdetector_syslog:notice] [pid 197976:tid 198251] '94.26.106.114' is suspected as Hard DoS attack! (counter: 65)
[Sat Jan 17 00:12:22.541012 2026] [dosdetector_syslog:notice] [pid 197976:tid 198231] '94.26.106.114' is suspected as Hard DoS attack! (counter: 66)
[Sat Jan 17 00:12:23.410946 2026] [dosdetector_syslog:notice] [pid 197976:tid 198175] '94.26.106.114' is suspected as Hard DoS attack! (counter: 67)
[Sat Jan 17 00:12:24.863543 2026] [dosdetector_syslog:notice] [pid 197976:tid 198272] '94.26.106.114' is suspected as Hard DoS attack! (counter: 68)
[Sat Jan 17 00:12:25.715864 2026] [dosdetector_syslog:notice] [pid 197976:tid 198271] '94.26.106.114' is suspected as Hard DoS attack! (counter: 69)
[Sat Jan 17 00:12:26.558656 2026] [dosdetector_syslog:notice] [pid 197976:tid 198246] '94.26.106.114' is suspected as Hard DoS attack! (counter: 70)
[Sat Jan 17 00:12:27.440739 2026] [dosdetector_syslog:notice] [pid 197976:tid 198257] '94.26.106.114' is suspected as Hard DoS attack! (counter: 71)
[Sat Jan 17 00:12:27.829115 2026] [dosdetector_syslog:notice] [pid 197976:tid 198231] '5.189.187.80' is suspected as DoS attack! (counter: 3)
[Sat Jan 17 00:12:28.307255 2026] [dosdetector_syslog:notice] [pid 197976:tid 198267] '94.26.106.114' is suspected as Hard DoS attack! (counter: 72)
[Sat Jan 17 00:12:29.154747 2026] [dosdetector_syslog:notice] [pid 197976:tid 198273] '94.26.106.114' is suspected as Hard DoS attack! (counter: 73)
[Sat Jan 17 00:12:29.507820 2026] [dosdetector_syslog:notice] [pid 198112:tid 198313] '101.142.158.1' is suspected as Hard DoS attack! (counter: 24)
[Sat Jan 17 00:12:29.993717 2026] [dosdetector_syslog:notice] [pid 197976:tid 198173] '94.26.106.114' is suspected as Hard DoS attack! (counter: 74)
[Sat Jan 17 00:12:30.842604 2026] [dosdetector_syslog:notice] [pid 197976:tid 198236] '94.26.106.114' is suspected as Hard DoS attack! (counter: 75)
[Sat Jan 17 00:12:30.903993 2026] [dosdetector_syslog:notice] [pid 198112:tid 198291] '161.35.234.20' is suspected as DoS attack! (counter: 3)
[Sat Jan 17 00:12:31.999710 2026] [dosdetector_syslog:notice] [pid 197976:tid 198215] '94.26.106.114' is suspected as Hard DoS attack! (counter: 76)
[Sat Jan 17 00:12:32.919704 2026] [dosdetector_syslog:notice] [pid 197976:tid 198265] '94.26.106.114' is suspected as Hard DoS attack! (counter: 77)
[Sat Jan 17 00:12:33.547173 2026] [dosdetector_syslog:notice] [pid 197976:tid 198199] '5.189.187.80' is suspected as Hard DoS attack! (counter: 10)
[Sat Jan 17 00:12:33.767639 2026] [dosdetector_syslog:notice] [pid 197976:tid 198166] '94.26.106.114' is suspected as Hard DoS attack! (counter: 78)
[Sat Jan 17 00:12:34.367077 2026] [dosdetector_syslog:notice] [pid 197976:tid 198169] '5.189.187.80' is suspected as Hard DoS attack! (counter: 11)
[Sat Jan 17 00:12:34.828417 2026] [dosdetector_syslog:notice] [pid 197976:tid 198254] '94.26.106.114' is suspected as Hard DoS attack! (counter: 79)
[Sat Jan 17 00:12:35.192584 2026] [dosdetector_syslog:notice] [pid 197976:tid 198222] '5.189.187.80' is suspected as Hard DoS attack! (counter: 12)
[Sat Jan 17 00:12:35.687647 2026] [mpm_event:notice] [pid 49307:tid 49307] AH00493: SIGUSR1 received.  Doing graceful restart
[Sat Jan 17 00:12:39.513811 2026] [dosdetector_syslog:notice] [pid 198112:tid 198322] '101.142.158.1' is suspected as Hard DoS attack! (counter: 25)
[Sat Jan 17 00:12:39.513975 2026] [fcgid:emerg] [pid 198112:tid 198322] (22)Invalid argument: [client 101.142.158.1:63574] mod_fcgid: can't lock process table in pid 198112, referer: http://muzukasiina.sbs/wp-admin/post.php?post=49&action=edit
[Sat Jan 17 00:12:45.866420 2026] [:notice] [pid 49307:tid 49307] mod_bw : Memory Allocated 96 bytes (each conf takes 48 bytes)
[Sat Jan 17 00:12:45.866493 2026] [:notice] [pid 49307:tid 49307] mod_bw : Version 0.92 - Initialized [2 Confs]
[Sat Jan 17 00:12:45.874591 2026] [mpm_event:notice] [pid 49307:tid 49307] AH00489: Apache/2.4.63 (Unix) OpenSSL/1.1.1k mod_fcgid/2.3.9 configured -- resuming normal operations
[Sat Jan 17 00:12:45.874622 2026] [core:notice] [pid 49307:tid 49307] AH00094: Command line: '/usr/local/apache24/bin/httpd -T'
[Sat Jan 17 00:12:47.167004 2026] [dosdetector_syslog:notice] [pid 213534:tid 213639] '43.247.134.62' is suspected as DoS attack! (counter: 3)
[Sat Jan 17 00:12:47.880441 2026] [dosdetector_syslog:notice] [pid 214075:tid 214356] '160.251.151.147' is suspected as DoS attack! (counter: 3)
[Sat Jan 17 00:12:49.020456 2026] [dosdetector_syslog:notice] [pid 214075:tid 214360] '94.26.106.114' is suspected as DoS attack! (counter: 3)
[Sat Jan 17 00:12:50.042791 2026] [dosdetector_syslog:notice] [pid 213971:tid 214246] '5.189.187.80' is suspected as DoS attack! (counter: 3)
[Sat Jan 17 00:12:51.343479 2026] [dosdetector_syslog:notice] [pid 213971:tid 214293] '163.44.176.201' is suspected as DoS attack! (counter: 3)
[Sat Jan 17 00:12:55.530906 2026] [dosdetector_syslog:notice] [pid 214075:tid 214444] '94.26.106.114' is suspected as Hard DoS attack! (counter: 10)
[Sat Jan 17 00:12:56.434909 2026] [dosdetector_syslog:notice] [pid 214075:tid 214354] '94.26.106.114' is suspected as Hard DoS attack! (counter: 11)
[Sat Jan 17 00:12:57.323287 2026] [dosdetector_syslog:notice] [pid 214075:tid 214362] '94.26.106.114' is suspected as Hard DoS attack! (counter: 12)
[Sat Jan 17 00:12:58.286256 2026] [dosdetector_syslog:notice] [pid 214075:tid 214368] '94.26.106.114' is suspected as Hard DoS attack! (counter: 13)
[Sat Jan 17 00:12:59.151083 2026] [dosdetector_syslog:notice] [pid 214075:tid 214379] '94.26.106.114' is suspected as Hard DoS attack! (counter: 14)
[Sat Jan 17 00:13:00.080881 2026] [dosdetector_syslog:notice] [pid 214075:tid 214390] '94.26.106.114' is suspected as Hard DoS attack! (counter: 15)
[Sat Jan 17 00:13:00.950487 2026] [dosdetector_syslog:notice] [pid 214075:tid 214399] '94.26.106.114' is suspected as Hard DoS attack! (counter: 16)
[Sat Jan 17 00:13:01.438100 2026] [dosdetector_syslog:notice] [pid 214075:tid 214408] '5.189.187.80' is suspected as Hard DoS attack! (counter: 10)
[Sat Jan 17 00:13:01.822016 2026] [dosdetector_syslog:notice] [pid 214075:tid 214421] '94.26.106.114' is suspected as Hard DoS attack! (counter: 17)
[Sat Jan 17 00:13:02.262231 2026] [dosdetector_syslog:notice] [pid 214075:tid 214430] '5.189.187.80' is suspected as Hard DoS attack! (counter: 11)
[Sat Jan 17 00:13:02.951631 2026] [dosdetector_syslog:notice] [pid 214075:tid 214445] '163.44.176.201' is suspected as Hard DoS attack! (counter: 10)
[Sat Jan 17 00:13:03.027781 2026] [dosdetector_syslog:notice] [pid 214075:tid 214448] '94.26.106.114' is suspected as Hard DoS attack! (counter: 18)
[Sat Jan 17 00:13:03.050993 2026] [dosdetector_syslog:notice] [pid 214075:tid 214353] '163.44.176.201' is suspected as Hard DoS attack! (counter: 11)
[Sat Jan 17 00:13:03.083695 2026] [dosdetector_syslog:notice] [pid 214075:tid 214436] '5.189.187.80' is suspected as Hard DoS attack! (counter: 12)
[Sat Jan 17 00:13:03.114127 2026] [dosdetector_syslog:notice] [pid 214075:tid 214360] '163.44.176.201' is suspected as Hard DoS attack! (counter: 12)
[Sat Jan 17 00:13:03.175406 2026] [dosdetector_syslog:notice] [pid 214180:tid 214462] '163.44.176.201' is suspected as Hard DoS attack! (counter: 13)
[Sat Jan 17 00:13:03.887787 2026] [dosdetector_syslog:notice] [pid 214075:tid 214377] '94.26.106.114' is suspected as Hard DoS attack! (counter: 19)
[Sat Jan 17 00:13:03.901971 2026] [dosdetector_syslog:notice] [pid 214075:tid 214380] '5.189.187.80' is suspected as Hard DoS attack! (counter: 13)
[Sat Jan 17 00:13:04.494244 2026] [dosdetector_syslog:notice] [pid 214075:tid 214393] '163.44.176.201' is suspected as Hard DoS attack! (counter: 14)
[Sat Jan 17 00:13:04.558536 2026] [dosdetector_syslog:notice] [pid 214075:tid 214388] '163.44.176.201' is suspected as Hard DoS attack! (counter: 15)
[Sat Jan 17 00:13:04.653336 2026] [dosdetector_syslog:notice] [pid 214075:tid 214401] '163.44.176.201' is suspected as Hard DoS attack! (counter: 16)
[Sat Jan 17 00:13:04.718111 2026] [dosdetector_syslog:notice] [pid 214075:tid 214410] '163.44.176.201' is suspected as Hard DoS attack! (counter: 17)
[Sat Jan 17 00:13:04.719972 2026] [dosdetector_syslog:notice] [pid 214075:tid 214412] '5.189.187.80' is suspected as Hard DoS attack! (counter: 14)
[Sat Jan 17 00:13:04.780805 2026] [dosdetector_syslog:notice] [pid 214075:tid 214420] '163.44.176.201' is suspected as Hard DoS attack! (counter: 18)
[Sat Jan 17 00:13:04.871994 2026] [dosdetector_syslog:notice] [pid 214075:tid 214422] '94.26.106.114' is suspected as Hard DoS attack! (counter: 20)
[Sat Jan 17 00:13:05.543809 2026] [dosdetector_syslog:notice] [pid 214075:tid 214444] '5.189.187.80' is suspected as Hard DoS attack! (counter: 15)
[Sat Jan 17 00:13:05.751421 2026] [dosdetector_syslog:notice] [pid 214075:tid 214447] '94.26.106.114' is suspected as Hard DoS attack! (counter: 21)
[Sat Jan 17 00:13:05.783962 2026] [dosdetector_syslog:notice] [pid 214180:tid 214392] '103.254.149.26' is suspected as DoS attack! (counter: 3)
[Sat Jan 17 00:13:06.361363 2026] [dosdetector_syslog:notice] [pid 214075:tid 214362] '5.189.187.80' is suspected as Hard DoS attack! (counter: 16)
[Sat Jan 17 00:13:06.622050 2026] [dosdetector_syslog:notice] [pid 214075:tid 214351] '94.26.106.114' is suspected as Hard DoS attack! (counter: 22)
[Sat Jan 17 00:13:07.179545 2026] [dosdetector_syslog:notice] [pid 214075:tid 214374] '5.189.187.80' is suspected as Hard DoS attack! (counter: 17)
[Sat Jan 17 00:13:07.560096 2026] [dosdetector_syslog:notice] [pid 214075:tid 214393] '94.26.106.114' is suspected as Hard DoS attack! (counter: 23)
[Sat Jan 17 00:13:07.997254 2026] [dosdetector_syslog:notice] [pid 214075:tid 214401] '5.189.187.80' is suspected as Hard DoS attack! (counter: 18)
[Sat Jan 17 00:13:08.452309 2026] [dosdetector_syslog:notice] [pid 214075:tid 214420] '94.26.106.114' is suspected as Hard DoS attack! (counter: 24)
[Sat Jan 17 00:13:08.824272 2026] [dosdetector_syslog:notice] [pid 214075:tid 214430] '5.189.187.80' is suspected as Hard DoS attack! (counter: 19)
[Sat Jan 17 00:13:09.325831 2026] [core:alert] [pid 214180:tid 214253] [remote 2a06:98c0:3600::103:13977] /virtual/ittemiyokado/public_html/ittemiyokado.shop/.htaccess: Invalid command '\xef\xbc\x9cFiles', perhaps misspelled or defined by a module not included in the server configuration
[Sat Jan 17 00:13:09.403655 2026] [dosdetector_syslog:notice] [pid 214075:tid 214446] '94.26.106.114' is suspected as Hard DoS attack! (counter: 25)
[Sat Jan 17 00:13:09.663152 2026] [dosdetector_syslog:notice] [pid 214075:tid 214447] '5.189.187.80' is suspected as Hard DoS attack! (counter: 20)
[Sat Jan 17 00:13:10.361011 2026] [dosdetector_syslog:notice] [pid 214075:tid 214356] '94.26.106.114' is suspected as Hard DoS attack! (counter: 26)
[Sat Jan 17 00:13:10.482131 2026] [dosdetector_syslog:notice] [pid 214075:tid 214371] '5.189.187.80' is suspected as Hard DoS attack! (counter: 21)
[Sat Jan 17 00:13:11.226071 2026] [dosdetector_syslog:notice] [pid 214075:tid 214378] '94.26.106.114' is suspected as Hard DoS attack! (counter: 27)
[Sat Jan 17 00:13:11.317147 2026] [dosdetector_syslog:notice] [pid 214075:tid 214379] '5.189.187.80' is suspected as Hard DoS attack! (counter: 22)
[Sat Jan 17 00:13:12.093997 2026] [dosdetector_syslog:notice] [pid 214075:tid 214390] '94.26.106.114' is suspected as Hard DoS attack! (counter: 28)
[Sat Jan 17 00:13:12.135513 2026] [dosdetector_syslog:notice] [pid 214075:tid 214393] '5.189.187.80' is suspected as Hard DoS attack! (counter: 23)
[Sat Jan 17 00:13:12.966501 2026] [dosdetector_syslog:notice] [pid 214075:tid 214397] '5.189.187.80' is suspected as Hard DoS attack! (counter: 24)
[Sat Jan 17 00:13:13.804080 2026] [dosdetector_syslog:notice] [pid 214075:tid 214404] '5.189.187.80' is suspected as Hard DoS attack! (counter: 25)
[Sat Jan 17 00:13:13.980436 2026] [dosdetector_syslog:notice] [pid 214075:tid 214420] '94.26.106.114' is suspected as Hard DoS attack! (counter: 29)
[Sat Jan 17 00:13:14.629674 2026] [dosdetector_syslog:notice] [pid 214075:tid 214417] '5.189.187.80' is suspected as Hard DoS attack! (counter: 26)
[Sat Jan 17 00:13:14.862241 2026] [dosdetector_syslog:notice] [pid 214075:tid 214391] '94.26.106.114' is suspected as Hard DoS attack! (counter: 30)
[Sat Jan 17 00:13:15.451179 2026] [dosdetector_syslog:notice] [pid 214075:tid 214424] '5.189.187.80' is suspected as Hard DoS attack! (counter: 27)
[Sat Jan 17 00:13:15.495805 2026] [dosdetector_syslog:notice] [pid 214180:tid 214423] '72.60.152.185' is suspected as DoS attack! (counter: 3)
[Sat Jan 17 00:13:15.740088 2026] [dosdetector_syslog:notice] [pid 214075:tid 214362] '94.26.106.114' is suspected as Hard DoS attack! (counter: 31)
[Sat Jan 17 00:13:16.273742 2026] [dosdetector_syslog:notice] [pid 214075:tid 214371] '5.189.187.80' is suspected as Hard DoS attack! (counter: 28)
[Sat Jan 17 00:13:16.629852 2026] [dosdetector_syslog:notice] [pid 214075:tid 214369] '94.26.106.114' is suspected as Hard DoS attack! (counter: 32)
[Sat Jan 17 00:13:17.502368 2026] [dosdetector_syslog:notice] [pid 214075:tid 214386] '94.26.106.114' is suspected as Hard DoS attack! (counter: 33)
[Sat Jan 17 00:13:18.380269 2026] [dosdetector_syslog:notice] [pid 214075:tid 214401] '94.26.106.114' is suspected as Hard DoS attack! (counter: 34)
[Sat Jan 17 00:13:19.242821 2026] [dosdetector_syslog:notice] [pid 214075:tid 214412] '94.26.106.114' is suspected as Hard DoS attack! (counter: 35)
[Sat Jan 17 00:13:20.427347 2026] [dosdetector_syslog:notice] [pid 214075:tid 214391] '94.26.106.114' is suspected as Hard DoS attack! (counter: 36)
[Sat Jan 17 00:13:20.918852 2026] [dosdetector_syslog:notice] [pid 214180:tid 214392] '160.251.151.147' is suspected as Hard DoS attack! (counter: 10)
[Sat Jan 17 00:13:21.842601 2026] [dosdetector_syslog:notice] [pid 214075:tid 214366] '94.26.106.114' is suspected as Hard DoS attack! (counter: 37)
[Sat Jan 17 00:13:22.706688 2026] [dosdetector_syslog:notice] [pid 214075:tid 214379] '94.26.106.114' is suspected as Hard DoS attack! (counter: 38)
[Sat Jan 17 00:13:23.568169 2026] [dosdetector_syslog:notice] [pid 214075:tid 214376] '94.26.106.114' is suspected as Hard DoS attack! (counter: 39)
[Sat Jan 17 00:13:23.835008 2026] [dosdetector_syslog:notice] [pid 214075:tid 214415] '160.251.151.147' is suspected as Hard DoS attack! (counter: 11)
[Sat Jan 17 00:13:24.419545 2026] [dosdetector_syslog:notice] [pid 214075:tid 214441] '94.26.106.114' is suspected as Hard DoS attack! (counter: 40)
[Sat Jan 17 00:13:24.449838 2026] [dosdetector_syslog:notice] [pid 214180:tid 214462] '160.251.151.147' is suspected as Hard DoS attack! (counter: 12)
[Sat Jan 17 00:13:25.334621 2026] [dosdetector_syslog:notice] [pid 214075:tid 214356] '94.26.106.114' is suspected as Hard DoS attack! (counter: 41)
[Sat Jan 17 00:13:26.202860 2026] [dosdetector_syslog:notice] [pid 214075:tid 214380] '94.26.106.114' is suspected as Hard DoS attack! (counter: 42)
[Sat Jan 17 00:13:26.546007 2026] [:crit] [pid 214180:tid 214477] [client 192.3.255.181:51818] mod_spamhaus_new: address 181.255.3.192.sbl-xbl.spamhaus.org is blacklisted. Deny connection to leclerc1625.shop/profile/, referer: https://leclerc1625.shop/profile/
[Sat Jan 17 00:13:27.088817 2026] [dosdetector_syslog:notice] [pid 214075:tid 214393] '94.26.106.114' is suspected as Hard DoS attack! (counter: 43)
[Sat Jan 17 00:13:27.952816 2026] [dosdetector_syslog:notice] [pid 214075:tid 214364] '94.26.106.114' is suspected as Hard DoS attack! (counter: 44)
[Sat Jan 17 00:13:28.820136 2026] [dosdetector_syslog:notice] [pid 214075:tid 214428] '94.26.106.114' is suspected as Hard DoS attack! (counter: 45)
[Sat Jan 17 00:13:29.751446 2026] [dosdetector_syslog:notice] [pid 214075:tid 214358] '94.26.106.114' is suspected as Hard DoS attack! (counter: 46)
[Sat Jan 17 00:13:30.191795 2026] [dosdetector_syslog:notice] [pid 214180:tid 214451] '163.44.176.201' is suspected as Hard DoS attack! (counter: 19)
[Sat Jan 17 00:13:30.252819 2026] [dosdetector_syslog:notice] [pid 214180:tid 214454] '163.44.176.201' is suspected as Hard DoS attack! (counter: 20)
[Sat Jan 17 00:13:30.342471 2026] [dosdetector_syslog:notice] [pid 213971:tid 214298] '163.44.176.201' is suspected as Hard DoS attack! (counter: 21)
[Sat Jan 17 00:13:30.384491 2026] [dosdetector_syslog:notice] [pid 214075:tid 214382] '160.251.151.147' is suspected as Hard DoS attack! (counter: 13)
[Sat Jan 17 00:13:30.427595 2026] [dosdetector_syslog:notice] [pid 214075:tid 214381] '163.44.176.201' is suspected as Hard DoS attack! (counter: 22)
[Sat Jan 17 00:13:30.605017 2026] [dosdetector_syslog:notice] [pid 214075:tid 214379] '94.26.106.114' is suspected as Hard DoS attack! (counter: 47)
[Sat Jan 17 00:13:31.451864 2026] [dosdetector_syslog:notice] [pid 214075:tid 214390] '94.26.106.114' is suspected as Hard DoS attack! (counter: 48)
[Sat Jan 17 00:13:32.306560 2026] [dosdetector_syslog:notice] [pid 214075:tid 214376] '94.26.106.114' is suspected as Hard DoS attack! (counter: 49)
[Sat Jan 17 00:13:32.463552 2026] [dosdetector_syslog:notice] [pid 214075:tid 214406] '1.13.178.130' is suspected as DoS attack! (counter: 3)
[Sat Jan 17 00:13:33.150780 2026] [dosdetector_syslog:notice] [pid 214075:tid 214391] '94.26.106.114' is suspected as Hard DoS attack! (counter: 50)
[Sat Jan 17 00:13:34.006562 2026] [dosdetector_syslog:notice] [pid 214075:tid 214430] '94.26.106.114' is suspected as Hard DoS attack! (counter: 51)
[Sat Jan 17 00:13:34.887766 2026] [dosdetector_syslog:notice] [pid 214075:tid 214444] '94.26.106.114' is suspected as Hard DoS attack! (counter: 52)
[Sat Jan 17 00:13:35.787323 2026] [dosdetector_syslog:notice] [pid 214075:tid 214395] '94.26.106.114' is suspected as Hard DoS attack! (counter: 53)
[Sat Jan 17 00:13:36.622963 2026] [dosdetector_syslog:notice] [pid 214075:tid 214447] '160.251.151.147' is suspected as Hard DoS attack! (counter: 14)
[Sat Jan 17 00:13:36.627108 2026] [dosdetector_syslog:notice] [pid 214075:tid 214362] '94.26.106.114' is suspected as Hard DoS attack! (counter: 54)
[Sat Jan 17 00:13:37.508378 2026] [dosdetector_syslog:notice] [pid 214075:tid 214353] '94.26.106.114' is suspected as Hard DoS attack! (counter: 55)
[Sat Jan 17 00:13:38.031202 2026] [core:alert] [pid 214075:tid 214178] [remote 2a06:98c0:3600::103:11461] /virtual/ittemiyokado/public_html/ittemiyokado.shop/.htaccess: Invalid command '\xef\xbc\x9cFiles', perhaps misspelled or defined by a module not included in the server configuration
[Sat Jan 17 00:13:38.350451 2026] [dosdetector_syslog:notice] [pid 214075:tid 214381] '94.26.106.114' is suspected as Hard DoS attack! (counter: 56)
[Sat Jan 17 00:13:38.380886 2026] [dosdetector_syslog:notice] [pid 213971:tid 214345] '160.251.151.147' is suspected as Hard DoS attack! (counter: 15)
[Sat Jan 17 00:13:39.211260 2026] [dosdetector_syslog:notice] [pid 214075:tid 214375] '94.26.106.114' is suspected as Hard DoS attack! (counter: 57)
[Sat Jan 17 00:13:40.102994 2026] [dosdetector_syslog:notice] [pid 214075:tid 214404] '94.26.106.114' is suspected as Hard DoS attack! (counter: 58)
[Sat Jan 17 00:13:40.969288 2026] [dosdetector_syslog:notice] [pid 214075:tid 214446] '94.26.106.114' is suspected as Hard DoS attack! (counter: 59)
[Sat Jan 17 00:13:41.827012 2026] [dosdetector_syslog:notice] [pid 214075:tid 214395] '94.26.106.114' is suspected as Hard DoS attack! (counter: 60)
[Sat Jan 17 00:13:42.695901 2026] [dosdetector_syslog:notice] [pid 214075:tid 214377] '94.26.106.114' is suspected as Hard DoS attack! (counter: 61)
[Sat Jan 17 00:13:43.692906 2026] [dosdetector_syslog:notice] [pid 214075:tid 214418] '94.26.106.114' is suspected as Hard DoS attack! (counter: 62)
[Sat Jan 17 00:13:44.543832 2026] [dosdetector_syslog:notice] [pid 214075:tid 214371] '94.26.106.114' is suspected as Hard DoS attack! (counter: 63)
[Sat Jan 17 00:13:45.423684 2026] [dosdetector_syslog:notice] [pid 214075:tid 214369] '94.26.106.114' is suspected as Hard DoS attack! (counter: 64)
[Sat Jan 17 00:13:46.272380 2026] [dosdetector_syslog:notice] [pid 214075:tid 214445] '94.26.106.114' is suspected as Hard DoS attack! (counter: 65)
[Sat Jan 17 00:13:47.243916 2026] [dosdetector_syslog:notice] [pid 214075:tid 214366] '94.26.106.114' is suspected as Hard DoS attack! (counter: 66)
[Sat Jan 17 00:13:48.135993 2026] [dosdetector_syslog:notice] [pid 214075:tid 214387] '94.26.106.114' is suspected as Hard DoS attack! (counter: 67)
[Sat Jan 17 00:13:48.463261 2026] [core:alert] [pid 214180:tid 214392] [client 2a06:98c0:3600::103:12543] /virtual/ittemiyokado/public_html/ittemiyokado.shop/.htaccess: Invalid command '\xef\xbc\x9cFiles', perhaps misspelled or defined by a module not included in the server configuration
[Sat Jan 17 00:13:49.007505 2026] [dosdetector_syslog:notice] [pid 214075:tid 214391] '94.26.106.114' is suspected as Hard DoS attack! (counter: 68)
[Sat Jan 17 00:13:49.874965 2026] [dosdetector_syslog:notice] [pid 214075:tid 214441] '94.26.106.114' is suspected as Hard DoS attack! (counter: 69)
[Sat Jan 17 00:13:51.305782 2026] [dosdetector_syslog:notice] [pid 214075:tid 214351] '94.26.106.114' is suspected as Hard DoS attack! (counter: 70)
[Sat Jan 17 00:13:52.164031 2026] [dosdetector_syslog:notice] [pid 214075:tid 214384] '94.26.106.114' is suspected as Hard DoS attack! (counter: 71)
[Sat Jan 17 00:14:10.172952 2026] [dosdetector_syslog:notice] [pid 213971:tid 214107] '211.7.96.169' is suspected as DoS attack! (counter: 3)
[Sat Jan 17 00:14:10.588824 2026] [dosdetector_syslog:notice] [pid 214075:tid 214381] '160.251.151.147' is suspected as Hard DoS attack! (counter: 16)
[Sat Jan 17 00:14:10.905356 2026] [dosdetector_syslog:notice] [pid 213971:tid 214359] '94.26.106.114' is suspected as Hard DoS attack! (counter: 72)
[Sat Jan 17 00:14:11.802036 2026] [dosdetector_syslog:notice] [pid 213971:tid 214234] '94.26.106.114' is suspected as Hard DoS attack! (counter: 73)
[Sat Jan 17 00:14:11.849081 2026] [dosdetector_syslog:notice] [pid 214075:tid 214394] '160.251.151.147' is suspected as Hard DoS attack! (counter: 17)
[Sat Jan 17 00:14:12.724040 2026] [dosdetector_syslog:notice] [pid 213971:tid 214226] '94.26.106.114' is suspected as Hard DoS attack! (counter: 74)
[Sat Jan 17 00:14:13.625214 2026] [dosdetector_syslog:notice] [pid 213971:tid 214246] '94.26.106.114' is suspected as Hard DoS attack! (counter: 75)
[Sat Jan 17 00:14:14.472859 2026] [dosdetector_syslog:notice] [pid 213971:tid 214261] '94.26.106.114' is suspected as Hard DoS attack! (counter: 76)
[Sat Jan 17 00:14:15.351836 2026] [dosdetector_syslog:notice] [pid 213971:tid 214285] '94.26.106.114' is suspected as Hard DoS attack! (counter: 77)
[Sat Jan 17 00:14:16.197438 2026] [dosdetector_syslog:notice] [pid 213971:tid 214308] '94.26.106.114' is suspected as Hard DoS attack! (counter: 78)
[Sat Jan 17 00:14:17.099332 2026] [dosdetector_syslog:notice] [pid 213971:tid 214317] '94.26.106.114' is suspected as Hard DoS attack! (counter: 79)
[Sat Jan 17 00:14:18.006818 2026] [dosdetector_syslog:notice] [pid 213971:tid 214290] '94.26.106.114' is suspected as Hard DoS attack! (counter: 80)
[Sat Jan 17 00:14:18.869713 2026] [dosdetector_syslog:notice] [pid 213971:tid 214237] '94.26.106.114' is suspected as Hard DoS attack! (counter: 81)
[Sat Jan 17 00:14:19.748682 2026] [dosdetector_syslog:notice] [pid 213971:tid 214352] '94.26.106.114' is suspected as Hard DoS attack! (counter: 82)
[Sat Jan 17 00:14:20.619239 2026] [dosdetector_syslog:notice] [pid 213971:tid 214350] '94.26.106.114' is suspected as Hard DoS attack! (counter: 83)
[Sat Jan 17 00:14:22.276446 2026] [dosdetector_syslog:notice] [pid 213971:tid 214359] '94.26.106.114' is suspected as Hard DoS attack! (counter: 84)
[Sat Jan 17 00:14:23.385736 2026] [dosdetector_syslog:notice] [pid 213971:tid 214234] '94.26.106.114' is suspected as Hard DoS attack! (counter: 85)
[Sat Jan 17 00:14:24.228428 2026] [dosdetector_syslog:notice] [pid 213971:tid 214244] '94.26.106.114' is suspected as Hard DoS attack! (counter: 86)
[Sat Jan 17 00:14:25.088220 2026] [dosdetector_syslog:notice] [pid 213971:tid 214242] '94.26.106.114' is suspected as Hard DoS attack! (counter: 87)
[Sat Jan 17 00:14:25.940913 2026] [dosdetector_syslog:notice] [pid 213971:tid 214235] '94.26.106.114' is suspected as Hard DoS attack! (counter: 88)
[Sat Jan 17 00:14:27.104558 2026] [dosdetector_syslog:notice] [pid 213971:tid 214259] '94.26.106.114' is suspected as Hard DoS attack! (counter: 89)
[Sat Jan 17 00:14:27.954360 2026] [dosdetector_syslog:notice] [pid 213971:tid 214293] '94.26.106.114' is suspected as Hard DoS attack! (counter: 90)
[Sat Jan 17 00:14:28.862273 2026] [dosdetector_syslog:notice] [pid 213971:tid 214310] '94.26.106.114' is suspected as Hard DoS attack! (counter: 91)
[Sat Jan 17 00:14:29.742075 2026] [dosdetector_syslog:notice] [pid 213971:tid 214313] '94.26.106.114' is suspected as Hard DoS attack! (counter: 92)
[Sat Jan 17 00:14:30.611590 2026] [dosdetector_syslog:notice] [pid 213971:tid 214346] '94.26.106.114' is suspected as Hard DoS attack! (counter: 93)
[Sat Jan 17 00:14:31.511376 2026] [dosdetector_syslog:notice] [pid 213971:tid 214347] '94.26.106.114' is suspected as Hard DoS attack! (counter: 94)
[Sat Jan 17 00:14:32.396557 2026] [dosdetector_syslog:notice] [pid 213971:tid 214350] '94.26.106.114' is suspected as Hard DoS attack! (counter: 95)
[Sat Jan 17 00:14:33.263296 2026] [dosdetector_syslog:notice] [pid 213971:tid 214363] '94.26.106.114' is suspected as Hard DoS attack! (counter: 96)
[Sat Jan 17 00:14:34.511769 2026] [dosdetector_syslog:notice] [pid 213971:tid 214365] '94.26.106.114' is suspected as Hard DoS attack! (counter: 97)
[Sat Jan 17 00:14:35.638136 2026] [dosdetector_syslog:notice] [pid 213971:tid 214246] '94.26.106.114' is suspected as Hard DoS attack! (counter: 98)
[Sat Jan 17 00:14:36.511035 2026] [dosdetector_syslog:notice] [pid 213971:tid 214259] '94.26.106.114' is suspected as Hard DoS attack! (counter: 99)
[Sat Jan 17 00:14:37.400727 2026] [dosdetector_syslog:notice] [pid 213971:tid 214301] '94.26.106.114' is suspected as Hard DoS attack! (counter: 100)
[Sat Jan 17 00:14:38.278987 2026] [dosdetector_syslog:notice] [pid 213971:tid 214349] '94.26.106.114' is suspected as Hard DoS attack! (counter: 101)
[Sat Jan 17 00:14:39.155024 2026] [dosdetector_syslog:notice] [pid 213971:tid 214363] '94.26.106.114' is suspected as Hard DoS attack! (counter: 102)
Name "Locale::Maketext::Lexicon" used only once: possible typo at /virtual/raku/public_html/mt/extlib/Locale/Maketext.pm line 653.
[Sat Jan 17 00:14:40.092583 2026] [dosdetector_syslog:notice] [pid 213971:tid 214231] '94.26.106.114' is suspected as Hard DoS attack! (counter: 103)
[Sat Jan 17 00:14:40.210963 2026] [dosdetector_syslog:notice] [pid 213971:tid 214244] '160.251.151.147' is suspected as Hard DoS attack! (counter: 18)
[Sat Jan 17 00:14:40.574275 2026] [dosdetector_syslog:notice] [pid 214180:tid 214427] '160.251.151.147' is suspected as Hard DoS attack! (counter: 19)
[Sat Jan 17 00:14:41.984868 2026] [dosdetector_syslog:notice] [pid 214075:tid 214374] '160.251.151.147' is suspected as Hard DoS attack! (counter: 20)
[Sat Jan 17 00:14:43.486038 2026] [dosdetector_syslog:notice] [pid 214075:tid 214381] '5.189.187.80' is suspected as Hard DoS attack! (counter: 29)
[Sat Jan 17 00:14:43.538847 2026] [dosdetector_syslog:notice] [pid 214180:tid 214452] '160.251.151.147' is suspected as Hard DoS attack! (counter: 21)
[Sat Jan 17 00:14:44.392465 2026] [dosdetector_syslog:notice] [pid 214075:tid 214390] '5.189.187.80' is suspected as Hard DoS attack! (counter: 30)
[Sat Jan 17 00:14:45.266347 2026] [dosdetector_syslog:notice] [pid 214075:tid 214354] '5.189.187.80' is suspected as Hard DoS attack! (counter: 31)
[Sat Jan 17 00:14:46.104756 2026] [dosdetector_syslog:notice] [pid 214075:tid 214356] '5.189.187.80' is suspected as Hard DoS attack! (counter: 32)
[Sat Jan 17 00:14:46.976514 2026] [dosdetector_syslog:notice] [pid 214075:tid 214438] '5.189.187.80' is suspected as Hard DoS attack! (counter: 33)
[Sat Jan 17 00:14:47.777115 2026] [dosdetector_syslog:notice] [pid 214180:tid 214481] '160.251.151.147' is suspected as Hard DoS attack! (counter: 22)
[Sat Jan 17 00:14:47.825080 2026] [dosdetector_syslog:notice] [pid 214075:tid 214366] '5.189.187.80' is suspected as Hard DoS attack! (counter: 34)
[Sat Jan 17 00:14:47.977735 2026] [dosdetector_syslog:notice] [pid 213971:tid 214254] '160.251.151.147' is suspected as Hard DoS attack! (counter: 23)
[Sat Jan 17 00:14:48.678390 2026] [dosdetector_syslog:notice] [pid 214075:tid 214386] '5.189.187.80' is suspected as Hard DoS attack! (counter: 35)
[Sat Jan 17 00:14:49.529773 2026] [dosdetector_syslog:notice] [pid 214075:tid 214387] '5.189.187.80' is suspected as Hard DoS attack! (counter: 36)
[Sat Jan 17 00:14:50.375884 2026] [dosdetector_syslog:notice] [pid 214075:tid 214402] '5.189.187.80' is suspected as Hard DoS attack! (counter: 37)
[Sat Jan 17 00:14:51.187077 2026] [dosdetector_syslog:notice] [pid 213971:tid 214237] '163.44.176.201' is suspected as Hard DoS attack! (counter: 23)
[Sat Jan 17 00:14:51.218367 2026] [dosdetector_syslog:notice] [pid 214075:tid 214421] '5.189.187.80' is suspected as Hard DoS attack! (counter: 38)
[Sat Jan 17 00:14:51.247727 2026] [dosdetector_syslog:notice] [pid 214075:tid 214353] '163.44.176.201' is suspected as Hard DoS attack! (counter: 24)
[Sat Jan 17 00:14:51.345388 2026] [dosdetector_syslog:notice] [pid 214180:tid 214485] '160.251.151.147' is suspected as Hard DoS attack! (counter: 24)
[Sat Jan 17 00:14:52.059132 2026] [dosdetector_syslog:notice] [pid 214075:tid 214364] '5.189.187.80' is suspected as Hard DoS attack! (counter: 39)
[Sat Jan 17 00:14:52.894217 2026] [dosdetector_syslog:notice] [pid 214075:tid 214415] '5.189.187.80' is suspected as Hard DoS attack! (counter: 40)
[Sat Jan 17 00:14:53.727275 2026] [dosdetector_syslog:notice] [pid 214075:tid 214371] '5.189.187.80' is suspected as Hard DoS attack! (counter: 41)
[Sat Jan 17 00:14:54.617400 2026] [dosdetector_syslog:notice] [pid 214075:tid 214434] '5.189.187.80' is suspected as Hard DoS attack! (counter: 42)
[Sat Jan 17 00:14:55.315781 2026] [dosdetector_syslog:notice] [pid 214180:tid 214439] '160.251.151.147' is suspected as Hard DoS attack! (counter: 25)
[Sat Jan 17 00:14:55.451716 2026] [dosdetector_syslog:notice] [pid 214075:tid 214384] '5.189.187.80' is suspected as Hard DoS attack! (counter: 43)
[Sat Jan 17 00:14:56.296603 2026] [dosdetector_syslog:notice] [pid 214075:tid 214402] '5.189.187.80' is suspected as Hard DoS attack! (counter: 44)
[Sat Jan 17 00:14:56.526748 2026] [dosdetector_syslog:notice] [pid 213971:tid 214357] '160.251.151.147' is suspected as Hard DoS attack! (counter: 26)
[Sat Jan 17 00:14:57.001111 2026] [dosdetector_syslog:notice] [pid 214075:tid 214401] '160.251.151.147' is suspected as Hard DoS attack! (counter: 27)
[Sat Jan 17 00:14:57.130739 2026] [dosdetector_syslog:notice] [pid 214075:tid 214421] '5.189.187.80' is suspected as Hard DoS attack! (counter: 45)
[Sat Jan 17 00:14:58.015377 2026] [dosdetector_syslog:notice] [pid 214075:tid 214399] '5.189.187.80' is suspected as Hard DoS attack! (counter: 46)
[Sat Jan 17 00:14:58.848594 2026] [dosdetector_syslog:notice] [pid 214075:tid 214394] '5.189.187.80' is suspected as Hard DoS attack! (counter: 47)
[Sat Jan 17 00:14:59.681198 2026] [dosdetector_syslog:notice] [pid 214075:tid 214362] '5.189.187.80' is suspected as Hard DoS attack! (counter: 48)
[Sat Jan 17 00:15:13.364765 2026] [dosdetector_syslog:notice] [pid 214075:tid 214432] '160.251.151.147' is suspected as Hard DoS attack! (counter: 28)
[Sat Jan 17 00:15:13.657463 2026] [dosdetector_syslog:notice] [pid 214180:tid 214435] '160.251.151.147' is suspected as Hard DoS attack! (counter: 29)
[Sat Jan 17 00:15:34.085851 2026] [dosdetector_syslog:notice] [pid 214180:tid 214459] '160.251.151.147' is suspected as Hard DoS attack! (counter: 30)
suexec policy violation: see suexec log for more details
suexec policy violation: see suexec log for more details
[Sat Jan 17 00:15:40.686048 2026] [dosdetector_syslog:notice] [pid 214180:tid 214423] '126.207.152.187' is suspected as DoS attack! (counter: 3)
suexec policy violation: see suexec log for more details
[Sat Jan 17 00:15:43.189569 2026] [dosdetector_syslog:notice] [pid 214180:tid 214465] '160.251.151.147' is suspected as Hard DoS attack! (counter: 31)
suexec policy violation: see suexec log for more details
[Sat Jan 17 00:15:46.280133 2026] [dosdetector_syslog:notice] [pid 214075:tid 214382] '160.251.151.147' is suspected as Hard DoS attack! (counter: 32)
[Sat Jan 17 00:15:47.317689 2026] [dosdetector_syslog:notice] [pid 214075:tid 214417] '160.251.151.147' is suspected as Hard DoS attack! (counter: 33)
[Sat Jan 17 00:15:55.668026 2026] [:crit] [pid 214075:tid 214382] [client 85.11.167.4:37588] mod_spamhaus_new: address 4.167.11.85.sbl-xbl.spamhaus.org is blacklisted. Deny connection to punyomunyo.shop/, referer: https://punyomunyo.shop
