[Sat Jan 17 00:38:38.200918 2026] [dosdetector_syslog:notice] [pid 262221:tid 262513] '163.44.176.201' is suspected as Hard DoS attack! (counter: 13)
[Sat Jan 17 00:38:45.660989 2026] [dosdetector_syslog:notice] [pid 262025:tid 262335] '160.251.151.147' is suspected as Hard DoS attack! (counter: 29)
[Sat Jan 17 00:38:47.285284 2026] [dosdetector_syslog:notice] [pid 262025:tid 262423] '160.251.151.147' is suspected as Hard DoS attack! (counter: 30)
[Sat Jan 17 00:38:47.285323 2026] [dosdetector_syslog:notice] [pid 262221:tid 262498] '160.251.151.147' is suspected as Hard DoS attack! (counter: 31)
[Sat Jan 17 00:38:50.784651 2026] [dosdetector_syslog:notice] [pid 262221:tid 262492] '160.251.151.147' is suspected as Hard DoS attack! (counter: 32)
[Sat Jan 17 00:38:52.459446 2026] [dosdetector_syslog:notice] [pid 262221:tid 262535] '160.251.151.147' is suspected as Hard DoS attack! (counter: 33)
[Sat Jan 17 00:38:59.131920 2026] [dosdetector_syslog:notice] [pid 262025:tid 262268] '101.142.158.1' is suspected as Hard DoS attack! (counter: 10)
[Sat Jan 17 00:39:03.601899 2026] [dosdetector_syslog:notice] [pid 262221:tid 262514] '101.142.158.1' is suspected as Hard DoS attack! (counter: 11)
[Sat Jan 17 00:39:03.989091 2026] [dosdetector_syslog:notice] [pid 262066:tid 262321] '160.251.151.147' is suspected as Hard DoS attack! (counter: 34)
[Sat Jan 17 00:39:07.176783 2026] [dosdetector_syslog:notice] [pid 262221:tid 262524] '101.142.158.1' is suspected as Hard DoS attack! (counter: 12)
[Sat Jan 17 00:39:07.687979 2026] [dosdetector_syslog:notice] [pid 262221:tid 262529] '101.142.158.1' is suspected as Hard DoS attack! (counter: 13)
[Sat Jan 17 00:39:17.712381 2026] [dosdetector_syslog:notice] [pid 262221:tid 262516] '101.142.158.1' is suspected as Hard DoS attack! (counter: 14)
[Sat Jan 17 00:39:21.431136 2026] [dosdetector_syslog:notice] [pid 262221:tid 262532] '160.251.151.147' is suspected as Hard DoS attack! (counter: 35)
[Sat Jan 17 00:39:21.455945 2026] [dosdetector_syslog:notice] [pid 262221:tid 262544] '163.44.176.201' is suspected as Hard DoS attack! (counter: 14)
[Sat Jan 17 00:39:21.517562 2026] [dosdetector_syslog:notice] [pid 262066:tid 262428] '163.44.176.201' is suspected as Hard DoS attack! (counter: 15)
[Sat Jan 17 00:39:21.619648 2026] [dosdetector_syslog:notice] [pid 262221:tid 262529] '163.44.176.201' is suspected as Hard DoS attack! (counter: 16)
[Sat Jan 17 00:39:21.707858 2026] [dosdetector_syslog:notice] [pid 262025:tid 262478] '163.44.176.201' is suspected as Hard DoS attack! (counter: 17)
[Sat Jan 17 00:39:21.914203 2026] [core:crit] [pid 262025:tid 262275] (13)Permission denied: [client 43.163.206.70:40708] AH00529: /virtual/creamsoft/public_html/.htaccess pcfg_openfile: unable to check htaccess file, ensure it is readable and that '/virtual/creamsoft/public_html/' is executable, referer: http://creamsoft.shop
[Sat Jan 17 00:39:22.836520 2026] [dosdetector_syslog:notice] [pid 262221:tid 262515] '101.142.158.1' is suspected as Hard DoS attack! (counter: 15)
[Sat Jan 17 00:39:32.325850 2026] [dosdetector_syslog:notice] [pid 262221:tid 262540] '101.142.158.1' is suspected as Hard DoS attack! (counter: 16)
[Sat Jan 17 00:39:39.347748 2026] [dosdetector_syslog:notice] [pid 262025:tid 262322] '160.251.151.147' is suspected as Hard DoS attack! (counter: 36)
[Sat Jan 17 00:39:39.643026 2026] [dosdetector_syslog:notice] [pid 262025:tid 262294] '160.251.151.147' is suspected as Hard DoS attack! (counter: 37)
[Sat Jan 17 00:39:39.995655 2026] [dosdetector_syslog:notice] [pid 262025:tid 262344] '160.251.151.147' is suspected as Hard DoS attack! (counter: 38)
[Sat Jan 17 00:39:40.721555 2026] [dosdetector_syslog:notice] [pid 262025:tid 262038] '1.73.155.60' is suspected as DoS attack! (counter: 3)
[Sat Jan 17 00:39:42.269638 2026] [dosdetector_syslog:notice] [pid 262221:tid 262535] '101.142.158.1' is suspected as Hard DoS attack! (counter: 17)
[Sat Jan 17 00:39:46.122615 2026] [dosdetector_syslog:notice] [pid 262025:tid 262322] '160.251.151.147' is suspected as Hard DoS attack! (counter: 39)
[Sat Jan 17 00:39:47.826205 2026] [dosdetector_syslog:notice] [pid 262221:tid 262492] '160.251.151.147' is suspected as Hard DoS attack! (counter: 40)
[Sat Jan 17 00:39:52.280075 2026] [dosdetector_syslog:notice] [pid 262221:tid 262513] '101.142.158.1' is suspected as Hard DoS attack! (counter: 18)
[Sat Jan 17 00:39:53.182194 2026] [dosdetector_syslog:notice] [pid 262221:tid 262549] '101.142.158.1' is suspected as Hard DoS attack! (counter: 19)
[Sat Jan 17 00:39:54.841964 2026] [dosdetector_syslog:notice] [pid 262221:tid 262487] '160.251.151.147' is suspected as Hard DoS attack! (counter: 41)
[Sat Jan 17 00:39:56.044213 2026] [dosdetector_syslog:notice] [pid 262221:tid 262540] '103.42.180.113' is suspected as DoS attack! (counter: 3)
[Sat Jan 17 00:39:57.031740 2026] [dosdetector_syslog:notice] [pid 262221:tid 262523] '160.251.151.147' is suspected as Hard DoS attack! (counter: 42)
[Sat Jan 17 00:40:02.301473 2026] [dosdetector_syslog:notice] [pid 262221:tid 262497] '101.142.158.1' is suspected as Hard DoS attack! (counter: 20)
[Sat Jan 17 00:40:05.783213 2026] [dosdetector_syslog:notice] [pid 262221:tid 262496] '160.251.151.147' is suspected as Hard DoS attack! (counter: 43)
[Sat Jan 17 00:40:08.508822 2026] [dosdetector_syslog:notice] [pid 262221:tid 262491] '47.242.249.236' is suspected as DoS attack! (counter: 3)
[Sat Jan 17 00:40:09.215183 2026] [dosdetector_syslog:notice] [pid 262025:tid 262318] '160.251.151.147' is suspected as Hard DoS attack! (counter: 44)
Can't use 'defined(%hash)' (Maybe you should just omit the defined()?) at ./module/jcode.pl line 679.
Compilation failed in require at ./module/radagast.pl line 46.
[Sat Jan 17 00:40:12.288383 2026] [dosdetector_syslog:notice] [pid 262221:tid 262538] '101.142.158.1' is suspected as Hard DoS attack! (counter: 21)
[Sat Jan 17 00:40:12.629151 2026] [dosdetector_syslog:notice] [pid 262221:tid 262495] '160.251.151.147' is suspected as Hard DoS attack! (counter: 45)
[Sat Jan 17 00:40:16.331778 2026] [dosdetector_syslog:notice] [pid 262221:tid 262516] '206.81.24.74' is suspected as DoS attack! (counter: 3)
[Sat Jan 17 00:40:17.403864 2026] [dosdetector_syslog:notice] [pid 262221:tid 262515] '160.251.151.147' is suspected as Hard DoS attack! (counter: 46)
[Sat Jan 17 00:40:21.501149 2026] [dosdetector_syslog:notice] [pid 262025:tid 262341] '154.219.119.124' is suspected as DoS attack! (counter: 3)
[Sat Jan 17 00:40:22.299698 2026] [dosdetector_syslog:notice] [pid 262221:tid 262512] '101.142.158.1' is suspected as Hard DoS attack! (counter: 22)
[Sat Jan 17 00:40:27.938073 2026] [dosdetector_syslog:notice] [pid 262025:tid 262353] '160.251.151.147' is suspected as Hard DoS attack! (counter: 47)
[Sat Jan 17 00:40:28.166111 2026] [dosdetector_syslog:notice] [pid 262221:tid 262547] '160.251.151.147' is suspected as Hard DoS attack! (counter: 48)
[Sat Jan 17 00:40:30.796225 2026] [dosdetector_syslog:notice] [pid 262025:tid 262484] '160.251.151.147' is suspected as Hard DoS attack! (counter: 49)
[Sat Jan 17 00:40:32.302283 2026] [dosdetector_syslog:notice] [pid 262221:tid 262516] '101.142.158.1' is suspected as Hard DoS attack! (counter: 23)
[Sat Jan 17 00:40:35.373140 2026] [dosdetector_syslog:notice] [pid 262025:tid 262468] '160.251.151.147' is suspected as Hard DoS attack! (counter: 50)
[Sat Jan 17 00:40:42.307050 2026] [dosdetector_syslog:notice] [pid 262221:tid 262531] '101.142.158.1' is suspected as Hard DoS attack! (counter: 24)
[Sat Jan 17 00:40:42.852591 2026] [dosdetector_syslog:notice] [pid 262221:tid 262535] '101.142.158.1' is suspected as Hard DoS attack! (counter: 25)
[Sat Jan 17 00:40:45.922919 2026] [mpm_event:notice] [pid 49307:tid 49307] AH00493: SIGUSR1 received.  Doing graceful restart
[Sat Jan 17 00:40:45.982364 2026] [fcgid:emerg] [pid 262025:tid 262481] (22)Invalid argument: [client 103.163.220.26:28343] mod_fcgid: can't lock process table in pid 262025
[Sat Jan 17 00:40:55.144523 2026] [:notice] [pid 49307:tid 49307] mod_bw : Memory Allocated 96 bytes (each conf takes 48 bytes)
[Sat Jan 17 00:40:55.144608 2026] [:notice] [pid 49307:tid 49307] mod_bw : Version 0.92 - Initialized [2 Confs]
[Sat Jan 17 00:40:55.153751 2026] [mpm_event:notice] [pid 49307:tid 49307] AH00489: Apache/2.4.63 (Unix) OpenSSL/1.1.1k mod_fcgid/2.3.9 configured -- resuming normal operations
[Sat Jan 17 00:40:55.153782 2026] [core:notice] [pid 49307:tid 49307] AH00094: Command line: '/usr/local/apache24/bin/httpd -T'
[Sat Jan 17 00:40:55.197861 2026] [dosdetector_syslog:notice] [pid 274653:tid 274764] '219.124.231.83' is suspected as DoS attack! (counter: 3)
[Sat Jan 17 00:40:57.195112 2026] [dosdetector_syslog:notice] [pid 275427:tid 275562] '160.251.151.147' is suspected as DoS attack! (counter: 3)
[Sat Jan 17 00:40:58.818688 2026] [:crit] [pid 274653:tid 274782] [client 101.251.219.4:51779] mod_spamhaus_new: address 4.219.251.101.sbl-xbl.spamhaus.org is blacklisted. Deny connection to 160.251.151.147/wsman
[Sat Jan 17 00:41:05.259474 2026] [dosdetector_syslog:notice] [pid 275427:tid 275605] '195.3.222.78' is suspected as DoS attack! (counter: 3)
[Sat Jan 17 00:41:09.844903 2026] [dosdetector_syslog:notice] [pid 275296:tid 275478] '219.124.231.83' is suspected as Hard DoS attack! (counter: 10)
[Sat Jan 17 00:41:13.466914 2026] [dosdetector_syslog:notice] [pid 275427:tid 275568] '219.124.231.83' is suspected as Hard DoS attack! (counter: 11)
[Sat Jan 17 00:41:14.308902 2026] [dosdetector_syslog:notice] [pid 275296:tid 275528] '219.124.231.83' is suspected as Hard DoS attack! (counter: 12)
[Sat Jan 17 00:41:16.027485 2026] [dosdetector_syslog:notice] [pid 275427:tid 275609] '219.124.231.83' is suspected as Hard DoS attack! (counter: 13)
[Sat Jan 17 00:41:20.782554 2026] [dosdetector_syslog:notice] [pid 275427:tid 275516] '2600:1900:0:2d06::500' is suspected as DoS attack! (counter: 3)
[Sat Jan 17 00:41:30.459636 2026] [dosdetector_syslog:notice] [pid 275296:tid 275342] '193.114.24.228' is suspected as DoS attack! (counter: 3)
[Sat Jan 17 00:41:30.528251 2026] [:crit] [pid 275296:tid 275523] [client 193.142.147.209:27092] mod_spamhaus_new: address 209.147.142.193.sbl-xbl.spamhaus.org is blacklisted. Deny connection to 160.251.151.147/
[Sat Jan 17 00:41:30.590887 2026] [dosdetector_syslog:notice] [pid 275296:tid 275528] '194.41.59.129' is suspected as DoS attack! (counter: 3)
[Sat Jan 17 00:41:30.630823 2026] [dosdetector_syslog:notice] [pid 275296:tid 275495] '160.251.151.147' is suspected as Hard DoS attack! (counter: 10)
[Sat Jan 17 00:41:33.794486 2026] [dosdetector_syslog:notice] [pid 275296:tid 275442] '66.232.15.198' is suspected as DoS attack! (counter: 3)
[Sat Jan 17 00:41:35.315727 2026] [dosdetector_syslog:notice] [pid 275296:tid 275473] '160.251.151.147' is suspected as Hard DoS attack! (counter: 11)
[Sat Jan 17 00:41:39.221156 2026] [dosdetector_syslog:notice] [pid 275296:tid 275458] '219.124.231.83' is suspected as Hard DoS attack! (counter: 14)
[Sat Jan 17 00:41:43.184111 2026] [dosdetector_syslog:notice] [pid 275296:tid 275541] '219.124.231.83' is suspected as Hard DoS attack! (counter: 15)
[Sat Jan 17 00:41:43.390645 2026] [dosdetector_syslog:notice] [pid 275296:tid 275364] '61.46.110.217' is suspected as DoS attack! (counter: 3)
[Sat Jan 17 00:41:43.476844 2026] [dosdetector_syslog:notice] [pid 275165:tid 275422] '160.251.151.147' is suspected as Hard DoS attack! (counter: 12)
[Sat Jan 17 00:41:44.266903 2026] [dosdetector_syslog:notice] [pid 275427:tid 275600] '219.124.231.83' is suspected as Hard DoS attack! (counter: 16)
[Sat Jan 17 00:41:45.133155 2026] [dosdetector_syslog:notice] [pid 275427:tid 275592] '219.124.231.83' is suspected as Hard DoS attack! (counter: 17)
[Sat Jan 17 00:41:45.370147 2026] [dosdetector_syslog:notice] [pid 275165:tid 275301] '160.251.151.147' is suspected as Hard DoS attack! (counter: 13)
[Sat Jan 17 00:41:46.739649 2026] [dosdetector_syslog:notice] [pid 275296:tid 275448] '219.124.231.83' is suspected as Hard DoS attack! (counter: 18)
[Sat Jan 17 00:41:47.586428 2026] [dosdetector_syslog:notice] [pid 275296:tid 275455] '160.251.151.147' is suspected as Hard DoS attack! (counter: 14)
[Sat Jan 17 00:41:48.256798 2026] [dosdetector_syslog:notice] [pid 275427:tid 275620] '219.124.231.83' is suspected as Hard DoS attack! (counter: 19)
[Sat Jan 17 00:41:48.955470 2026] [dosdetector_syslog:notice] [pid 275427:tid 275565] '160.251.151.147' is suspected as Hard DoS attack! (counter: 15)
[Sat Jan 17 00:41:50.937657 2026] [dosdetector_syslog:notice] [pid 275296:tid 275528] '219.124.231.83' is suspected as Hard DoS attack! (counter: 20)
[Sat Jan 17 00:41:52.303902 2026] [dosdetector_syslog:notice] [pid 275427:tid 275578] '219.124.231.83' is suspected as Hard DoS attack! (counter: 21)
[Sat Jan 17 00:41:54.198245 2026] [dosdetector_syslog:notice] [pid 275296:tid 275480] '219.124.231.83' is suspected as Hard DoS attack! (counter: 22)
[Sat Jan 17 00:41:54.871918 2026] [dosdetector_syslog:notice] [pid 275296:tid 275458] '219.124.231.83' is suspected as Hard DoS attack! (counter: 23)
[Sat Jan 17 00:41:55.533843 2026] [dosdetector_syslog:notice] [pid 275296:tid 275436] '219.124.231.83' is suspected as Hard DoS attack! (counter: 24)
[Sat Jan 17 00:41:56.537548 2026] [dosdetector_syslog:notice] [pid 275296:tid 275476] '60.122.36.139' is suspected as DoS attack! (counter: 3)
[Sat Jan 17 00:41:56.872554 2026] [dosdetector_syslog:notice] [pid 275296:tid 275548] '219.124.231.83' is suspected as Hard DoS attack! (counter: 25)
[Sat Jan 17 00:41:59.603598 2026] [dosdetector_syslog:notice] [pid 275296:tid 275480] '219.124.231.83' is suspected as Hard DoS attack! (counter: 26)
[Sat Jan 17 00:42:20.794839 2026] [dosdetector_syslog:notice] [pid 275296:tid 275373] '61.46.110.217' is suspected as Hard DoS attack! (counter: 10)
[Sat Jan 17 00:42:21.358694 2026] [dosdetector_syslog:notice] [pid 275296:tid 275434] '160.251.151.147' is suspected as Hard DoS attack! (counter: 16)
[Sat Jan 17 00:42:24.525129 2026] [dosdetector_syslog:notice] [pid 275296:tid 275371] '61.46.110.217' is suspected as Hard DoS attack! (counter: 11)
[Sat Jan 17 00:42:24.774824 2026] [dosdetector_syslog:notice] [pid 275296:tid 275382] '61.46.110.217' is suspected as Hard DoS attack! (counter: 12)
[Sat Jan 17 00:42:24.864567 2026] [dosdetector_syslog:notice] [pid 275296:tid 275433] '101.142.158.1' is suspected as DoS attack! (counter: 3)
[Sat Jan 17 00:42:27.649891 2026] [dosdetector_syslog:notice] [pid 275296:tid 275388] '61.46.110.217' is suspected as Hard DoS attack! (counter: 13)
[Sat Jan 17 00:42:29.659774 2026] [dosdetector_syslog:notice] [pid 275296:tid 275492] '152.32.170.247' is suspected as DoS attack! (counter: 3)
[Sat Jan 17 00:42:35.390967 2026] [dosdetector_syslog:notice] [pid 275296:tid 275410] '61.46.110.217' is suspected as Hard DoS attack! (counter: 14)
[Sat Jan 17 00:42:36.634735 2026] [dosdetector_syslog:notice] [pid 275296:tid 275495] '160.251.151.147' is suspected as Hard DoS attack! (counter: 17)
[Sat Jan 17 00:42:40.576925 2026] [dosdetector_syslog:notice] [pid 275296:tid 275316] '61.46.110.217' is suspected as Hard DoS attack! (counter: 15)
[Sat Jan 17 00:42:44.464720 2026] [dosdetector_syslog:notice] [pid 275296:tid 275323] '61.46.110.217' is suspected as Hard DoS attack! (counter: 16)
[Sat Jan 17 00:42:45.350331 2026] [dosdetector_syslog:notice] [pid 275296:tid 275329] '60.122.36.139' is suspected as Hard DoS attack! (counter: 10)
[Sat Jan 17 00:42:47.928319 2026] [dosdetector_syslog:notice] [pid 275427:tid 275614] '160.251.151.147' is suspected as Hard DoS attack! (counter: 18)
[Sat Jan 17 00:42:49.241819 2026] [dosdetector_syslog:notice] [pid 275165:tid 275299] '206.119.177.133' is suspected as DoS attack! (counter: 3)
[Sat Jan 17 00:42:50.255821 2026] [dosdetector_syslog:notice] [pid 275427:tid 275565] '160.251.151.147' is suspected as Hard DoS attack! (counter: 19)
[Sat Jan 17 00:42:50.305706 2026] [dosdetector_syslog:notice] [pid 275427:tid 275566] '160.251.151.147' is suspected as Hard DoS attack! (counter: 20)
[Sat Jan 17 00:42:51.288125 2026] [dosdetector_syslog:notice] [pid 275296:tid 275469] '160.251.151.147' is suspected as Hard DoS attack! (counter: 21)
[Sat Jan 17 00:42:52.805085 2026] [dosdetector_syslog:notice] [pid 275296:tid 275471] '160.251.151.147' is suspected as Hard DoS attack! (counter: 22)
[Sat Jan 17 00:42:53.477144 2026] [dosdetector_syslog:notice] [pid 275296:tid 275357] '61.46.110.217' is suspected as Hard DoS attack! (counter: 17)
[Sat Jan 17 00:42:55.528578 2026] [dosdetector_syslog:notice] [pid 275427:tid 275452] '60.122.36.139' is suspected as Hard DoS attack! (counter: 11)
[Sat Jan 17 00:42:59.532925 2026] [dosdetector_syslog:notice] [pid 275296:tid 275408] '61.46.110.217' is suspected as Hard DoS attack! (counter: 18)
[Sat Jan 17 00:43:05.308848 2026] [dosdetector_syslog:notice] [pid 275296:tid 275371] '61.46.110.217' is suspected as Hard DoS attack! (counter: 19)
[Sat Jan 17 00:43:09.547458 2026] [dosdetector_syslog:notice] [pid 275296:tid 275367] '61.46.110.217' is suspected as Hard DoS attack! (counter: 20)
[Sat Jan 17 00:43:10.246015 2026] [dosdetector_syslog:notice] [pid 275427:tid 275585] '160.251.151.147' is suspected as Hard DoS attack! (counter: 23)
[Sat Jan 17 00:43:10.288820 2026] [core:crit] [pid 275165:tid 275396] (13)Permission denied: [client 101.91.148.219:55962] AH00529: /virtual/teamhardest/public_html/.htaccess pcfg_openfile: unable to check htaccess file, ensure it is readable and that '/virtual/teamhardest/public_html/' is executable
[Sat Jan 17 00:43:13.398954 2026] [dosdetector_syslog:notice] [pid 275296:tid 275499] '160.251.151.147' is suspected as Hard DoS attack! (counter: 24)
[Sat Jan 17 00:43:13.809129 2026] [dosdetector_syslog:notice] [pid 275427:tid 275604] '160.251.151.147' is suspected as Hard DoS attack! (counter: 25)
[Sat Jan 17 00:43:19.552992 2026] [dosdetector_syslog:notice] [pid 275296:tid 275392] '61.46.110.217' is suspected as Hard DoS attack! (counter: 21)
[Sat Jan 17 00:43:22.649271 2026] [dosdetector_syslog:notice] [pid 275427:tid 275581] '101.142.158.1' is suspected as Hard DoS attack! (counter: 10)
[Sat Jan 17 00:43:24.887034 2026] [dosdetector_syslog:notice] [pid 275427:tid 275591] '101.142.158.1' is suspected as Hard DoS attack! (counter: 11)
[Sat Jan 17 00:43:25.757254 2026] [dosdetector_syslog:notice] [pid 275296:tid 275386] '61.46.110.217' is suspected as Hard DoS attack! (counter: 22)
[Sat Jan 17 00:43:26.236990 2026] [dosdetector_syslog:notice] [pid 275296:tid 275388] '61.46.110.217' is suspected as Hard DoS attack! (counter: 23)
[Sat Jan 17 00:43:28.040105 2026] [dosdetector_syslog:notice] [pid 275296:tid 275530] '160.251.151.147' is suspected as Hard DoS attack! (counter: 26)
[Sat Jan 17 00:43:29.559565 2026] [dosdetector_syslog:notice] [pid 275296:tid 275407] '61.46.110.217' is suspected as Hard DoS attack! (counter: 24)
[Sat Jan 17 00:43:32.235505 2026] [dosdetector_syslog:notice] [pid 275296:tid 275430] '182.16.7.122' is suspected as DoS attack! (counter: 3)
[Sat Jan 17 00:43:34.893550 2026] [dosdetector_syslog:notice] [pid 275427:tid 275602] '101.142.158.1' is suspected as Hard DoS attack! (counter: 12)
[Sat Jan 17 00:43:40.553354 2026] [dosdetector_syslog:notice] [pid 275296:tid 275320] '61.46.110.217' is suspected as Hard DoS attack! (counter: 25)
[Sat Jan 17 00:43:42.659998 2026] [dosdetector_syslog:notice] [pid 275296:tid 275325] '60.122.36.139' is suspected as Hard DoS attack! (counter: 12)
[Sat Jan 17 00:43:44.893582 2026] [dosdetector_syslog:notice] [pid 275427:tid 275593] '101.142.158.1' is suspected as Hard DoS attack! (counter: 13)
[Sat Jan 17 00:43:46.489079 2026] [dosdetector_syslog:notice] [pid 275296:tid 275384] '60.122.36.139' is suspected as Hard DoS attack! (counter: 13)
[Sat Jan 17 00:43:47.404355 2026] [dosdetector_syslog:notice] [pid 275165:tid 275401] '219.124.231.83' is suspected as Hard DoS attack! (counter: 27)
[Sat Jan 17 00:43:47.928409 2026] [dosdetector_syslog:notice] [pid 275427:tid 275582] '219.124.231.83' is suspected as Hard DoS attack! (counter: 28)
[Sat Jan 17 00:43:48.054644 2026] [dosdetector_syslog:notice] [pid 275296:tid 275504] '160.251.151.147' is suspected as Hard DoS attack! (counter: 27)
[Sat Jan 17 00:43:48.057126 2026] [dosdetector_syslog:notice] [pid 275165:tid 275418] '160.251.151.147' is suspected as Hard DoS attack! (counter: 28)
[Sat Jan 17 00:43:48.352595 2026] [dosdetector_syslog:notice] [pid 275165:tid 275424] '219.124.231.83' is suspected as Hard DoS attack! (counter: 29)
[Sat Jan 17 00:43:50.555206 2026] [dosdetector_syslog:notice] [pid 275296:tid 275354] '61.46.110.217' is suspected as Hard DoS attack! (counter: 26)
[Sat Jan 17 00:43:51.212688 2026] [dosdetector_syslog:notice] [pid 275427:tid 275612] '160.251.151.147' is suspected as Hard DoS attack! (counter: 29)
[Sat Jan 17 00:43:54.019772 2026] [dosdetector_syslog:notice] [pid 275427:tid 275529] '60.122.36.139' is suspected as Hard DoS attack! (counter: 14)
[Sat Jan 17 00:43:54.827601 2026] [dosdetector_syslog:notice] [pid 275427:tid 275600] '101.142.158.1' is suspected as Hard DoS attack! (counter: 14)
[Sat Jan 17 00:43:54.940387 2026] [dosdetector_syslog:notice] [pid 275427:tid 275587] '101.142.158.1' is suspected as Hard DoS attack! (counter: 15)
[Sat Jan 17 00:43:55.691482 2026] [dosdetector_syslog:notice] [pid 275296:tid 275318] '61.46.110.217' is suspected as Hard DoS attack! (counter: 27)
[Sat Jan 17 00:44:00.434794 2026] [dosdetector_syslog:notice] [pid 275427:tid 275588] '101.142.158.1' is suspected as Hard DoS attack! (counter: 16)
[Sat Jan 17 00:44:00.563222 2026] [dosdetector_syslog:notice] [pid 275296:tid 275408] '61.46.110.217' is suspected as Hard DoS attack! (counter: 28)
[Sat Jan 17 00:44:00.679033 2026] [dosdetector_syslog:notice] [pid 275296:tid 275365] '61.46.110.217' is suspected as Hard DoS attack! (counter: 29)
[Sat Jan 17 00:44:00.685943 2026] [dosdetector_syslog:notice] [pid 275427:tid 275620] '160.251.151.147' is suspected as Hard DoS attack! (counter: 30)
[Sat Jan 17 00:44:02.059069 2026] [dosdetector_syslog:notice] [pid 275165:tid 275366] '160.251.151.147' is suspected as Hard DoS attack! (counter: 31)
[Sat Jan 17 00:44:03.764214 2026] [dosdetector_syslog:notice] [pid 275427:tid 275574] '160.251.151.147' is suspected as Hard DoS attack! (counter: 32)
[Sat Jan 17 00:44:04.937526 2026] [dosdetector_syslog:notice] [pid 275427:tid 275566] '101.142.158.1' is suspected as Hard DoS attack! (counter: 17)
[Sat Jan 17 00:44:10.571342 2026] [dosdetector_syslog:notice] [pid 275296:tid 275355] '61.46.110.217' is suspected as Hard DoS attack! (counter: 30)
[Sat Jan 17 00:44:14.954394 2026] [dosdetector_syslog:notice] [pid 275427:tid 275597] '101.142.158.1' is suspected as Hard DoS attack! (counter: 18)
[Sat Jan 17 00:44:16.592097 2026] [dosdetector_syslog:notice] [pid 275427:tid 275580] '160.251.151.147' is suspected as Hard DoS attack! (counter: 33)
[Sat Jan 17 00:44:18.628126 2026] [dosdetector_syslog:notice] [pid 275427:tid 275568] '160.251.151.147' is suspected as Hard DoS attack! (counter: 34)
[Sat Jan 17 00:44:19.694323 2026] [dosdetector_syslog:notice] [pid 275427:tid 275572] '160.251.151.147' is suspected as Hard DoS attack! (counter: 35)
[Sat Jan 17 00:44:20.033079 2026] [dosdetector_syslog:notice] [pid 275296:tid 275347] '61.46.110.217' is suspected as Hard DoS attack! (counter: 31)
[Sat Jan 17 00:44:20.243735 2026] [:crit] [pid 275296:tid 275438] [client 78.31.250.12:52638] mod_spamhaus_new: address 12.250.31.78.sbl-xbl.spamhaus.org is blacklisted. Deny connection to 160.251.151.147/
[Sat Jan 17 00:44:20.581559 2026] [dosdetector_syslog:notice] [pid 275296:tid 275388] '61.46.110.217' is suspected as Hard DoS attack! (counter: 32)
[Sat Jan 17 00:44:21.289823 2026] [dosdetector_syslog:notice] [pid 275296:tid 275492] '78.31.250.12' is suspected as DoS attack! (counter: 3)
[Sat Jan 17 00:44:22.172377 2026] [dosdetector_syslog:notice] [pid 275427:tid 275567] '103.121.92.126' is suspected as DoS attack! (counter: 3)
[Sat Jan 17 00:44:22.664758 2026] [dosdetector_syslog:notice] [pid 275427:tid 275599] '101.142.158.1' is suspected as Hard DoS attack! (counter: 19)
[Sat Jan 17 00:44:23.301324 2026] [:crit] [pid 275427:tid 275609] [client 78.31.250.12:39712] mod_spamhaus_new: address 12.250.31.78.sbl-xbl.spamhaus.org is blacklisted. Deny connection to 160.251.151.147/app
[Sat Jan 17 00:44:23.763745 2026] [dosdetector_syslog:notice] [pid 275427:tid 275613] '160.251.151.147' is suspected as Hard DoS attack! (counter: 36)
[Sat Jan 17 00:44:24.411190 2026] [dosdetector_syslog:notice] [pid 275296:tid 275374] '61.46.110.217' is suspected as Hard DoS attack! (counter: 33)
[Sat Jan 17 00:44:24.507243 2026] [dosdetector_syslog:notice] [pid 275296:tid 275364] '61.46.110.217' is suspected as Hard DoS attack! (counter: 34)
[Sat Jan 17 00:44:24.868272 2026] [dosdetector_syslog:notice] [pid 275296:tid 275473] '160.251.151.147' is suspected as Hard DoS attack! (counter: 37)
[Sat Jan 17 00:44:24.956394 2026] [dosdetector_syslog:notice] [pid 275427:tid 275618] '101.142.158.1' is suspected as Hard DoS attack! (counter: 20)
[Sat Jan 17 00:44:27.236627 2026] [dosdetector_syslog:notice] [pid 275296:tid 275528] '160.251.151.147' is suspected as Hard DoS attack! (counter: 38)
[Sat Jan 17 00:44:27.239342 2026] [dosdetector_syslog:notice] [pid 275165:tid 275321] '219.124.231.83' is suspected as Hard DoS attack! (counter: 30)
[Sat Jan 17 00:44:27.357086 2026] [dosdetector_syslog:notice] [pid 275296:tid 275393] '61.46.110.217' is suspected as Hard DoS attack! (counter: 35)
[Sat Jan 17 00:44:28.045597 2026] [dosdetector_syslog:notice] [pid 275296:tid 275402] '61.46.110.217' is suspected as Hard DoS attack! (counter: 36)
[Sat Jan 17 00:44:28.190541 2026] [dosdetector_syslog:notice] [pid 275165:tid 275207] '60.122.36.139' is suspected as Hard DoS attack! (counter: 15)
[Sat Jan 17 00:44:29.418230 2026] [dosdetector_syslog:notice] [pid 275165:tid 275399] '160.251.151.147' is suspected as Hard DoS attack! (counter: 39)
[Sat Jan 17 00:44:30.589152 2026] [dosdetector_syslog:notice] [pid 275296:tid 275398] '61.46.110.217' is suspected as Hard DoS attack! (counter: 37)
[Sat Jan 17 00:44:30.884232 2026] [dosdetector_syslog:notice] [pid 275427:tid 275612] '60.122.36.139' is suspected as Hard DoS attack! (counter: 16)
[Sat Jan 17 00:44:31.229477 2026] [dosdetector_syslog:notice] [pid 275427:tid 275609] '101.142.158.1' is suspected as Hard DoS attack! (counter: 21)
[Sat Jan 17 00:44:34.644083 2026] [dosdetector_syslog:notice] [pid 275165:tid 275300] '219.124.231.83' is suspected as Hard DoS attack! (counter: 31)
[Sat Jan 17 00:44:34.957027 2026] [dosdetector_syslog:notice] [pid 275427:tid 275594] '101.142.158.1' is suspected as Hard DoS attack! (counter: 22)
[Sat Jan 17 00:44:36.411683 2026] [:crit] [pid 275165:tid 275363] [client 95.214.55.246:33866] mod_spamhaus_new: address 246.55.214.95.sbl-xbl.spamhaus.org is blacklisted. Deny connection to 160.251.151.147/
[Sat Jan 17 00:44:37.104996 2026] [dosdetector_syslog:notice] [pid 275165:tid 275346] '160.251.151.147' is suspected as Hard DoS attack! (counter: 40)
[Sat Jan 17 00:44:39.369795 2026] [dosdetector_syslog:notice] [pid 275427:tid 275574] '95.214.55.246' is suspected as DoS attack! (counter: 3)
[Sat Jan 17 00:44:40.589429 2026] [dosdetector_syslog:notice] [pid 275296:tid 275323] '61.46.110.217' is suspected as Hard DoS attack! (counter: 38)
[Sat Jan 17 00:44:40.838134 2026] [:crit] [pid 275296:tid 275485] [client 95.214.55.246:33932] mod_spamhaus_new: address 246.55.214.95.sbl-xbl.spamhaus.org is blacklisted. Deny connection to 160.251.151.147/_next/server
[Sat Jan 17 00:44:43.114677 2026] [dosdetector_syslog:notice] [pid 275427:tid 275605] '160.251.151.147' is suspected as Hard DoS attack! (counter: 41)
[Sat Jan 17 00:44:44.444293 2026] [dosdetector_syslog:notice] [pid 275427:tid 275600] '160.251.151.147' is suspected as Hard DoS attack! (counter: 42)
[Sat Jan 17 00:44:44.956859 2026] [dosdetector_syslog:notice] [pid 275427:tid 275585] '101.142.158.1' is suspected as Hard DoS attack! (counter: 23)
[Sat Jan 17 00:44:45.296509 2026] [dosdetector_syslog:notice] [pid 275165:tid 275421] '60.122.36.139' is suspected as Hard DoS attack! (counter: 17)
sh: -c: line 0: syntax error near unexpected token `newline'
sh: -c: line 0: `<div class="tmp d-none">'
sh: -c: line 1: syntax error near unexpected token `newline'
sh: -c: line 1: `		</div>'
[Sat Jan 17 00:44:45.584185 2026] [dosdetector_syslog:notice] [pid 275427:tid 275622] '160.251.151.147' is suspected as Hard DoS attack! (counter: 43)
[Sat Jan 17 00:44:45.763409 2026] [dosdetector_syslog:notice] [pid 275427:tid 275604] '160.251.151.147' is suspected as Hard DoS attack! (counter: 44)
[Sat Jan 17 00:44:46.260649 2026] [dosdetector_syslog:notice] [pid 275165:tid 275423] '60.122.36.139' is suspected as Hard DoS attack! (counter: 18)
sh: -c: line 0: syntax error near unexpected token `newline'
sh: -c: line 0: `<div class="tmp d-none">'
sh: -c: line 1: syntax error near unexpected token `newline'
sh: -c: line 1: `		</div>'
[Sat Jan 17 00:44:47.284701 2026] [dosdetector_syslog:notice] [pid 275427:tid 275579] '160.251.151.147' is suspected as Hard DoS attack! (counter: 45)
[Sat Jan 17 00:44:50.468942 2026] [dosdetector_syslog:notice] [pid 275427:tid 275575] '160.251.151.147' is suspected as Hard DoS attack! (counter: 46)
[Sat Jan 17 00:44:50.603261 2026] [dosdetector_syslog:notice] [pid 275296:tid 275405] '61.46.110.217' is suspected as Hard DoS attack! (counter: 39)
[Sat Jan 17 00:44:50.923640 2026] [dosdetector_syslog:notice] [pid 275427:tid 275592] '60.122.36.139' is suspected as Hard DoS attack! (counter: 19)
[Sat Jan 17 00:44:52.342745 2026] [dosdetector_syslog:notice] [pid 275427:tid 275576] '101.142.158.1' is suspected as Hard DoS attack! (counter: 24)
[Sat Jan 17 00:44:53.596852 2026] [dosdetector_syslog:notice] [pid 275427:tid 275595] '60.122.36.139' is suspected as Hard DoS attack! (counter: 20)
[Sat Jan 17 00:44:54.385294 2026] [dosdetector_syslog:notice] [pid 275427:tid 275622] '60.122.36.139' is suspected as Hard DoS attack! (counter: 21)
[Sat Jan 17 00:44:54.565437 2026] [dosdetector_syslog:notice] [pid 275427:tid 275574] '160.251.151.147' is suspected as Hard DoS attack! (counter: 47)
[Sat Jan 17 00:44:54.973970 2026] [dosdetector_syslog:notice] [pid 275427:tid 275596] '101.142.158.1' is suspected as Hard DoS attack! (counter: 25)
[Sat Jan 17 00:44:55.025456 2026] [dosdetector_syslog:notice] [pid 275427:tid 275598] '60.122.36.139' is suspected as Hard DoS attack! (counter: 22)
[Sat Jan 17 00:44:56.590850 2026] [dosdetector_syslog:notice] [pid 275165:tid 275409] '60.122.36.139' is suspected as Hard DoS attack! (counter: 23)
[Sat Jan 17 00:44:59.489606 2026] [dosdetector_syslog:notice] [pid 275296:tid 275480] '60.122.36.139' is suspected as Hard DoS attack! (counter: 24)
[Sat Jan 17 00:45:00.613254 2026] [dosdetector_syslog:notice] [pid 275296:tid 275384] '61.46.110.217' is suspected as Hard DoS attack! (counter: 40)
[Sat Jan 17 00:45:00.687141 2026] [dosdetector_syslog:notice] [pid 275296:tid 275328] '61.46.110.217' is suspected as Hard DoS attack! (counter: 41)
[Sat Jan 17 00:45:05.322581 2026] [dosdetector_syslog:notice] [pid 275296:tid 275520] '60.122.36.139' is suspected as Hard DoS attack! (counter: 25)
[Sat Jan 17 00:45:05.854775 2026] [dosdetector_syslog:notice] [pid 275427:tid 275574] '101.142.158.1' is suspected as Hard DoS attack! (counter: 26)
[Sat Jan 17 00:45:05.987962 2026] [dosdetector_syslog:notice] [pid 275427:tid 275581] '160.251.151.147' is suspected as Hard DoS attack! (counter: 48)
[Sat Jan 17 00:45:08.096587 2026] [dosdetector_syslog:notice] [pid 275296:tid 275450] '60.122.36.139' is suspected as Hard DoS attack! (counter: 26)
[Sat Jan 17 00:45:08.974547 2026] [dosdetector_syslog:notice] [pid 275296:tid 275332] '61.46.110.217' is suspected as Hard DoS attack! (counter: 42)
[Sat Jan 17 00:45:09.967490 2026] [dosdetector_syslog:notice] [pid 275296:tid 275446] '60.122.36.139' is suspected as Hard DoS attack! (counter: 27)
[Sat Jan 17 00:45:10.558322 2026] [dosdetector_syslog:notice] [pid 275427:tid 275595] '160.251.151.147' is suspected as Hard DoS attack! (counter: 49)
[Sat Jan 17 00:45:10.617160 2026] [dosdetector_syslog:notice] [pid 275296:tid 275395] '61.46.110.217' is suspected as Hard DoS attack! (counter: 43)
[Sat Jan 17 00:45:12.010271 2026] [dosdetector_syslog:notice] [pid 275427:tid 275621] '60.122.36.139' is suspected as Hard DoS attack! (counter: 28)
suexec policy violation: see suexec log for more details
[Sat Jan 17 00:45:13.171246 2026] [dosdetector_syslog:notice] [pid 275427:tid 275600] '60.122.36.139' is suspected as Hard DoS attack! (counter: 29)
/virtual/courserajp/.local/lib/python3.6/site-packages/flask_sqlalchemy/__init__.py:873: FSADeprecationWarning: SQLALCHEMY_TRACK_MODIFICATIONS adds significant overhead and will be disabled by default in the future.  Set it to True or False to suppress this warning.
  'SQLALCHEMY_TRACK_MODIFICATIONS adds significant overhead and '
[Sat Jan 17 00:45:13.418138 2026] [dosdetector_syslog:notice] [pid 275427:tid 275597] '160.251.151.147' is suspected as Hard DoS attack! (counter: 50)
[Sat Jan 17 00:45:15.856429 2026] [dosdetector_syslog:notice] [pid 275427:tid 275607] '101.142.158.1' is suspected as Hard DoS attack! (counter: 27)
[Sat Jan 17 00:45:18.713488 2026] [dosdetector_syslog:notice] [pid 275427:tid 275585] '60.122.36.139' is suspected as Hard DoS attack! (counter: 30)
[Sat Jan 17 00:45:19.979431 2026] [dosdetector_syslog:notice] [pid 275427:tid 275614] '60.122.36.139' is suspected as Hard DoS attack! (counter: 31)
[Sat Jan 17 00:45:20.125023 2026] [dosdetector_syslog:notice] [pid 275427:tid 275594] '160.251.151.147' is suspected as Hard DoS attack! (counter: 51)
[Sat Jan 17 00:45:20.627238 2026] [dosdetector_syslog:notice] [pid 275296:tid 275341] '61.46.110.217' is suspected as Hard DoS attack! (counter: 44)
[Sat Jan 17 00:45:20.809414 2026] [dosdetector_syslog:notice] [pid 275427:tid 275579] '60.122.36.139' is suspected as Hard DoS attack! (counter: 32)
[Sat Jan 17 00:45:21.815155 2026] [dosdetector_syslog:notice] [pid 275296:tid 275331] '61.46.110.217' is suspected as Hard DoS attack! (counter: 45)
Can't use 'defined(%hash)' (Maybe you should just omit the defined()?) at ./module/jcode.pl line 679.
Compilation failed in require at ./module/radagast.pl line 46.
[Sat Jan 17 00:45:22.884021 2026] [dosdetector_syslog:notice] [pid 275427:tid 275567] '101.142.158.1' is suspected as Hard DoS attack! (counter: 28)
suexec policy violation: see suexec log for more details
[Sat Jan 17 00:45:25.893914 2026] [dosdetector_syslog:notice] [pid 275427:tid 275582] '101.142.158.1' is suspected as Hard DoS attack! (counter: 29)
[Sat Jan 17 00:45:27.873526 2026] [dosdetector_syslog:notice] [pid 275427:tid 275608] '60.122.36.139' is suspected as Hard DoS attack! (counter: 33)
[Sat Jan 17 00:45:28.663080 2026] [dosdetector_syslog:notice] [pid 275296:tid 275546] '160.251.151.147' is suspected as Hard DoS attack! (counter: 52)
[Sat Jan 17 00:45:31.323433 2026] [dosdetector_syslog:notice] [pid 275165:tid 275333] '160.251.151.147' is suspected as Hard DoS attack! (counter: 53)
[Sat Jan 17 00:45:31.774682 2026] [dosdetector_syslog:notice] [pid 275165:tid 275313] '160.251.151.147' is suspected as Hard DoS attack! (counter: 54)
[Sat Jan 17 00:45:35.067432 2026] [dosdetector_syslog:notice] [pid 275427:tid 275555] '60.122.36.139' is suspected as Hard DoS attack! (counter: 34)
[Sat Jan 17 00:45:35.897431 2026] [dosdetector_syslog:notice] [pid 275427:tid 275583] '101.142.158.1' is suspected as Hard DoS attack! (counter: 30)
[Sat Jan 17 00:45:37.682236 2026] [dosdetector_syslog:notice] [pid 275427:tid 275549] '60.122.36.139' is suspected as Hard DoS attack! (counter: 35)
[Sat Jan 17 00:45:39.843364 2026] [dosdetector_syslog:notice] [pid 275296:tid 275358] '61.46.110.217' is suspected as Hard DoS attack! (counter: 46)
[Sat Jan 17 00:45:40.661145 2026] [dosdetector_syslog:notice] [pid 275165:tid 275399] '160.251.151.147' is suspected as Hard DoS attack! (counter: 55)
[Sat Jan 17 00:45:40.879454 2026] [dosdetector_syslog:notice] [pid 275296:tid 275405] '61.46.110.217' is suspected as Hard DoS attack! (counter: 47)
[Sat Jan 17 00:45:43.519186 2026] [dosdetector_syslog:notice] [pid 275427:tid 275579] '160.251.151.147' is suspected as Hard DoS attack! (counter: 56)
[Sat Jan 17 00:45:45.904216 2026] [dosdetector_syslog:notice] [pid 275427:tid 275585] '101.142.158.1' is suspected as Hard DoS attack! (counter: 31)
[Sat Jan 17 00:45:47.298453 2026] [dosdetector_syslog:notice] [pid 275427:tid 275600] '160.251.151.147' is suspected as Hard DoS attack! (counter: 57)
[Sat Jan 17 00:45:48.069166 2026] [dosdetector_syslog:notice] [pid 275296:tid 275342] '61.46.110.217' is suspected as Hard DoS attack! (counter: 48)
[Sat Jan 17 00:45:48.957509 2026] [dosdetector_syslog:notice] [pid 275296:tid 275460] '160.251.151.147' is suspected as Hard DoS attack! (counter: 58)
[Sat Jan 17 00:45:49.553483 2026] [dosdetector_syslog:notice] [pid 275296:tid 275339] '61.46.110.217' is suspected as Hard DoS attack! (counter: 49)
[Sat Jan 17 00:45:50.179257 2026] [dosdetector_syslog:notice] [pid 275296:tid 275341] '61.46.110.217' is suspected as Hard DoS attack! (counter: 50)
[Sat Jan 17 00:45:50.937367 2026] [dosdetector_syslog:notice] [pid 275296:tid 275354] '61.46.110.217' is suspected as Hard DoS attack! (counter: 51)
[Sat Jan 17 00:45:53.507188 2026] [dosdetector_syslog:notice] [pid 275296:tid 275311] '61.46.110.217' is suspected as Hard DoS attack! (counter: 52)
[Sat Jan 17 00:45:53.863108 2026] [dosdetector_syslog:notice] [pid 275296:tid 275367] '61.46.110.217' is suspected as Hard DoS attack! (counter: 53)
[Sat Jan 17 00:45:54.397531 2026] [dosdetector_syslog:notice] [pid 275427:tid 275564] '160.251.151.147' is suspected as Hard DoS attack! (counter: 59)
[Sat Jan 17 00:45:54.727636 2026] [dosdetector_syslog:notice] [pid 275296:tid 275397] '61.46.110.217' is suspected as Hard DoS attack! (counter: 54)
[Sat Jan 17 00:45:55.373225 2026] [dosdetector_syslog:notice] [pid 275296:tid 275348] '61.46.110.217' is suspected as Hard DoS attack! (counter: 55)
[Sat Jan 17 00:45:56.273057 2026] [dosdetector_syslog:notice] [pid 275296:tid 275323] '61.46.110.217' is suspected as Hard DoS attack! (counter: 56)
[Sat Jan 17 00:45:56.804599 2026] [dosdetector_syslog:notice] [pid 275165:tid 275299] '165.22.34.189' is suspected as DoS attack! (counter: 3)
[Sat Jan 17 00:45:56.862357 2026] [dosdetector_syslog:notice] [pid 275427:tid 275604] '101.142.158.1' is suspected as Hard DoS attack! (counter: 32)
[Sat Jan 17 00:45:58.081288 2026] [dosdetector_syslog:notice] [pid 275296:tid 275352] '61.46.110.217' is suspected as Hard DoS attack! (counter: 57)
[Sat Jan 17 00:45:58.685342 2026] [dosdetector_syslog:notice] [pid 275296:tid 275335] '61.46.110.217' is suspected as Hard DoS attack! (counter: 58)
[Sat Jan 17 00:45:59.073233 2026] [dosdetector_syslog:notice] [pid 275296:tid 275395] '61.46.110.217' is suspected as Hard DoS attack! (counter: 59)
[Sat Jan 17 00:45:59.375465 2026] [dosdetector_syslog:notice] [pid 275296:tid 275345] '61.46.110.217' is suspected as Hard DoS attack! (counter: 60)
[Sat Jan 17 00:46:00.415232 2026] [dosdetector_syslog:notice] [pid 275296:tid 275373] '61.46.110.217' is suspected as Hard DoS attack! (counter: 61)
[Sat Jan 17 00:46:00.801974 2026] [dosdetector_syslog:notice] [pid 275296:tid 275347] '61.46.110.217' is suspected as Hard DoS attack! (counter: 62)
[Sat Jan 17 00:46:01.155994 2026] [dosdetector_syslog:notice] [pid 275296:tid 275435] '23.234.21.50' is suspected as DoS attack! (counter: 3)
[Sat Jan 17 00:46:02.011297 2026] [dosdetector_syslog:notice] [pid 275296:tid 275318] '61.46.110.217' is suspected as Hard DoS attack! (counter: 63)
[Sat Jan 17 00:46:03.057396 2026] [dosdetector_syslog:notice] [pid 275296:tid 275377] '61.46.110.217' is suspected as Hard DoS attack! (counter: 64)
[Sat Jan 17 00:46:03.321425 2026] [dosdetector_syslog:notice] [pid 275296:tid 275370] '61.46.110.217' is suspected as Hard DoS attack! (counter: 65)
[Sat Jan 17 00:46:04.069274 2026] [dosdetector_syslog:notice] [pid 275296:tid 275309] '61.46.110.217' is suspected as Hard DoS attack! (counter: 66)
[Sat Jan 17 00:46:04.343201 2026] [dosdetector_syslog:notice] [pid 275296:tid 275374] '61.46.110.217' is suspected as Hard DoS attack! (counter: 67)
[Sat Jan 17 00:46:05.971329 2026] [dosdetector_syslog:notice] [pid 275296:tid 275327] '61.46.110.217' is suspected as Hard DoS attack! (counter: 68)
[Sat Jan 17 00:46:06.510978 2026] [dosdetector_syslog:notice] [pid 275296:tid 275334] '61.46.110.217' is suspected as Hard DoS attack! (counter: 69)
[Sat Jan 17 00:46:06.872574 2026] [dosdetector_syslog:notice] [pid 275427:tid 275597] '101.142.158.1' is suspected as Hard DoS attack! (counter: 33)
[Sat Jan 17 00:46:07.627634 2026] [dosdetector_syslog:notice] [pid 275296:tid 275431] '219.124.231.83' is suspected as Hard DoS attack! (counter: 32)
[Sat Jan 17 00:46:09.739188 2026] [dosdetector_syslog:notice] [pid 275296:tid 275371] '61.46.110.217' is suspected as Hard DoS attack! (counter: 70)
[Sat Jan 17 00:46:10.785089 2026] [dosdetector_syslog:notice] [pid 275296:tid 275368] '61.46.110.217' is suspected as Hard DoS attack! (counter: 71)
[Sat Jan 17 00:46:14.416835 2026] [dosdetector_syslog:notice] [pid 275296:tid 275365] '160.251.151.147' is suspected as Hard DoS attack! (counter: 60)
[Sat Jan 17 00:46:15.594131 2026] [dosdetector_syslog:notice] [pid 275296:tid 275543] '219.124.231.83' is suspected as Hard DoS attack! (counter: 33)
[Sat Jan 17 00:46:16.875477 2026] [dosdetector_syslog:notice] [pid 275427:tid 275576] '101.142.158.1' is suspected as Hard DoS attack! (counter: 34)
[Sat Jan 17 00:46:18.302948 2026] [dosdetector_syslog:notice] [pid 275296:tid 275497] '219.124.231.83' is suspected as Hard DoS attack! (counter: 34)
[Sat Jan 17 00:46:18.835782 2026] [dosdetector_syslog:notice] [pid 275296:tid 275451] '103.39.79.17' is suspected as DoS attack! (counter: 3)
[Sat Jan 17 00:46:20.109537 2026] [dosdetector_syslog:notice] [pid 275427:tid 275588] '160.251.151.147' is suspected as Hard DoS attack! (counter: 61)
suexec policy violation: see suexec log for more details
[Sat Jan 17 00:46:20.787079 2026] [core:crit] [pid 275165:tid 275333] (13)Permission denied: [client 43.153.47.201:45758] AH00529: /virtual/metadatalive/public_html/.htaccess pcfg_openfile: unable to check htaccess file, ensure it is readable and that '/virtual/metadatalive/public_html/' is executable
/virtual/courserajp/.local/lib/python3.6/site-packages/flask_sqlalchemy/__init__.py:873: FSADeprecationWarning: SQLALCHEMY_TRACK_MODIFICATIONS adds significant overhead and will be disabled by default in the future.  Set it to True or False to suppress this warning.
  'SQLALCHEMY_TRACK_MODIFICATIONS adds significant overhead and '
[Sat Jan 17 00:46:22.894455 2026] [dosdetector_syslog:notice] [pid 275427:tid 275609] '101.142.158.1' is suspected as Hard DoS attack! (counter: 35)
[Sat Jan 17 00:46:25.359864 2026] [dosdetector_syslog:notice] [pid 275165:tid 275421] '142.93.0.66' is suspected as DoS attack! (counter: 3)
[Sat Jan 17 00:46:26.906140 2026] [dosdetector_syslog:notice] [pid 275427:tid 275609] '101.142.158.1' is suspected as Hard DoS attack! (counter: 36)
[Sat Jan 17 00:46:29.326611 2026] [dosdetector_syslog:notice] [pid 275165:tid 275336] '219.124.231.83' is suspected as Hard DoS attack! (counter: 35)
[Sat Jan 17 00:46:30.091503 2026] [dosdetector_syslog:notice] [pid 275165:tid 275227] '61.46.110.217' is suspected as Hard DoS attack! (counter: 72)
[Sat Jan 17 00:46:31.979391 2026] [dosdetector_syslog:notice] [pid 275165:tid 275249] '61.46.110.217' is suspected as Hard DoS attack! (counter: 73)
Can't use 'defined(%hash)' (Maybe you should just omit the defined()?) at ./module/jcode.pl line 679.
Compilation failed in require at ./module/radagast.pl line 46.
[Sat Jan 17 00:46:37.862613 2026] [dosdetector_syslog:notice] [pid 275427:tid 275561] '101.142.158.1' is suspected as Hard DoS attack! (counter: 37)
[Sat Jan 17 00:46:39.595581 2026] [dosdetector_syslog:notice] [pid 275165:tid 275252] '61.46.110.217' is suspected as Hard DoS attack! (counter: 74)
[Sat Jan 17 00:46:40.042312 2026] [dosdetector_syslog:notice] [pid 275427:tid 275585] '160.251.151.147' is suspected as Hard DoS attack! (counter: 62)
[Sat Jan 17 00:46:46.212631 2026] [dosdetector_syslog:notice] [pid 275296:tid 275523] '160.251.151.147' is suspected as Hard DoS attack! (counter: 63)
[Sat Jan 17 00:46:47.308852 2026] [dosdetector_syslog:notice] [pid 275427:tid 275583] '160.251.151.147' is suspected as Hard DoS attack! (counter: 64)
[Sat Jan 17 00:46:47.969452 2026] [dosdetector_syslog:notice] [pid 275427:tid 275612] '101.142.158.1' is suspected as Hard DoS attack! (counter: 38)
[Sat Jan 17 00:46:48.790826 2026] [dosdetector_syslog:notice] [pid 275165:tid 275256] '61.46.110.217' is suspected as Hard DoS attack! (counter: 75)
[Sat Jan 17 00:46:48.957868 2026] [dosdetector_syslog:notice] [pid 275427:tid 275616] '160.251.151.147' is suspected as Hard DoS attack! (counter: 65)
[Sat Jan 17 00:46:50.791603 2026] [core:alert] [pid 275296:tid 275434] [client 43.153.54.138:50870] /virtual/hyate/public_html/www.keninoi.com/.htaccess: Invalid command '{\\rtf1\\ansi\\ansicpg932\\cocoartf2761', perhaps misspelled or defined by a module not included in the server configuration
[Sat Jan 17 00:46:51.811618 2026] [dosdetector_syslog:notice] [pid 275165:tid 275257] '61.46.110.217' is suspected as Hard DoS attack! (counter: 76)
[Sat Jan 17 00:46:54.095363 2026] [dosdetector_syslog:notice] [pid 275165:tid 275272] '61.46.110.217' is suspected as Hard DoS attack! (counter: 77)
[Sat Jan 17 00:46:54.703525 2026] [dosdetector_syslog:notice] [pid 275296:tid 275440] '60.122.36.139' is suspected as Hard DoS attack! (counter: 36)
[Sat Jan 17 00:46:57.973336 2026] [dosdetector_syslog:notice] [pid 275427:tid 275581] '101.142.158.1' is suspected as Hard DoS attack! (counter: 39)
[Sat Jan 17 00:46:58.083823 2026] [dosdetector_syslog:notice] [pid 275296:tid 275460] '160.251.151.147' is suspected as Hard DoS attack! (counter: 66)
[Sat Jan 17 00:46:58.957856 2026] [dosdetector_syslog:notice] [pid 275165:tid 275313] '60.122.36.139' is suspected as Hard DoS attack! (counter: 37)
[Sat Jan 17 00:47:00.649715 2026] [dosdetector_syslog:notice] [pid 275165:tid 275375] '60.122.36.139' is suspected as Hard DoS attack! (counter: 38)
[Sat Jan 17 00:47:01.867316 2026] [dosdetector_syslog:notice] [pid 275165:tid 275270] '61.46.110.217' is suspected as Hard DoS attack! (counter: 78)
[Sat Jan 17 00:47:02.163085 2026] [dosdetector_syslog:notice] [pid 275427:tid 275562] '60.122.36.139' is suspected as Hard DoS attack! (counter: 39)
[Sat Jan 17 00:47:03.401981 2026] [dosdetector_syslog:notice] [pid 275427:tid 275575] '160.251.151.147' is suspected as Hard DoS attack! (counter: 67)
[Sat Jan 17 00:47:04.123830 2026] [dosdetector_syslog:notice] [pid 275165:tid 275353] '60.122.36.139' is suspected as Hard DoS attack! (counter: 40)
[Sat Jan 17 00:47:06.183980 2026] [dosdetector_syslog:notice] [pid 275296:tid 275438] '160.251.151.147' is suspected as Hard DoS attack! (counter: 68)
[Sat Jan 17 00:47:07.971559 2026] [dosdetector_syslog:notice] [pid 275427:tid 275573] '101.142.158.1' is suspected as Hard DoS attack! (counter: 40)
[Sat Jan 17 00:47:09.959129 2026] [dosdetector_syslog:notice] [pid 275296:tid 275466] '160.251.151.147' is suspected as Hard DoS attack! (counter: 69)
[Sat Jan 17 00:47:10.964300 2026] [core:crit] [pid 275427:tid 275597] (13)Permission denied: [client 43.164.196.57:43848] AH00529: /virtual/hism4id/public_html/.htaccess pcfg_openfile: unable to check htaccess file, ensure it is readable and that '/virtual/hism4id/public_html/' is executable
[Sat Jan 17 00:47:13.273209 2026] [dosdetector_syslog:notice] [pid 275427:tid 275575] '160.251.151.147' is suspected as Hard DoS attack! (counter: 70)
[Sat Jan 17 00:47:17.005614 2026] [dosdetector_syslog:notice] [pid 275427:tid 275584] '1.13.178.130' is suspected as DoS attack! (counter: 3)
[Sat Jan 17 00:47:17.973383 2026] [dosdetector_syslog:notice] [pid 275427:tid 275606] '101.142.158.1' is suspected as Hard DoS attack! (counter: 41)
[Sat Jan 17 00:47:22.918435 2026] [dosdetector_syslog:notice] [pid 275427:tid 275592] '101.142.158.1' is suspected as Hard DoS attack! (counter: 42)
[Sat Jan 17 00:47:25.583297 2026] [dosdetector_syslog:notice] [pid 275296:tid 275429] '160.251.151.147' is suspected as Hard DoS attack! (counter: 71)
[Sat Jan 17 00:47:27.975234 2026] [dosdetector_syslog:notice] [pid 275427:tid 275610] '101.142.158.1' is suspected as Hard DoS attack! (counter: 43)
[Sat Jan 17 00:47:30.025563 2026] [dosdetector_syslog:notice] [pid 275427:tid 275468] '61.46.110.217' is suspected as Hard DoS attack! (counter: 79)
[Sat Jan 17 00:47:32.397818 2026] [dosdetector_syslog:notice] [pid 275427:tid 275463] '61.46.110.217' is suspected as Hard DoS attack! (counter: 80)
[Sat Jan 17 00:47:37.483690 2026] [dosdetector_syslog:notice] [pid 275427:tid 275477] '61.46.110.217' is suspected as Hard DoS attack! (counter: 81)
[Sat Jan 17 00:47:37.982441 2026] [dosdetector_syslog:notice] [pid 275427:tid 275598] '101.142.158.1' is suspected as Hard DoS attack! (counter: 44)
[Sat Jan 17 00:47:38.957437 2026] [core:crit] [pid 275165:tid 275308] (13)Permission denied: [client 43.157.156.190:40780] AH00529: /virtual/mersenneprime/public_html/.htaccess pcfg_openfile: unable to check htaccess file, ensure it is readable and that '/virtual/mersenneprime/public_html/' is executable
[Sat Jan 17 00:47:43.127990 2026] [dosdetector_syslog:notice] [pid 275296:tid 275455] '160.251.151.147' is suspected as Hard DoS attack! (counter: 72)
[Sat Jan 17 00:47:43.259913 2026] [dosdetector_syslog:notice] [pid 275427:tid 275512] '61.46.110.217' is suspected as Hard DoS attack! (counter: 82)
