[Sat Jan 17 01:11:17.894107 2026] [dosdetector_syslog:notice] [pid 275427:tid 275565] '101.142.158.1' is suspected as Hard DoS attack! (counter: 251)
[Sat Jan 17 01:11:18.666317 2026] [dosdetector_syslog:notice] [pid 275427:tid 275620] '160.251.151.147' is suspected as Hard DoS attack! (counter: 378)
[Sat Jan 17 01:11:20.172121 2026] [dosdetector_syslog:notice] [pid 275427:tid 275594] '60.122.36.139' is suspected as Hard DoS attack! (counter: 64)
[Sat Jan 17 01:11:20.415557 2026] [dosdetector_syslog:notice] [pid 275165:tid 275391] '160.251.151.147' is suspected as Hard DoS attack! (counter: 379)
[Sat Jan 17 01:11:21.921509 2026] [dosdetector_syslog:notice] [pid 275427:tid 275622] '101.142.158.1' is suspected as Hard DoS attack! (counter: 252)
[Sat Jan 17 01:11:22.365403 2026] [dosdetector_syslog:notice] [pid 275427:tid 275589] '60.122.36.139' is suspected as Hard DoS attack! (counter: 65)
Possible precedence issue with control flow operator at lib/MT/App.pm line 1152.
[Sat Jan 17 01:11:23.315304 2026] [dosdetector_syslog:notice] [pid 275427:tid 275576] '160.251.151.147' is suspected as Hard DoS attack! (counter: 380)
Subroutine MT::Template::SUPER::text redefined at /virtual/sakura/public_html/mtos/extlib/Data/ObjectDriver/BaseObject.pm line 529.
Name "Locale::Maketext::Lexicon" used only once: possible typo at /virtual/sakura/public_html/mtos/extlib/Locale/Maketext.pm line 653.
[Sat Jan 17 01:11:26.614108 2026] [dosdetector_syslog:notice] [pid 275427:tid 275595] '101.142.158.1' is suspected as Hard DoS attack! (counter: 253)
[Sat Jan 17 01:11:27.064546 2026] [dosdetector_syslog:notice] [pid 275427:tid 275580] '101.142.158.1' is suspected as Hard DoS attack! (counter: 254)
[Sat Jan 17 01:11:27.918720 2026] [dosdetector_syslog:notice] [pid 275427:tid 275590] '101.142.158.1' is suspected as Hard DoS attack! (counter: 255)
[Sat Jan 17 01:11:29.387207 2026] [dosdetector_syslog:notice] [pid 275296:tid 275450] '160.251.151.147' is suspected as Hard DoS attack! (counter: 381)
[Sat Jan 17 01:11:33.188639 2026] [dosdetector_syslog:notice] [pid 275427:tid 275601] '137.175.27.138' is suspected as DoS attack! (counter: 3)
[Sat Jan 17 01:11:33.712455 2026] [dosdetector_syslog:notice] [pid 275296:tid 275464] '219.124.231.83' is suspected as Hard DoS attack! (counter: 62)
[Sat Jan 17 01:11:34.645429 2026] [dosdetector_syslog:notice] [pid 275296:tid 275441] '60.122.36.139' is suspected as Hard DoS attack! (counter: 66)
[Sat Jan 17 01:11:34.964614 2026] [dosdetector_syslog:notice] [pid 275296:tid 275445] '60.122.36.139' is suspected as Hard DoS attack! (counter: 67)
[Sat Jan 17 01:11:34.971572 2026] [dosdetector_syslog:notice] [pid 275427:tid 275577] '219.124.231.83' is suspected as Hard DoS attack! (counter: 63)
[Sat Jan 17 01:11:35.027795 2026] [dosdetector_syslog:notice] [pid 275427:tid 275614] '101.142.158.1' is suspected as Hard DoS attack! (counter: 256)
[Sat Jan 17 01:11:35.123855 2026] [dosdetector_syslog:notice] [pid 275427:tid 275610] '219.124.231.83' is suspected as Hard DoS attack! (counter: 64)
[Sat Jan 17 01:11:35.437921 2026] [dosdetector_syslog:notice] [pid 275296:tid 275492] '160.251.151.147' is suspected as Hard DoS attack! (counter: 382)
[Sat Jan 17 01:11:35.580404 2026] [dosdetector_syslog:notice] [pid 275296:tid 275506] '160.251.151.147' is suspected as Hard DoS attack! (counter: 383)
[Sat Jan 17 01:11:36.474154 2026] [dosdetector_syslog:notice] [pid 275427:tid 275594] '160.251.151.147' is suspected as Hard DoS attack! (counter: 384)
[Sat Jan 17 01:11:36.476665 2026] [dosdetector_syslog:notice] [pid 275427:tid 275598] '160.251.151.147' is suspected as Hard DoS attack! (counter: 385)
[Sat Jan 17 01:11:37.250121 2026] [dosdetector_syslog:notice] [pid 275296:tid 275533] '60.122.36.139' is suspected as Hard DoS attack! (counter: 68)
[Sat Jan 17 01:11:37.640161 2026] [core:crit] [pid 275296:tid 275444] (13)Permission denied: [client 14.215.163.132:55963] AH00529: /virtual/deafbridge/public_html/.htaccess pcfg_openfile: unable to check htaccess file, ensure it is readable and that '/virtual/deafbridge/public_html/' is executable, referer: http://deafbridge.shop
[Sat Jan 17 01:11:38.868075 2026] [dosdetector_syslog:notice] [pid 275427:tid 275572] '101.142.158.1' is suspected as Hard DoS attack! (counter: 257)
[Sat Jan 17 01:11:41.106921 2026] [dosdetector_syslog:notice] [pid 275427:tid 275564] '60.122.36.139' is suspected as Hard DoS attack! (counter: 69)
[Sat Jan 17 01:11:44.697489 2026] [dosdetector_syslog:notice] [pid 275296:tid 275548] '60.122.36.139' is suspected as Hard DoS attack! (counter: 70)
[Sat Jan 17 01:11:47.674087 2026] [dosdetector_syslog:notice] [pid 275427:tid 275607] '160.251.151.147' is suspected as Hard DoS attack! (counter: 386)
[Sat Jan 17 01:11:49.729489 2026] [dosdetector_syslog:notice] [pid 275427:tid 275581] '160.251.151.147' is suspected as Hard DoS attack! (counter: 387)
[Sat Jan 17 01:11:54.756749 2026] [dosdetector_syslog:notice] [pid 275165:tid 275361] '160.251.151.147' is suspected as Hard DoS attack! (counter: 388)
[Sat Jan 17 01:11:55.660421 2026] [dosdetector_syslog:notice] [pid 275427:tid 275596] '160.251.151.147' is suspected as Hard DoS attack! (counter: 389)
[Sat Jan 17 01:11:56.475433 2026] [dosdetector_syslog:notice] [pid 275165:tid 275375] '82.29.52.78' is suspected as DoS attack! (counter: 3)
[Sat Jan 17 01:11:56.761298 2026] [core:alert] [pid 275427:tid 275611] [client 2a06:98c0:3600::103:11841] /virtual/ittemiyokado/public_html/ittemiyokado.shop/.htaccess: Invalid command '\xef\xbc\x9cFiles', perhaps misspelled or defined by a module not included in the server configuration
[Sat Jan 17 01:11:59.601906 2026] [dosdetector_syslog:notice] [pid 275427:tid 275619] '160.251.151.147' is suspected as Hard DoS attack! (counter: 390)
[Sat Jan 17 01:12:00.993154 2026] [dosdetector_syslog:notice] [pid 275296:tid 275441] '101.142.158.1' is suspected as Hard DoS attack! (counter: 258)
[Sat Jan 17 01:12:09.919169 2026] [dosdetector_syslog:notice] [pid 275427:tid 275604] '160.251.151.147' is suspected as Hard DoS attack! (counter: 391)
[Sat Jan 17 01:12:11.006161 2026] [dosdetector_syslog:notice] [pid 275296:tid 275480] '101.142.158.1' is suspected as Hard DoS attack! (counter: 259)
[Sat Jan 17 01:12:13.896737 2026] [dosdetector_syslog:notice] [pid 275165:tid 275310] '160.251.151.147' is suspected as Hard DoS attack! (counter: 392)
[Sat Jan 17 01:12:15.661351 2026] [dosdetector_syslog:notice] [pid 275427:tid 275580] '60.122.36.139' is suspected as Hard DoS attack! (counter: 71)
[Sat Jan 17 01:12:16.933834 2026] [dosdetector_syslog:notice] [pid 275427:tid 275567] '60.122.36.139' is suspected as Hard DoS attack! (counter: 72)
[Sat Jan 17 01:12:16.958575 2026] [dosdetector_syslog:notice] [pid 275427:tid 275617] '60.122.36.139' is suspected as Hard DoS attack! (counter: 73)
[Sat Jan 17 01:12:16.962342 2026] [dosdetector_syslog:notice] [pid 275427:tid 275580] '60.122.36.139' is suspected as Hard DoS attack! (counter: 74)
[Sat Jan 17 01:12:18.523416 2026] [dosdetector_syslog:notice] [pid 275427:tid 275559] '60.122.36.139' is suspected as Hard DoS attack! (counter: 75)
[Sat Jan 17 01:12:21.014714 2026] [dosdetector_syslog:notice] [pid 275296:tid 275502] '101.142.158.1' is suspected as Hard DoS attack! (counter: 260)
[Sat Jan 17 01:12:25.238225 2026] [dosdetector_syslog:notice] [pid 275165:tid 275418] '160.251.151.147' is suspected as Hard DoS attack! (counter: 393)
[Sat Jan 17 01:12:25.271567 2026] [dosdetector_syslog:notice] [pid 275427:tid 275580] '160.251.151.147' is suspected as Hard DoS attack! (counter: 394)
[Sat Jan 17 01:12:27.492667 2026] [dosdetector_syslog:notice] [pid 275427:tid 275621] '160.251.151.147' is suspected as Hard DoS attack! (counter: 395)
[Sat Jan 17 01:12:31.006482 2026] [dosdetector_syslog:notice] [pid 275296:tid 275543] '101.142.158.1' is suspected as Hard DoS attack! (counter: 261)
[Sat Jan 17 01:12:34.683036 2026] [dosdetector_syslog:notice] [pid 275427:tid 275603] '160.251.151.147' is suspected as Hard DoS attack! (counter: 396)
[Sat Jan 17 01:12:41.010862 2026] [dosdetector_syslog:notice] [pid 275296:tid 275430] '101.142.158.1' is suspected as Hard DoS attack! (counter: 262)
[Sat Jan 17 01:12:43.115492 2026] [dosdetector_syslog:notice] [pid 275427:tid 275586] '160.251.151.147' is suspected as Hard DoS attack! (counter: 397)
[Sat Jan 17 01:12:43.135580 2026] [dosdetector_syslog:notice] [pid 275427:tid 275597] '160.251.151.147' is suspected as Hard DoS attack! (counter: 398)
[Sat Jan 17 01:12:43.333314 2026] [:crit] [pid 275296:tid 275469] [client 37.77.150.123:57141] mod_spamhaus_new: address 123.150.77.37.sbl-xbl.spamhaus.org is blacklisted. Deny connection to www.kaguralea.com/xmlrpc.php, referer: https://www.kaguralea.com/xmlrpc.php
[Sat Jan 17 01:12:47.349408 2026] [dosdetector_syslog:notice] [pid 275427:tid 275598] '160.251.151.147' is suspected as Hard DoS attack! (counter: 399)
[Sat Jan 17 01:12:50.232577 2026] [dosdetector_syslog:notice] [pid 275165:tid 275409] '160.251.151.147' is suspected as Hard DoS attack! (counter: 400)
[Sat Jan 17 01:12:50.933227 2026] [dosdetector_syslog:notice] [pid 275296:tid 275449] '60.122.36.139' is suspected as Hard DoS attack! (counter: 76)
[Sat Jan 17 01:12:51.056707 2026] [dosdetector_syslog:notice] [pid 275296:tid 275432] '101.142.158.1' is suspected as Hard DoS attack! (counter: 263)
[Sat Jan 17 01:12:51.271400 2026] [core:crit] [pid 275165:tid 275299] (13)Permission denied: [client 43.157.168.43:35972] AH00529: /virtual/womencare2025/public_html/.htaccess pcfg_openfile: unable to check htaccess file, ensure it is readable and that '/virtual/womencare2025/public_html/' is executable
[Sat Jan 17 01:12:53.423365 2026] [dosdetector_syslog:notice] [pid 275427:tid 275597] '160.251.151.147' is suspected as Hard DoS attack! (counter: 401)
[Sat Jan 17 01:12:53.673580 2026] [dosdetector_syslog:notice] [pid 275296:tid 275442] '60.122.36.139' is suspected as Hard DoS attack! (counter: 77)
[Sat Jan 17 01:12:55.695486 2026] [dosdetector_syslog:notice] [pid 275427:tid 275603] '160.251.151.147' is suspected as Hard DoS attack! (counter: 402)
[Sat Jan 17 01:12:55.737477 2026] [dosdetector_syslog:notice] [pid 275427:tid 275566] '160.251.151.147' is suspected as Hard DoS attack! (counter: 403)
[Sat Jan 17 01:12:59.152634 2026] [dosdetector_syslog:notice] [pid 275296:tid 275437] '60.122.36.139' is suspected as Hard DoS attack! (counter: 78)
[Sat Jan 17 01:13:00.697058 2026] [dosdetector_syslog:notice] [pid 275427:tid 275592] '60.122.36.139' is suspected as Hard DoS attack! (counter: 79)
[Sat Jan 17 01:13:01.064763 2026] [dosdetector_syslog:notice] [pid 275427:tid 275587] '101.142.158.1' is suspected as Hard DoS attack! (counter: 264)
[Sat Jan 17 01:13:02.706200 2026] [core:alert] [pid 275427:tid 275600] [client 2a06:98c0:3600::103:9298] /virtual/ittemiyokado/public_html/ittemiyokado.shop/.htaccess: Invalid command '\xef\xbc\x9cFiles', perhaps misspelled or defined by a module not included in the server configuration
[Sat Jan 17 01:13:03.887670 2026] [dosdetector_syslog:notice] [pid 275296:tid 275439] '160.251.151.147' is suspected as Hard DoS attack! (counter: 404)
[Sat Jan 17 01:13:04.788707 2026] [dosdetector_syslog:notice] [pid 450290:tid 450367] '160.251.151.147' is suspected as Hard DoS attack! (counter: 405)
[Sat Jan 17 01:13:08.044491 2026] [dosdetector_syslog:notice] [pid 450290:tid 450379] '160.251.151.147' is suspected as Hard DoS attack! (counter: 406)
[Sat Jan 17 01:13:10.380858 2026] [dosdetector_syslog:notice] [pid 450290:tid 450400] '123.56.111.138' is suspected as DoS attack! (counter: 3)
[Sat Jan 17 01:13:11.069247 2026] [dosdetector_syslog:notice] [pid 275427:tid 275597] '101.142.158.1' is suspected as Hard DoS attack! (counter: 265)
[Sat Jan 17 01:13:17.359081 2026] [dosdetector_syslog:notice] [pid 450290:tid 450308] '60.122.36.139' is suspected as Hard DoS attack! (counter: 80)
[Sat Jan 17 01:13:21.068762 2026] [dosdetector_syslog:notice] [pid 275427:tid 275570] '101.142.158.1' is suspected as Hard DoS attack! (counter: 266)
[Sat Jan 17 01:13:21.335295 2026] [core:alert] [pid 275427:tid 275552] [remote 2a06:98c0:3600::103:11271] /virtual/ittemiyokado/public_html/ittemiyokado.shop/.htaccess: Invalid command '\xef\xbc\x9cFiles', perhaps misspelled or defined by a module not included in the server configuration
[Sat Jan 17 01:13:21.949713 2026] [dosdetector_syslog:notice] [pid 275427:tid 275584] '101.142.158.1' is suspected as Hard DoS attack! (counter: 267)
[Sat Jan 17 01:13:23.990703 2026] [dosdetector_syslog:notice] [pid 450290:tid 450417] '43.255.31.177' is suspected as DoS attack! (counter: 3)
[Sat Jan 17 01:13:24.908907 2026] [dosdetector_syslog:notice] [pid 275296:tid 275443] '160.251.151.147' is suspected as Hard DoS attack! (counter: 407)
[Sat Jan 17 01:13:24.947863 2026] [dosdetector_syslog:notice] [pid 275296:tid 275447] '60.122.36.139' is suspected as Hard DoS attack! (counter: 81)
[Sat Jan 17 01:13:28.891267 2026] [dosdetector_syslog:notice] [pid 450290:tid 450401] '60.122.36.139' is suspected as Hard DoS attack! (counter: 82)
[Sat Jan 17 01:13:30.172781 2026] [dosdetector_syslog:notice] [pid 450290:tid 450421] '60.122.36.139' is suspected as Hard DoS attack! (counter: 83)
[Sat Jan 17 01:13:31.070716 2026] [dosdetector_syslog:notice] [pid 275427:tid 275586] '101.142.158.1' is suspected as Hard DoS attack! (counter: 268)
[Sat Jan 17 01:13:35.828393 2026] [core:alert] [pid 450290:tid 450316] [remote 2a06:98c0:3600::103:11808] /virtual/ittemiyokado/public_html/ittemiyokado.shop/.htaccess: Invalid command '\xef\xbc\x9cFiles', perhaps misspelled or defined by a module not included in the server configuration
[Sat Jan 17 01:13:37.150003 2026] [dosdetector_syslog:notice] [pid 450290:tid 450422] '60.122.36.139' is suspected as Hard DoS attack! (counter: 84)
Can't use 'defined(%hash)' (Maybe you should just omit the defined()?) at ./module/jcode.pl line 679.
Compilation failed in require at ./module/radagast.pl line 46.
[Sat Jan 17 01:13:41.086043 2026] [dosdetector_syslog:notice] [pid 275427:tid 275609] '101.142.158.1' is suspected as Hard DoS attack! (counter: 269)
[Sat Jan 17 01:13:47.393209 2026] [dosdetector_syslog:notice] [pid 275427:tid 275602] '160.251.151.147' is suspected as Hard DoS attack! (counter: 408)
[Sat Jan 17 01:13:48.809139 2026] [dosdetector_syslog:notice] [pid 275427:tid 275599] '160.251.151.147' is suspected as Hard DoS attack! (counter: 409)
[Sat Jan 17 01:13:50.324975 2026] [dosdetector_syslog:notice] [pid 275427:tid 275584] '160.251.151.147' is suspected as Hard DoS attack! (counter: 410)
[Sat Jan 17 01:13:50.397110 2026] [dosdetector_syslog:notice] [pid 450290:tid 450402] '160.251.151.147' is suspected as Hard DoS attack! (counter: 411)
[Sat Jan 17 01:13:51.082003 2026] [dosdetector_syslog:notice] [pid 275427:tid 275621] '101.142.158.1' is suspected as Hard DoS attack! (counter: 270)
[Sat Jan 17 01:13:53.117797 2026] [dosdetector_syslog:notice] [pid 275296:tid 275390] '60.122.36.139' is suspected as Hard DoS attack! (counter: 85)
[Sat Jan 17 01:13:55.614266 2026] [dosdetector_syslog:notice] [pid 275427:tid 275565] '160.251.151.147' is suspected as Hard DoS attack! (counter: 412)
[Sat Jan 17 01:13:55.661658 2026] [:crit] [pid 450290:tid 450395] [client 213.177.179.189:56778] mod_spamhaus_new: address 189.179.177.213.sbl-xbl.spamhaus.org is blacklisted. Deny connection to psannetworks.shop/, referer: https://psannetworks.shop
[Sat Jan 17 01:14:00.918620 2026] [dosdetector_syslog:notice] [pid 450290:tid 450386] '160.251.151.147' is suspected as Hard DoS attack! (counter: 413)
[Sat Jan 17 01:14:01.082679 2026] [dosdetector_syslog:notice] [pid 275427:tid 275562] '101.142.158.1' is suspected as Hard DoS attack! (counter: 271)
[Sat Jan 17 01:14:05.126094 2026] [dosdetector_syslog:notice] [pid 275427:tid 275590] '146.75.201.0' is suspected as Hard DoS attack! (counter: 10)
[Sat Jan 17 01:14:06.335924 2026] [dosdetector_syslog:notice] [pid 450290:tid 450396] '160.251.151.147' is suspected as Hard DoS attack! (counter: 414)
[Sat Jan 17 01:14:06.803542 2026] [dosdetector_syslog:notice] [pid 275296:tid 275446] '160.251.151.147' is suspected as Hard DoS attack! (counter: 415)
[Sat Jan 17 01:14:07.168738 2026] [dosdetector_syslog:notice] [pid 275427:tid 275474] '60.122.36.139' is suspected as Hard DoS attack! (counter: 86)
[Sat Jan 17 01:14:09.052739 2026] [dosdetector_syslog:notice] [pid 275427:tid 275586] '146.75.201.0' is suspected as Hard DoS attack! (counter: 11)
[Sat Jan 17 01:14:10.179515 2026] [dosdetector_syslog:notice] [pid 275427:tid 275550] '60.122.36.139' is suspected as Hard DoS attack! (counter: 87)
[Sat Jan 17 01:14:11.086797 2026] [dosdetector_syslog:notice] [pid 275427:tid 275613] '101.142.158.1' is suspected as Hard DoS attack! (counter: 272)
[Sat Jan 17 01:14:12.345735 2026] [dosdetector_syslog:notice] [pid 275427:tid 275555] '60.122.36.139' is suspected as Hard DoS attack! (counter: 88)
[Sat Jan 17 01:14:12.982184 2026] [dosdetector_syslog:notice] [pid 275427:tid 275581] '146.75.201.0' is suspected as Hard DoS attack! (counter: 12)
[Sat Jan 17 01:14:16.025755 2026] [dosdetector_syslog:notice] [pid 275427:tid 275565] '101.142.158.1' is suspected as Hard DoS attack! (counter: 273)
[Sat Jan 17 01:14:17.401278 2026] [dosdetector_syslog:notice] [pid 275427:tid 275603] '160.251.151.147' is suspected as Hard DoS attack! (counter: 416)
[Sat Jan 17 01:14:19.772235 2026] [dosdetector_syslog:notice] [pid 450290:tid 450352] '60.122.36.139' is suspected as Hard DoS attack! (counter: 89)
[Sat Jan 17 01:14:21.084792 2026] [dosdetector_syslog:notice] [pid 275427:tid 275590] '101.142.158.1' is suspected as Hard DoS attack! (counter: 274)
[Sat Jan 17 01:14:21.944674 2026] [dosdetector_syslog:notice] [pid 275427:tid 275577] '101.142.158.1' is suspected as Hard DoS attack! (counter: 275)
[Sat Jan 17 01:14:23.079515 2026] [dosdetector_syslog:notice] [pid 275427:tid 275601] '146.75.201.0' is suspected as Hard DoS attack! (counter: 13)
[Sat Jan 17 01:14:23.370846 2026] [dosdetector_syslog:notice] [pid 275427:tid 275577] '160.251.151.147' is suspected as Hard DoS attack! (counter: 417)
[Sat Jan 17 01:14:29.361352 2026] [dosdetector_syslog:notice] [pid 275427:tid 275600] '160.251.151.147' is suspected as Hard DoS attack! (counter: 418)
[Sat Jan 17 01:14:31.489377 2026] [dosdetector_syslog:notice] [pid 450290:tid 450387] '160.251.151.147' is suspected as Hard DoS attack! (counter: 419)
[Sat Jan 17 01:14:31.875434 2026] [dosdetector_syslog:notice] [pid 275427:tid 275616] '101.142.158.1' is suspected as Hard DoS attack! (counter: 276)
[Sat Jan 17 01:14:34.199072 2026] [dosdetector_syslog:notice] [pid 275427:tid 275565] '160.251.151.147' is suspected as Hard DoS attack! (counter: 420)
[Sat Jan 17 01:14:37.102692 2026] [dosdetector_syslog:notice] [pid 450290:tid 450417] '160.251.151.147' is suspected as Hard DoS attack! (counter: 421)
[Sat Jan 17 01:14:42.753368 2026] [dosdetector_syslog:notice] [pid 275427:tid 275566] '101.142.158.1' is suspected as Hard DoS attack! (counter: 277)
[Sat Jan 17 01:14:47.356027 2026] [dosdetector_syslog:notice] [pid 275427:tid 275621] '160.251.151.147' is suspected as Hard DoS attack! (counter: 422)
[Sat Jan 17 01:14:47.379646 2026] [dosdetector_syslog:notice] [pid 450290:tid 450396] '160.251.151.147' is suspected as Hard DoS attack! (counter: 423)
[Sat Jan 17 01:14:52.764032 2026] [dosdetector_syslog:notice] [pid 275427:tid 275578] '101.142.158.1' is suspected as Hard DoS attack! (counter: 278)
[Sat Jan 17 01:14:55.156566 2026] [dosdetector_syslog:notice] [pid 275427:tid 275615] '101.142.158.1' is suspected as Hard DoS attack! (counter: 279)
[Sat Jan 17 01:14:55.827386 2026] [dosdetector_syslog:notice] [pid 450290:tid 450382] '160.251.151.147' is suspected as Hard DoS attack! (counter: 424)
[Sat Jan 17 01:14:57.150852 2026] [dosdetector_syslog:notice] [pid 275427:tid 275576] '101.142.158.1' is suspected as Hard DoS attack! (counter: 280)
[Sat Jan 17 01:14:58.343689 2026] [core:crit] [pid 450290:tid 450415] (13)Permission denied: [client 109.172.93.98:47412] AH00529: /virtual/mersenneprime/public_html/.htaccess pcfg_openfile: unable to check htaccess file, ensure it is readable and that '/virtual/mersenneprime/public_html/' is executable
[Sat Jan 17 01:14:58.361153 2026] [dosdetector_syslog:notice] [pid 275296:tid 275442] '160.251.151.147' is suspected as Hard DoS attack! (counter: 425)
[Sat Jan 17 01:14:59.739404 2026] [dosdetector_syslog:notice] [pid 275296:tid 275509] '160.251.151.147' is suspected as Hard DoS attack! (counter: 426)
[Sat Jan 17 01:15:02.185212 2026] [dosdetector_syslog:notice] [pid 275427:tid 275607] '219.124.231.83' is suspected as Hard DoS attack! (counter: 65)
[Sat Jan 17 01:15:02.880618 2026] [dosdetector_syslog:notice] [pid 275427:tid 275597] '101.142.158.1' is suspected as Hard DoS attack! (counter: 281)
[Sat Jan 17 01:15:02.936657 2026] [dosdetector_syslog:notice] [pid 275427:tid 275602] '219.124.231.83' is suspected as Hard DoS attack! (counter: 66)
[Sat Jan 17 01:15:03.141099 2026] [core:crit] [pid 275296:tid 275434] (13)Permission denied: [client 101.33.66.34:34730] AH00529: /virtual/fuwafuwasavon/public_html/.htaccess pcfg_openfile: unable to check htaccess file, ensure it is readable and that '/virtual/fuwafuwasavon/public_html/' is executable
[Sat Jan 17 01:15:09.288718 2026] [dosdetector_syslog:notice] [pid 275427:tid 275612] '219.124.231.83' is suspected as Hard DoS attack! (counter: 67)
[Sat Jan 17 01:15:09.324615 2026] [dosdetector_syslog:notice] [pid 450290:tid 450382] '160.251.151.147' is suspected as Hard DoS attack! (counter: 427)
[Sat Jan 17 01:15:09.696549 2026] [dosdetector_syslog:notice] [pid 275427:tid 275613] '160.251.151.147' is suspected as Hard DoS attack! (counter: 428)
[Sat Jan 17 01:15:11.327479 2026] [dosdetector_syslog:notice] [pid 275427:tid 275600] '101.142.158.1' is suspected as Hard DoS attack! (counter: 282)
[Sat Jan 17 01:15:12.210847 2026] [dosdetector_syslog:notice] [pid 275427:tid 275616] '160.251.151.147' is suspected as Hard DoS attack! (counter: 429)
[Sat Jan 17 01:15:12.886225 2026] [dosdetector_syslog:notice] [pid 275427:tid 275602] '101.142.158.1' is suspected as Hard DoS attack! (counter: 283)
[Sat Jan 17 01:15:14.337332 2026] [dosdetector_syslog:notice] [pid 275427:tid 275596] '101.142.158.1' is suspected as Hard DoS attack! (counter: 284)
[Sat Jan 17 01:15:14.955470 2026] [dosdetector_syslog:notice] [pid 275427:tid 275563] '160.251.151.147' is suspected as Hard DoS attack! (counter: 430)
[Sat Jan 17 01:15:14.957302 2026] [dosdetector_syslog:notice] [pid 450290:tid 450430] '160.251.151.147' is suspected as Hard DoS attack! (counter: 431)
[Sat Jan 17 01:15:15.074180 2026] [dosdetector_syslog:notice] [pid 450290:tid 450298] '106.155.2.119' is suspected as DoS attack! (counter: 3)
[Sat Jan 17 01:15:18.753701 2026] [dosdetector_syslog:notice] [pid 275427:tid 275620] '101.142.158.1' is suspected as Hard DoS attack! (counter: 285)
[Sat Jan 17 01:15:19.924179 2026] [dosdetector_syslog:notice] [pid 275427:tid 275578] '160.251.151.147' is suspected as Hard DoS attack! (counter: 432)
[Sat Jan 17 01:15:21.968156 2026] [dosdetector_syslog:notice] [pid 275427:tid 275607] '101.142.158.1' is suspected as Hard DoS attack! (counter: 286)
[Sat Jan 17 01:15:22.890024 2026] [dosdetector_syslog:notice] [pid 275427:tid 275566] '101.142.158.1' is suspected as Hard DoS attack! (counter: 287)
[Sat Jan 17 01:15:26.949724 2026] [dosdetector_syslog:notice] [pid 275427:tid 275621] '101.142.158.1' is suspected as Hard DoS attack! (counter: 288)
[Sat Jan 17 01:15:30.289968 2026] [dosdetector_syslog:notice] [pid 275427:tid 275542] '60.122.36.139' is suspected as Hard DoS attack! (counter: 90)
[Sat Jan 17 01:15:30.960601 2026] [dosdetector_syslog:notice] [pid 275427:tid 275474] '153.211.218.211' is suspected as DoS attack! (counter: 3)
[Sat Jan 17 01:15:31.476908 2026] [dosdetector_syslog:notice] [pid 275296:tid 275434] '160.251.151.147' is suspected as Hard DoS attack! (counter: 433)
[Sat Jan 17 01:15:32.891283 2026] [dosdetector_syslog:notice] [pid 275427:tid 275586] '101.142.158.1' is suspected as Hard DoS attack! (counter: 289)
[Sat Jan 17 01:15:38.539651 2026] [dosdetector_syslog:notice] [pid 450290:tid 450367] '103.75.13.242' is suspected as DoS attack! (counter: 3)
[Sat Jan 17 01:15:40.511793 2026] [dosdetector_syslog:notice] [pid 450290:tid 450415] '39.58.39.95' is suspected as DoS attack! (counter: 3)
[Sat Jan 17 01:15:41.813479 2026] [dosdetector_syslog:notice] [pid 450290:tid 450417] '160.251.151.147' is suspected as Hard DoS attack! (counter: 434)
[Sat Jan 17 01:15:42.897000 2026] [dosdetector_syslog:notice] [pid 275427:tid 275622] '101.142.158.1' is suspected as Hard DoS attack! (counter: 290)
[Sat Jan 17 01:15:44.658461 2026] [dosdetector_syslog:notice] [pid 450290:tid 450387] '194.99.104.201' is suspected as DoS attack! (counter: 3)
[Sat Jan 17 01:15:45.448518 2026] [dosdetector_syslog:notice] [pid 450290:tid 450438] '160.251.151.147' is suspected as Hard DoS attack! (counter: 435)
[Sat Jan 17 01:15:46.472599 2026] [dosdetector_syslog:notice] [pid 275296:tid 275462] '160.251.151.147' is suspected as Hard DoS attack! (counter: 436)
[Sat Jan 17 01:15:47.272088 2026] [dosdetector_syslog:notice] [pid 275427:tid 275592] '160.251.151.147' is suspected as Hard DoS attack! (counter: 437)
[Sat Jan 17 01:15:53.878132 2026] [dosdetector_syslog:notice] [pid 275427:tid 275577] '101.142.158.1' is suspected as Hard DoS attack! (counter: 291)
[Sat Jan 17 01:15:53.968668 2026] [dosdetector_syslog:notice] [pid 275427:tid 275566] '160.251.151.147' is suspected as Hard DoS attack! (counter: 438)
[Sat Jan 17 01:15:55.253863 2026] [dosdetector_syslog:notice] [pid 275427:tid 275567] '160.251.151.147' is suspected as Hard DoS attack! (counter: 439)
[Sat Jan 17 01:15:57.879649 2026] [dosdetector_syslog:notice] [pid 450290:tid 450415] '160.251.151.147' is suspected as Hard DoS attack! (counter: 440)
[Sat Jan 17 01:15:58.033839 2026] [dosdetector_syslog:notice] [pid 450290:tid 450408] '160.251.151.147' is suspected as Hard DoS attack! (counter: 441)
[Sat Jan 17 01:16:00.688348 2026] [dosdetector_syslog:notice] [pid 450290:tid 450387] '160.251.151.147' is suspected as Hard DoS attack! (counter: 442)
[Sat Jan 17 01:16:03.876762 2026] [dosdetector_syslog:notice] [pid 275427:tid 275560] '101.142.158.1' is suspected as Hard DoS attack! (counter: 292)
[Sat Jan 17 01:16:04.070185 2026] [dosdetector_syslog:notice] [pid 275427:tid 275588] '101.142.158.1' is suspected as Hard DoS attack! (counter: 293)
[Sat Jan 17 01:16:05.636477 2026] [dosdetector_syslog:notice] [pid 450290:tid 450436] '160.251.151.147' is suspected as Hard DoS attack! (counter: 443)
[Sat Jan 17 01:16:13.118839 2026] [dosdetector_syslog:notice] [pid 275427:tid 275567] '163.44.176.201' is suspected as Hard DoS attack! (counter: 13)
[Sat Jan 17 01:16:13.187896 2026] [dosdetector_syslog:notice] [pid 275427:tid 275591] '101.142.158.1' is suspected as Hard DoS attack! (counter: 294)
[Sat Jan 17 01:16:13.404091 2026] [dosdetector_syslog:notice] [pid 275427:tid 275604] '163.44.176.201' is suspected as Hard DoS attack! (counter: 14)
[Sat Jan 17 01:16:13.453826 2026] [dosdetector_syslog:notice] [pid 450290:tid 450390] '163.44.176.201' is suspected as Hard DoS attack! (counter: 15)
[Sat Jan 17 01:16:13.468100 2026] [dosdetector_syslog:notice] [pid 275427:tid 275603] '163.44.176.201' is suspected as Hard DoS attack! (counter: 16)
[Sat Jan 17 01:16:13.559819 2026] [dosdetector_syslog:notice] [pid 275427:tid 275564] '163.44.176.201' is suspected as Hard DoS attack! (counter: 17)
[Sat Jan 17 01:16:13.672345 2026] [dosdetector_syslog:notice] [pid 450290:tid 450385] '163.44.176.201' is suspected as Hard DoS attack! (counter: 18)
[Sat Jan 17 01:16:13.735286 2026] [dosdetector_syslog:notice] [pid 450290:tid 450417] '163.44.176.201' is suspected as Hard DoS attack! (counter: 19)
[Sat Jan 17 01:16:13.877642 2026] [dosdetector_syslog:notice] [pid 275427:tid 275615] '101.142.158.1' is suspected as Hard DoS attack! (counter: 295)
[Sat Jan 17 01:16:14.422388 2026] [dosdetector_syslog:notice] [pid 450290:tid 450387] '160.251.151.147' is suspected as Hard DoS attack! (counter: 444)
[Sat Jan 17 01:16:15.659430 2026] [dosdetector_syslog:notice] [pid 275296:tid 275432] '163.44.176.201' is suspected as Hard DoS attack! (counter: 20)
[Sat Jan 17 01:16:15.775631 2026] [dosdetector_syslog:notice] [pid 450290:tid 450397] '163.44.176.201' is suspected as Hard DoS attack! (counter: 21)
[Sat Jan 17 01:16:15.837329 2026] [dosdetector_syslog:notice] [pid 275296:tid 275548] '163.44.176.201' is suspected as Hard DoS attack! (counter: 22)
[Sat Jan 17 01:16:16.621507 2026] [dosdetector_syslog:notice] [pid 275296:tid 275504] '163.44.176.201' is suspected as Hard DoS attack! (counter: 23)
[Sat Jan 17 01:16:16.683850 2026] [dosdetector_syslog:notice] [pid 275427:tid 275620] '163.44.176.201' is suspected as Hard DoS attack! (counter: 24)
[Sat Jan 17 01:16:16.765820 2026] [dosdetector_syslog:notice] [pid 450290:tid 450370] '163.44.176.201' is suspected as Hard DoS attack! (counter: 25)
[Sat Jan 17 01:16:16.884266 2026] [dosdetector_syslog:notice] [pid 450290:tid 450436] '163.44.176.201' is suspected as Hard DoS attack! (counter: 26)
[Sat Jan 17 01:16:16.944948 2026] [dosdetector_syslog:notice] [pid 275427:tid 275581] '163.44.176.201' is suspected as Hard DoS attack! (counter: 27)
[Sat Jan 17 01:16:17.075764 2026] [dosdetector_syslog:notice] [pid 275427:tid 275614] '101.142.158.1' is suspected as Hard DoS attack! (counter: 296)
[Sat Jan 17 01:16:17.256589 2026] [dosdetector_syslog:notice] [pid 275427:tid 275600] '101.142.158.1' is suspected as Hard DoS attack! (counter: 297)
[Sat Jan 17 01:16:19.882987 2026] [dosdetector_syslog:notice] [pid 450290:tid 450390] '160.251.151.147' is suspected as Hard DoS attack! (counter: 445)
[Sat Jan 17 01:16:22.869097 2026] [dosdetector_syslog:notice] [pid 450290:tid 450427] '163.44.176.201' is suspected as Hard DoS attack! (counter: 28)
[Sat Jan 17 01:16:23.013776 2026] [dosdetector_syslog:notice] [pid 275427:tid 275587] '163.44.176.201' is suspected as Hard DoS attack! (counter: 29)
[Sat Jan 17 01:16:23.371289 2026] [dosdetector_syslog:notice] [pid 275427:tid 275598] '163.44.176.201' is suspected as Hard DoS attack! (counter: 30)
[Sat Jan 17 01:16:23.446690 2026] [dosdetector_syslog:notice] [pid 450290:tid 450410] '163.44.176.201' is suspected as Hard DoS attack! (counter: 31)
[Sat Jan 17 01:16:23.568756 2026] [dosdetector_syslog:notice] [pid 450290:tid 450431] '163.44.176.201' is suspected as Hard DoS attack! (counter: 32)
[Sat Jan 17 01:16:23.634399 2026] [dosdetector_syslog:notice] [pid 275296:tid 275433] '163.44.176.201' is suspected as Hard DoS attack! (counter: 33)
[Sat Jan 17 01:16:23.700845 2026] [dosdetector_syslog:notice] [pid 275296:tid 275551] '163.44.176.201' is suspected as Hard DoS attack! (counter: 34)
[Sat Jan 17 01:16:24.872635 2026] [dosdetector_syslog:notice] [pid 275427:tid 275612] '101.142.158.1' is suspected as Hard DoS attack! (counter: 298)
[Sat Jan 17 01:16:25.652296 2026] [dosdetector_syslog:notice] [pid 450290:tid 450424] '163.44.176.201' is suspected as Hard DoS attack! (counter: 35)
[Sat Jan 17 01:16:25.713697 2026] [dosdetector_syslog:notice] [pid 275296:tid 275446] '163.44.176.201' is suspected as Hard DoS attack! (counter: 36)
[Sat Jan 17 01:16:25.868142 2026] [dosdetector_syslog:notice] [pid 450290:tid 450440] '163.44.176.201' is suspected as Hard DoS attack! (counter: 37)
[Sat Jan 17 01:16:26.003270 2026] [dosdetector_syslog:notice] [pid 275427:tid 275570] '163.44.176.201' is suspected as Hard DoS attack! (counter: 38)
[Sat Jan 17 01:16:26.025542 2026] [dosdetector_syslog:notice] [pid 275427:tid 275609] '160.251.151.147' is suspected as Hard DoS attack! (counter: 446)
[Sat Jan 17 01:16:28.063410 2026] [dosdetector_syslog:notice] [pid 450290:tid 450305] '118.0.51.22' is suspected as DoS attack! (counter: 3)
[Sat Jan 17 01:16:34.883207 2026] [dosdetector_syslog:notice] [pid 275427:tid 275599] '101.142.158.1' is suspected as Hard DoS attack! (counter: 299)
[Sat Jan 17 01:16:41.003622 2026] [dosdetector_syslog:notice] [pid 275296:tid 275440] '103.42.183.153' is suspected as DoS attack! (counter: 3)
[Sat Jan 17 01:16:43.182701 2026] [dosdetector_syslog:notice] [pid 450290:tid 450442] '160.251.151.147' is suspected as Hard DoS attack! (counter: 447)
[Sat Jan 17 01:16:44.892660 2026] [dosdetector_syslog:notice] [pid 275427:tid 275603] '101.142.158.1' is suspected as Hard DoS attack! (counter: 300)
[Sat Jan 17 01:16:46.468785 2026] [dosdetector_syslog:notice] [pid 450290:tid 450410] '160.251.151.147' is suspected as Hard DoS attack! (counter: 448)
[Sat Jan 17 01:16:54.887861 2026] [dosdetector_syslog:notice] [pid 275427:tid 275575] '101.142.158.1' is suspected as Hard DoS attack! (counter: 301)
[Sat Jan 17 01:16:55.005226 2026] [dosdetector_syslog:notice] [pid 275296:tid 275446] '160.251.151.147' is suspected as Hard DoS attack! (counter: 449)
[Sat Jan 17 01:17:01.064244 2026] [dosdetector_syslog:notice] [pid 450290:tid 450429] '160.251.151.147' is suspected as Hard DoS attack! (counter: 450)
[Sat Jan 17 01:17:04.456178 2026] [dosdetector_syslog:notice] [pid 450290:tid 450389] '160.251.151.147' is suspected as Hard DoS attack! (counter: 451)
[Sat Jan 17 01:17:04.889881 2026] [dosdetector_syslog:notice] [pid 275427:tid 275576] '101.142.158.1' is suspected as Hard DoS attack! (counter: 302)
[Sat Jan 17 01:17:07.977475 2026] [dosdetector_syslog:notice] [pid 450290:tid 450382] '160.251.151.147' is suspected as Hard DoS attack! (counter: 452)
[Sat Jan 17 01:17:14.898852 2026] [dosdetector_syslog:notice] [pid 275427:tid 275613] '101.142.158.1' is suspected as Hard DoS attack! (counter: 303)
[Sat Jan 17 01:17:17.432620 2026] [dosdetector_syslog:notice] [pid 450290:tid 450393] '160.251.151.147' is suspected as Hard DoS attack! (counter: 453)
[Sat Jan 17 01:17:22.902722 2026] [dosdetector_syslog:notice] [pid 275427:tid 275595] '101.142.158.1' is suspected as Hard DoS attack! (counter: 304)
[Sat Jan 17 01:17:23.091097 2026] [dosdetector_syslog:notice] [pid 275427:tid 275606] '160.251.151.147' is suspected as Hard DoS attack! (counter: 454)
[Sat Jan 17 01:17:24.892108 2026] [dosdetector_syslog:notice] [pid 275427:tid 275578] '101.142.158.1' is suspected as Hard DoS attack! (counter: 305)
[Sat Jan 17 01:17:33.335539 2026] [core:crit] [pid 450290:tid 450397] (13)Permission denied: [client 129.226.93.214:38614] AH00529: /virtual/teamhardest/public_html/.htaccess pcfg_openfile: unable to check htaccess file, ensure it is readable and that '/virtual/teamhardest/public_html/' is executable
[Sat Jan 17 01:17:34.903617 2026] [dosdetector_syslog:notice] [pid 275427:tid 275579] '101.142.158.1' is suspected as Hard DoS attack! (counter: 306)
[Sat Jan 17 01:17:39.693089 2026] [dosdetector_syslog:notice] [pid 275427:tid 275576] '160.251.151.147' is suspected as Hard DoS attack! (counter: 455)
[Sat Jan 17 01:17:42.861628 2026] [dosdetector_syslog:notice] [pid 275296:tid 275438] '160.251.151.147' is suspected as Hard DoS attack! (counter: 456)
[Sat Jan 17 01:17:43.121103 2026] [dosdetector_syslog:notice] [pid 450290:tid 450403] '160.251.151.147' is suspected as Hard DoS attack! (counter: 457)
[Sat Jan 17 01:17:44.457086 2026] [dosdetector_syslog:notice] [pid 275427:tid 275616] '160.251.151.147' is suspected as Hard DoS attack! (counter: 458)
[Sat Jan 17 01:17:44.908324 2026] [dosdetector_syslog:notice] [pid 275427:tid 275586] '101.142.158.1' is suspected as Hard DoS attack! (counter: 307)
[Sat Jan 17 01:17:54.986551 2026] [dosdetector_syslog:notice] [pid 275427:tid 275587] '101.142.158.1' is suspected as Hard DoS attack! (counter: 308)
[Sat Jan 17 01:17:55.741613 2026] [dosdetector_syslog:notice] [pid 275427:tid 275581] '160.251.151.147' is suspected as Hard DoS attack! (counter: 459)
[Sat Jan 17 01:18:04.373056 2026] [dosdetector_syslog:notice] [pid 275427:tid 275565] '101.142.158.1' is suspected as Hard DoS attack! (counter: 309)
[Sat Jan 17 01:18:04.922483 2026] [dosdetector_syslog:notice] [pid 275427:tid 275614] '101.142.158.1' is suspected as Hard DoS attack! (counter: 310)
[Sat Jan 17 01:18:09.633834 2026] [dosdetector_syslog:notice] [pid 275296:tid 275429] '72.60.152.185' is suspected as DoS attack! (counter: 3)
[Sat Jan 17 01:18:10.090769 2026] [dosdetector_syslog:notice] [pid 450290:tid 450382] '160.251.151.147' is suspected as Hard DoS attack! (counter: 460)
[Sat Jan 17 01:18:15.153120 2026] [dosdetector_syslog:notice] [pid 275427:tid 275619] '101.142.158.1' is suspected as Hard DoS attack! (counter: 311)
[Sat Jan 17 01:18:17.487246 2026] [dosdetector_syslog:notice] [pid 275427:tid 275586] '101.142.158.1' is suspected as Hard DoS attack! (counter: 312)
[Sat Jan 17 01:18:22.916241 2026] [dosdetector_syslog:notice] [pid 275427:tid 275619] '101.142.158.1' is suspected as Hard DoS attack! (counter: 313)
[Sat Jan 17 01:18:24.040816 2026] [dosdetector_syslog:notice] [pid 275427:tid 275594] '101.142.158.1' is suspected as Hard DoS attack! (counter: 314)
[Sat Jan 17 01:18:25.154240 2026] [dosdetector_syslog:notice] [pid 275427:tid 275589] '101.142.158.1' is suspected as Hard DoS attack! (counter: 315)
[Sat Jan 17 01:18:30.241784 2026] [dosdetector_syslog:notice] [pid 275427:tid 275590] '101.142.158.1' is suspected as Hard DoS attack! (counter: 316)
[Sat Jan 17 01:18:30.428053 2026] [dosdetector_syslog:notice] [pid 275427:tid 275576] '101.142.158.1' is suspected as Hard DoS attack! (counter: 317)
[Sat Jan 17 01:18:31.211419 2026] [dosdetector_syslog:notice] [pid 275427:tid 275621] '160.251.151.147' is suspected as Hard DoS attack! (counter: 461)
[Sat Jan 17 01:18:34.914885 2026] [dosdetector_syslog:notice] [pid 450290:tid 450303] '118.0.51.22' is suspected as Hard DoS attack! (counter: 10)
[Sat Jan 17 01:18:35.883777 2026] [dosdetector_syslog:notice] [pid 275427:tid 275595] '101.142.158.1' is suspected as Hard DoS attack! (counter: 318)
[Sat Jan 17 01:18:36.862875 2026] [dosdetector_syslog:notice] [pid 450290:tid 450430] '13.79.87.25' is suspected as DoS attack! (counter: 3)
[Sat Jan 17 01:18:41.609467 2026] [dosdetector_syslog:notice] [pid 275427:tid 275607] '101.142.158.1' is suspected as Hard DoS attack! (counter: 319)
[Sat Jan 17 01:18:41.785121 2026] [dosdetector_syslog:notice] [pid 450290:tid 450315] '118.0.51.22' is suspected as Hard DoS attack! (counter: 11)
[Sat Jan 17 01:18:45.883261 2026] [dosdetector_syslog:notice] [pid 275427:tid 275577] '101.142.158.1' is suspected as Hard DoS attack! (counter: 320)
[Sat Jan 17 01:18:47.789531 2026] [dosdetector_syslog:notice] [pid 275427:tid 275619] '160.251.151.147' is suspected as Hard DoS attack! (counter: 462)
[Sat Jan 17 01:18:50.944664 2026] [dosdetector_syslog:notice] [pid 275427:tid 275616] '160.251.151.147' is suspected as Hard DoS attack! (counter: 463)
[Sat Jan 17 01:18:55.889974 2026] [dosdetector_syslog:notice] [pid 275427:tid 275593] '101.142.158.1' is suspected as Hard DoS attack! (counter: 321)
[Sat Jan 17 01:18:57.735180 2026] [dosdetector_syslog:notice] [pid 275427:tid 275589] '101.142.158.1' is suspected as Hard DoS attack! (counter: 322)
[Sat Jan 17 01:18:57.821899 2026] [dosdetector_syslog:notice] [pid 450290:tid 450415] '160.251.151.147' is suspected as Hard DoS attack! (counter: 464)
[Sat Jan 17 01:18:57.944968 2026] [dosdetector_syslog:notice] [pid 275427:tid 275586] '101.142.158.1' is suspected as Hard DoS attack! (counter: 323)
Can't use 'defined(%hash)' (Maybe you should just omit the defined()?) at ./jcode.pl line 641.
Compilation failed in require at hana.cgi line 20.
[Sat Jan 17 01:19:06.003372 2026] [dosdetector_syslog:notice] [pid 275427:tid 275608] '101.142.158.1' is suspected as Hard DoS attack! (counter: 324)
[Sat Jan 17 01:19:06.535520 2026] [dosdetector_syslog:notice] [pid 450290:tid 450380] '14.13.132.64' is suspected as DoS attack! (counter: 3)
[Sat Jan 17 01:19:10.826554 2026] [dosdetector_syslog:notice] [pid 450290:tid 450368] '95.214.55.246' is suspected as Hard DoS attack! (counter: 11)
[Sat Jan 17 01:19:14.527494 2026] [dosdetector_syslog:notice] [pid 275427:tid 275584] '95.214.55.246' is suspected as Hard DoS attack! (counter: 12)
[Sat Jan 17 01:19:15.062627 2026] [dosdetector_syslog:notice] [pid 275427:tid 275559] '95.214.55.246' is suspected as Hard DoS attack! (counter: 13)
[Sat Jan 17 01:19:15.429251 2026] [dosdetector_syslog:notice] [pid 275427:tid 275604] '160.251.151.147' is suspected as Hard DoS attack! (counter: 465)
[Sat Jan 17 01:19:15.612025 2026] [dosdetector_syslog:notice] [pid 450290:tid 450382] '95.214.55.246' is suspected as Hard DoS attack! (counter: 14)
[Sat Jan 17 01:19:16.010704 2026] [dosdetector_syslog:notice] [pid 275427:tid 275575] '101.142.158.1' is suspected as Hard DoS attack! (counter: 325)
[Sat Jan 17 01:19:17.527230 2026] [dosdetector_syslog:notice] [pid 275296:tid 275458] '95.214.55.246' is suspected as Hard DoS attack! (counter: 15)
[Sat Jan 17 01:19:19.972309 2026] [dosdetector_syslog:notice] [pid 275427:tid 275573] '95.214.55.246' is suspected as Hard DoS attack! (counter: 16)
[Sat Jan 17 01:19:22.961166 2026] [dosdetector_syslog:notice] [pid 275427:tid 275577] '101.142.158.1' is suspected as Hard DoS attack! (counter: 326)
[Sat Jan 17 01:19:25.454415 2026] [dosdetector_syslog:notice] [pid 275427:tid 275594] '101.142.158.1' is suspected as Hard DoS attack! (counter: 327)
[Sat Jan 17 01:19:25.624048 2026] [dosdetector_syslog:notice] [pid 275427:tid 275584] '101.142.158.1' is suspected as Hard DoS attack! (counter: 328)
[Sat Jan 17 01:19:26.007896 2026] [dosdetector_syslog:notice] [pid 450290:tid 450394] '101.142.158.1' is suspected as Hard DoS attack! (counter: 329)
suexec policy violation: see suexec log for more details
Use of uninitialized value $diarynum in string eq at index.cgi line 194.
Use of uninitialized value $diarynum in string eq at index.cgi line 194.
Use of uninitialized value $diarynum in string eq at index.cgi line 194.
Use of uninitialized value $diarynum in string eq at index.cgi line 194.
Use of uninitialized value $diarynum in string eq at index.cgi line 194.
Use of uninitialized value $diarynum in string eq at index.cgi line 194.
Use of uninitialized value $diarynum in string eq at index.cgi line 194.
Use of uninitialized value $diarynum in string eq at index.cgi line 194.
Use of uninitialized value $diarynum in string eq at index.cgi line 194.
Use of uninitialized value $diarynum in string eq at index.cgi line 194.
Use of uninitialized value $diarynum in string eq at index.cgi line 194.
Use of uninitialized value $diarynum in string eq at index.cgi line 194.
Use of uninitialized value $diarynum in string eq at index.cgi line 194.
Use of uninitialized value $diarynum in string eq at index.cgi line 194.
Use of uninitialized value $diarynum in string eq at index.cgi line 194.
Use of uninitialized value $diarynum in string eq at index.cgi line 194.
Use of uninitialized value $diarynum in string eq at index.cgi line 194.
Use of uninitialized value $diarynum in string eq at index.cgi line 194.
[Sat Jan 17 01:19:30.082879 2026] [dosdetector_syslog:notice] [pid 450290:tid 450396] '216.118.240.10' is suspected as DoS attack! (counter: 3)
[Sat Jan 17 01:19:36.015816 2026] [dosdetector_syslog:notice] [pid 450290:tid 450378] '101.142.158.1' is suspected as Hard DoS attack! (counter: 330)
[Sat Jan 17 01:19:46.881328 2026] [dosdetector_syslog:notice] [pid 450290:tid 450424] '101.142.158.1' is suspected as Hard DoS attack! (counter: 331)
[Sat Jan 17 01:19:47.306602 2026] [dosdetector_syslog:notice] [pid 275427:tid 275599] '160.251.151.147' is suspected as Hard DoS attack! (counter: 466)
[Sat Jan 17 01:19:58.807885 2026] [dosdetector_syslog:notice] [pid 275427:tid 275612] '160.251.151.147' is suspected as Hard DoS attack! (counter: 467)
[Sat Jan 17 01:20:00.169625 2026] [dosdetector_syslog:notice] [pid 275427:tid 275562] '160.251.151.147' is suspected as Hard DoS attack! (counter: 468)
[Sat Jan 17 01:20:01.595041 2026] [dosdetector_syslog:notice] [pid 450290:tid 450379] '39.58.39.95' is suspected as Hard DoS attack! (counter: 10)
[Sat Jan 17 01:20:02.380575 2026] [dosdetector_syslog:notice] [pid 450290:tid 450394] '160.251.151.147' is suspected as Hard DoS attack! (counter: 469)
[Sat Jan 17 01:20:05.062186 2026] [dosdetector_syslog:notice] [pid 275296:tid 275448] '39.58.39.95' is suspected as Hard DoS attack! (counter: 11)
[Sat Jan 17 01:20:05.548586 2026] [dosdetector_syslog:notice] [pid 450290:tid 450384] '160.251.151.147' is suspected as Hard DoS attack! (counter: 470)
[Sat Jan 17 01:20:06.526527 2026] [dosdetector_syslog:notice] [pid 275427:tid 275575] '39.58.39.95' is suspected as Hard DoS attack! (counter: 12)
[Sat Jan 17 01:20:06.766492 2026] [dosdetector_syslog:notice] [pid 275296:tid 275460] '160.251.151.147' is suspected as Hard DoS attack! (counter: 471)
[Sat Jan 17 01:20:09.541477 2026] [dosdetector_syslog:notice] [pid 275296:tid 275495] '160.251.151.147' is suspected as Hard DoS attack! (counter: 472)
[Sat Jan 17 01:20:12.429651 2026] [dosdetector_syslog:notice] [pid 275427:tid 275602] '160.251.151.147' is suspected as Hard DoS attack! (counter: 473)
[Sat Jan 17 01:20:13.432697 2026] [dosdetector_syslog:notice] [pid 275427:tid 275620] '34.182.123.189' is suspected as DoS attack! (counter: 3)
[Sat Jan 17 01:20:14.324725 2026] [dosdetector_syslog:notice] [pid 275296:tid 275523] '160.251.151.147' is suspected as Hard DoS attack! (counter: 474)
[Sat Jan 17 01:20:14.336834 2026] [dosdetector_syslog:notice] [pid 275296:tid 275511] '160.251.151.147' is suspected as Hard DoS attack! (counter: 475)
[Sat Jan 17 01:20:14.598983 2026] [dosdetector_syslog:notice] [pid 275296:tid 275437] '160.251.151.147' is suspected as Hard DoS attack! (counter: 476)
[Sat Jan 17 01:20:15.645361 2026] [dosdetector_syslog:notice] [pid 450290:tid 450391] '160.251.151.147' is suspected as Hard DoS attack! (counter: 477)
[Sat Jan 17 01:20:18.788789 2026] [dosdetector_syslog:notice] [pid 275427:tid 275599] '101.142.158.1' is suspected as Hard DoS attack! (counter: 332)
[Sat Jan 17 01:20:19.794550 2026] [dosdetector_syslog:notice] [pid 275427:tid 275602] '34.182.123.189' is suspected as Hard DoS attack! (counter: 10)
[Sat Jan 17 01:20:20.973321 2026] [dosdetector_syslog:notice] [pid 275427:tid 275574] '34.182.123.189' is suspected as Hard DoS attack! (counter: 11)
[Sat Jan 17 01:20:21.851758 2026] [dosdetector_syslog:notice] [pid 450290:tid 450412] '34.182.123.189' is suspected as Hard DoS attack! (counter: 12)
[Sat Jan 17 01:20:22.710020 2026] [dosdetector_syslog:notice] [pid 450290:tid 450396] '34.182.123.189' is suspected as Hard DoS attack! (counter: 13)
[Sat Jan 17 01:20:23.619329 2026] [dosdetector_syslog:notice] [pid 275427:tid 275596] '202.95.13.243' is suspected as DoS attack! (counter: 3)
[Sat Jan 17 01:20:23.624735 2026] [dosdetector_syslog:notice] [pid 450290:tid 450370] '34.182.123.189' is suspected as Hard DoS attack! (counter: 14)
[Sat Jan 17 01:20:24.400550 2026] [dosdetector_syslog:notice] [pid 275296:tid 275490] '34.182.123.189' is suspected as Hard DoS attack! (counter: 15)
[Sat Jan 17 01:20:25.267724 2026] [dosdetector_syslog:notice] [pid 275427:tid 275563] '34.182.123.189' is suspected as Hard DoS attack! (counter: 16)
[Sat Jan 17 01:20:26.328561 2026] [dosdetector_syslog:notice] [pid 275427:tid 275603] '34.182.123.189' is suspected as Hard DoS attack! (counter: 17)
[Sat Jan 17 01:20:26.931741 2026] [dosdetector_syslog:notice] [pid 275427:tid 275595] '160.251.151.147' is suspected as Hard DoS attack! (counter: 478)
[Sat Jan 17 01:20:27.267923 2026] [dosdetector_syslog:notice] [pid 450290:tid 450412] '34.182.123.189' is suspected as Hard DoS attack! (counter: 18)
[Sat Jan 17 01:20:28.130965 2026] [dosdetector_syslog:notice] [pid 450290:tid 450384] '34.182.123.189' is suspected as Hard DoS attack! (counter: 19)
[Sat Jan 17 01:20:28.307793 2026] [dosdetector_syslog:notice] [pid 450290:tid 450393] '85.11.167.4' is suspected as Hard DoS attack! (counter: 10)
[Sat Jan 17 01:20:28.771312 2026] [dosdetector_syslog:notice] [pid 275427:tid 275598] '101.142.158.1' is suspected as Hard DoS attack! (counter: 333)
[Sat Jan 17 01:20:29.035645 2026] [dosdetector_syslog:notice] [pid 275427:tid 275615] '34.182.123.189' is suspected as Hard DoS attack! (counter: 20)
[Sat Jan 17 01:20:29.699325 2026] [dosdetector_syslog:notice] [pid 450290:tid 450387] '160.251.151.147' is suspected as Hard DoS attack! (counter: 479)
[Sat Jan 17 01:20:29.842905 2026] [dosdetector_syslog:notice] [pid 275296:tid 275445] '34.182.123.189' is suspected as Hard DoS attack! (counter: 21)
[Sat Jan 17 01:20:30.563629 2026] [dosdetector_syslog:notice] [pid 275427:tid 275569] '101.142.158.1' is suspected as Hard DoS attack! (counter: 334)
[Sat Jan 17 01:20:30.767803 2026] [dosdetector_syslog:notice] [pid 450290:tid 450428] '34.182.123.189' is suspected as Hard DoS attack! (counter: 22)
[Sat Jan 17 01:20:31.279625 2026] [dosdetector_syslog:notice] [pid 275427:tid 275621] '101.142.158.1' is suspected as Hard DoS attack! (counter: 335)
[Sat Jan 17 01:20:31.766777 2026] [dosdetector_syslog:notice] [pid 275296:tid 275450] '34.182.123.189' is suspected as Hard DoS attack! (counter: 23)
[Sat Jan 17 01:20:32.685257 2026] [dosdetector_syslog:notice] [pid 275427:tid 275613] '34.182.123.189' is suspected as Hard DoS attack! (counter: 24)
[Sat Jan 17 01:20:33.506395 2026] [dosdetector_syslog:notice] [pid 275296:tid 275455] '34.182.123.189' is suspected as Hard DoS attack! (counter: 25)
[Sat Jan 17 01:20:34.200411 2026] [core:alert] [pid 450290:tid 450426] [client 176.53.221.103:42021] /virtual/ittemiyokado/public_html/ittemiyokado.shop/.htaccess: Invalid command '\xef\xbc\x9cFiles', perhaps misspelled or defined by a module not included in the server configuration
[Sat Jan 17 01:20:34.252972 2026] [dosdetector_syslog:notice] [pid 450290:tid 450437] '160.251.151.147' is suspected as Hard DoS attack! (counter: 480)
