File: //proc/self/root/dev/stdout
[Sat Jan 24 00:00:27.798066 2026] [:notice] [pid 919469:tid 919469] mod_bw : Memory Allocated 96 bytes (each conf takes 48 bytes)
[Sat Jan 24 00:00:27.798144 2026] [:notice] [pid 919469:tid 919469] mod_bw : Version 0.92 - Initialized [2 Confs]
[Sat Jan 24 00:00:27.807160 2026] [mpm_event:notice] [pid 919469:tid 919469] AH00489: Apache/2.4.63 (Unix) OpenSSL/1.1.1k mod_fcgid/2.3.9 configured -- resuming normal operations
[Sat Jan 24 00:00:27.807183 2026] [core:notice] [pid 919469:tid 919469] AH00094: Command line: '/usr/local/apache24/bin/httpd -T'
[Sat Jan 24 00:00:28.101397 2026] [dosdetector_syslog:notice] [pid 98051:tid 98139] '138.252.208.54' is suspected as DoS attack! (counter: 3)
[Sat Jan 24 00:00:29.280508 2026] [dosdetector_syslog:notice] [pid 98051:tid 98246] '3.8.226.156' is suspected as DoS attack! (counter: 3)
[Sat Jan 24 00:00:32.395056 2026] [dosdetector_syslog:notice] [pid 98556:tid 98786] '160.251.151.147' is suspected as DoS attack! (counter: 3)
[Sat Jan 24 00:00:33.396353 2026] [dosdetector_syslog:notice] [pid 98687:tid 98881] '139.180.198.194' is suspected as DoS attack! (counter: 3)
[Sat Jan 24 00:00:33.481625 2026] [dosdetector_syslog:notice] [pid 98687:tid 98916] '20.214.146.246' is suspected as DoS attack! (counter: 3)
[Sat Jan 24 00:00:33.553302 2026] [dosdetector_syslog:notice] [pid 99084:tid 99154] '100.42.230.20' is suspected as DoS attack! (counter: 3)
[Sat Jan 24 00:00:34.504515 2026] [dosdetector_syslog:notice] [pid 98687:tid 98856] '112.121.173.122' is suspected as DoS attack! (counter: 3)
[Sat Jan 24 00:00:35.296953 2026] [dosdetector_syslog:notice] [pid 99084:tid 99195] '15.235.140.44' is suspected as DoS attack! (counter: 3)
[Sat Jan 24 00:00:37.819418 2026] [dosdetector_syslog:notice] [pid 99084:tid 99213] '8.211.26.167' is suspected as DoS attack! (counter: 3)
[Sat Jan 24 00:00:38.108682 2026] [dosdetector_syslog:notice] [pid 98556:tid 98806] '134.122.186.140' is suspected as DoS attack! (counter: 3)
[Sat Jan 24 00:00:38.243022 2026] [dosdetector_syslog:notice] [pid 98556:tid 98743] '103.157.204.219' is suspected as DoS attack! (counter: 3)
[Sat Jan 24 00:00:39.228205 2026] [dosdetector_syslog:notice] [pid 98556:tid 98696] '68.178.166.162' is suspected as DoS attack! (counter: 3)
[Sat Jan 24 00:00:41.003370 2026] [dosdetector_syslog:notice] [pid 98556:tid 98816] '47.237.4.175' is suspected as DoS attack! (counter: 3)
[Sat Jan 24 00:00:41.277871 2026] [dosdetector_syslog:notice] [pid 99084:tid 99202] '147.92.45.210' is suspected as DoS attack! (counter: 3)
[Sat Jan 24 00:00:52.432147 2026] [dosdetector_syslog:notice] [pid 98556:tid 98699] '103.100.170.57' is suspected as DoS attack! (counter: 3)
[Sat Jan 24 00:00:53.842392 2026] [core:crit] [pid 98687:tid 98913] (13)Permission denied: [client 45.153.34.46:50626] AH00529: /virtual/earth1017/public_html/.htaccess pcfg_openfile: unable to check htaccess file, ensure it is readable and that '/virtual/earth1017/public_html/' is executable
[Sat Jan 24 00:00:56.021445 2026] [dosdetector_syslog:notice] [pid 99084:tid 99203] '154.12.46.22' is suspected as DoS attack! (counter: 3)
[Sat Jan 24 00:00:56.028493 2026] [dosdetector_syslog:notice] [pid 99084:tid 99192] '103.82.194.130' is suspected as DoS attack! (counter: 3)
[Sat Jan 24 00:00:56.845026 2026] [dosdetector_syslog:notice] [pid 99084:tid 99175] '149.28.130.253' is suspected as DoS attack! (counter: 3)
[Sat Jan 24 00:00:57.970191 2026] [dosdetector_syslog:notice] [pid 99084:tid 99151] '160.251.151.147' is suspected as Hard DoS attack! (counter: 10)
[Sat Jan 24 00:01:00.358033 2026] [dosdetector_syslog:notice] [pid 98687:tid 98861] '206.119.175.38' is suspected as DoS attack! (counter: 3)
[Sat Jan 24 00:01:00.841875 2026] [dosdetector_syslog:notice] [pid 99084:tid 99188] '206.119.175.38' is suspected as Hard DoS attack! (counter: 10)
[Sat Jan 24 00:01:00.918304 2026] [dosdetector_syslog:notice] [pid 98687:tid 98856] '206.119.175.38' is suspected as Hard DoS attack! (counter: 11)
[Sat Jan 24 00:01:00.976138 2026] [dosdetector_syslog:notice] [pid 99084:tid 99156] '206.119.175.38' is suspected as Hard DoS attack! (counter: 12)
[Sat Jan 24 00:01:01.393511 2026] [dosdetector_syslog:notice] [pid 98687:tid 98896] '160.251.151.147' is suspected as Hard DoS attack! (counter: 11)
[Sat Jan 24 00:01:02.329220 2026] [dosdetector_syslog:notice] [pid 98687:tid 98833] '149.28.130.253' is suspected as Hard DoS attack! (counter: 10)
[Sat Jan 24 00:01:02.394386 2026] [dosdetector_syslog:notice] [pid 99084:tid 99162] '154.219.103.115' is suspected as DoS attack! (counter: 3)
[Sat Jan 24 00:01:02.440844 2026] [dosdetector_syslog:notice] [pid 98687:tid 98891] '149.28.130.253' is suspected as Hard DoS attack! (counter: 11)
[Sat Jan 24 00:01:02.734575 2026] [dosdetector_syslog:notice] [pid 99084:tid 99190] '20.89.104.181' is suspected as DoS attack! (counter: 3)
[Sat Jan 24 00:01:02.830187 2026] [dosdetector_syslog:notice] [pid 98687:tid 98894] '149.28.130.253' is suspected as Hard DoS attack! (counter: 12)
[Sat Jan 24 00:01:04.558292 2026] [dosdetector_syslog:notice] [pid 99084:tid 99124] '35.165.215.140' is suspected as DoS attack! (counter: 3)
[Sat Jan 24 00:01:08.256402 2026] [dosdetector_syslog:notice] [pid 98687:tid 98908] '160.251.151.147' is suspected as Hard DoS attack! (counter: 12)
CGI::param called in list context from lib/CGI2.pm line 106, this can lead to vulnerabilities. See the warning in "Fetching the value or values of a single named parameter" at /usr/local/share/perl5/CGI.pm line 415.
[Sat Jan 24 00:01:12.036370 2026] [dosdetector_syslog:notice] [pid 99084:tid 99195] '160.251.151.147' is suspected as Hard DoS attack! (counter: 13)
[Sat Jan 24 00:01:13.253591 2026] [dosdetector_syslog:notice] [pid 99084:tid 99196] '47.89.251.26' is suspected as DoS attack! (counter: 3)
[Sat Jan 24 00:01:13.509708 2026] [dosdetector_syslog:notice] [pid 98687:tid 98922] '23.234.21.50' is suspected as DoS attack! (counter: 3)
[Sat Jan 24 00:01:14.587215 2026] [dosdetector_syslog:notice] [pid 98687:tid 98873] '160.251.151.147' is suspected as Hard DoS attack! (counter: 14)
[Sat Jan 24 00:01:15.227797 2026] [dosdetector_syslog:notice] [pid 99084:tid 99165] '160.251.151.147' is suspected as Hard DoS attack! (counter: 15)
[Sat Jan 24 00:01:16.401754 2026] [dosdetector_syslog:notice] [pid 99084:tid 99186] '160.251.151.147' is suspected as Hard DoS attack! (counter: 16)
[Sat Jan 24 00:01:32.146879 2026] [dosdetector_syslog:notice] [pid 99084:tid 99174] '13.214.146.245' is suspected as DoS attack! (counter: 3)
[Sat Jan 24 00:01:32.456611 2026] [dosdetector_syslog:notice] [pid 98687:tid 98922] '160.251.151.147' is suspected as Hard DoS attack! (counter: 17)
[Sat Jan 24 00:01:33.952060 2026] [dosdetector_syslog:notice] [pid 99084:tid 99205] '160.251.151.147' is suspected as Hard DoS attack! (counter: 18)
[Sat Jan 24 00:01:37.533041 2026] [dosdetector_syslog:notice] [pid 99084:tid 99195] '103.74.193.1' is suspected as DoS attack! (counter: 3)
[Sat Jan 24 00:01:37.983381 2026] [dosdetector_syslog:notice] [pid 98687:tid 98938] '160.251.151.147' is suspected as Hard DoS attack! (counter: 19)
[Sat Jan 24 00:01:51.387555 2026] [dosdetector_syslog:notice] [pid 99084:tid 99153] '20.205.10.3' is suspected as DoS attack! (counter: 3)
[Sat Jan 24 00:01:56.073972 2026] [dosdetector_syslog:notice] [pid 99084:tid 99180] '103.127.124.133' is suspected as DoS attack! (counter: 3)
[Sat Jan 24 00:01:57.113309 2026] [dosdetector_syslog:notice] [pid 98687:tid 98866] '103.42.183.220' is suspected as DoS attack! (counter: 3)
[Sat Jan 24 00:02:04.175613 2026] [dosdetector_syslog:notice] [pid 98687:tid 98927] '69.62.92.246' is suspected as DoS attack! (counter: 3)
[Sat Jan 24 00:02:06.423395 2026] [dosdetector_syslog:notice] [pid 99084:tid 99163] '160.251.151.147' is suspected as Hard DoS attack! (counter: 20)
[Sat Jan 24 00:02:06.440072 2026] [dosdetector_syslog:notice] [pid 98687:tid 98898] '160.251.151.147' is suspected as Hard DoS attack! (counter: 21)
[Sat Jan 24 00:02:09.813494 2026] [:crit] [pid 98687:tid 98883] [client 80.97.160.14:43044] mod_spamhaus_new: address 14.160.97.80.sbl-xbl.spamhaus.org is blacklisted. Deny connection to enkacafebaru.shop/
[Sat Jan 24 00:02:10.113695 2026] [dosdetector_syslog:notice] [pid 98687:tid 98941] '203.91.77.31' is suspected as DoS attack! (counter: 3)
[Sat Jan 24 00:02:11.411275 2026] [dosdetector_syslog:notice] [pid 99084:tid 99176] '103.42.180.170' is suspected as DoS attack! (counter: 3)
[Sat Jan 24 00:02:13.594883 2026] [dosdetector_syslog:notice] [pid 98687:tid 98863] '160.251.151.147' is suspected as Hard DoS attack! (counter: 22)
[Sat Jan 24 00:02:14.474537 2026] [dosdetector_syslog:notice] [pid 98687:tid 98843] '43.198.95.70' is suspected as DoS attack! (counter: 3)
[Sat Jan 24 00:02:15.476020 2026] [dosdetector_syslog:notice] [pid 98687:tid 98922] '4.190.200.66' is suspected as DoS attack! (counter: 3)
[Sat Jan 24 00:02:16.403426 2026] [dosdetector_syslog:notice] [pid 99084:tid 99164] '160.251.151.147' is suspected as Hard DoS attack! (counter: 23)
[Sat Jan 24 00:02:17.214079 2026] [dosdetector_syslog:notice] [pid 99084:tid 99206] '38.147.171.171' is suspected as DoS attack! (counter: 3)
[Sat Jan 24 00:02:22.750966 2026] [dosdetector_syslog:notice] [pid 98687:tid 98898] '160.251.151.147' is suspected as Hard DoS attack! (counter: 24)
[Sat Jan 24 00:02:32.512074 2026] [dosdetector_syslog:notice] [pid 98687:tid 98894] '160.251.151.147' is suspected as Hard DoS attack! (counter: 25)
[Sat Jan 24 00:02:33.557089 2026] [dosdetector_syslog:notice] [pid 98687:tid 98856] '160.251.151.147' is suspected as Hard DoS attack! (counter: 26)
[Sat Jan 24 00:02:39.667738 2026] [dosdetector_syslog:notice] [pid 98687:tid 98929] '154.37.155.72' is suspected as DoS attack! (counter: 3)
[Sat Jan 24 00:02:40.614809 2026] [dosdetector_syslog:notice] [pid 99084:tid 99205] '103.254.149.34' is suspected as DoS attack! (counter: 3)
[Sat Jan 24 00:02:42.879664 2026] [dosdetector_syslog:notice] [pid 98556:tid 98702] '82.156.151.63' is suspected as DoS attack! (counter: 3)
[Sat Jan 24 00:02:43.122280 2026] [dosdetector_syslog:notice] [pid 98687:tid 98934] '207.56.18.24' is suspected as DoS attack! (counter: 3)
[Sat Jan 24 00:02:50.890181 2026] [dosdetector_syslog:notice] [pid 99084:tid 99183] '103.100.208.252' is suspected as DoS attack! (counter: 3)
[Sat Jan 24 00:02:51.703543 2026] [dosdetector_syslog:notice] [pid 98687:tid 98903] '160.251.151.147' is suspected as Hard DoS attack! (counter: 27)
[Sat Jan 24 00:02:52.002291 2026] [dosdetector_syslog:notice] [pid 98687:tid 98926] '160.251.151.147' is suspected as Hard DoS attack! (counter: 28)
[Sat Jan 24 00:02:56.820675 2026] [dosdetector_syslog:notice] [pid 99084:tid 99171] '160.251.151.147' is suspected as Hard DoS attack! (counter: 29)
[Sat Jan 24 00:02:57.093228 2026] [dosdetector_syslog:notice] [pid 98556:tid 98806] '160.251.151.147' is suspected as Hard DoS attack! (counter: 30)
[Sat Jan 24 00:02:59.005651 2026] [dosdetector_syslog:notice] [pid 98556:tid 98722] '156.254.20.86' is suspected as DoS attack! (counter: 3)
[Sat Jan 24 00:02:59.295166 2026] [dosdetector_syslog:notice] [pid 99084:tid 99185] '103.171.34.27' is suspected as DoS attack! (counter: 3)
[Sat Jan 24 00:03:00.818481 2026] [dosdetector_syslog:notice] [pid 98556:tid 98794] '160.251.151.147' is suspected as Hard DoS attack! (counter: 31)
[Sat Jan 24 00:03:02.018791 2026] [dosdetector_syslog:notice] [pid 99084:tid 99172] '160.251.151.147' is suspected as Hard DoS attack! (counter: 32)
[Sat Jan 24 00:03:03.629200 2026] [dosdetector_syslog:notice] [pid 98556:tid 98764] '160.251.151.147' is suspected as Hard DoS attack! (counter: 33)
[Sat Jan 24 00:03:03.918344 2026] [dosdetector_syslog:notice] [pid 99084:tid 99184] '160.251.151.147' is suspected as Hard DoS attack! (counter: 34)
[Sat Jan 24 00:03:04.181704 2026] [dosdetector_syslog:notice] [pid 99084:tid 99191] '103.42.180.176' is suspected as DoS attack! (counter: 3)
[Sat Jan 24 00:03:06.211206 2026] [dosdetector_syslog:notice] [pid 99084:tid 99160] '47.87.9.49' is suspected as DoS attack! (counter: 3)
[Sat Jan 24 00:03:13.757741 2026] [core:crit] [pid 98556:tid 98757] (13)Permission denied: [client 43.156.202.34:38972] AH00529: /virtual/deafbridge/public_html/.htaccess pcfg_openfile: unable to check htaccess file, ensure it is readable and that '/virtual/deafbridge/public_html/' is executable
[Sat Jan 24 00:03:15.762417 2026] [dosdetector_syslog:notice] [pid 99084:tid 99165] '72.61.245.235' is suspected as DoS attack! (counter: 3)
[Sat Jan 24 00:03:16.309612 2026] [dosdetector_syslog:notice] [pid 99084:tid 99201] '160.251.151.147' is suspected as Hard DoS attack! (counter: 35)
[Sat Jan 24 00:03:17.062666 2026] [dosdetector_syslog:notice] [pid 99084:tid 99194] '147.92.45.210' is suspected as Hard DoS attack! (counter: 10)
[Sat Jan 24 00:03:17.101479 2026] [dosdetector_syslog:notice] [pid 98687:tid 98930] '147.92.45.210' is suspected as Hard DoS attack! (counter: 11)
[Sat Jan 24 00:03:17.127081 2026] [dosdetector_syslog:notice] [pid 99084:tid 99211] '147.92.45.210' is suspected as Hard DoS attack! (counter: 12)
[Sat Jan 24 00:03:17.190429 2026] [dosdetector_syslog:notice] [pid 99084:tid 99190] '147.92.45.210' is suspected as Hard DoS attack! (counter: 13)
[Sat Jan 24 00:03:17.318691 2026] [dosdetector_syslog:notice] [pid 99084:tid 99206] '147.92.45.210' is suspected as Hard DoS attack! (counter: 14)
[Sat Jan 24 00:03:17.393352 2026] [dosdetector_syslog:notice] [pid 98687:tid 98898] '147.92.45.210' is suspected as Hard DoS attack! (counter: 15)
[Sat Jan 24 00:03:17.461547 2026] [dosdetector_syslog:notice] [pid 98687:tid 98896] '147.92.45.210' is suspected as Hard DoS attack! (counter: 16)
[Sat Jan 24 00:03:17.598303 2026] [dosdetector_syslog:notice] [pid 98687:tid 98856] '147.92.45.210' is suspected as Hard DoS attack! (counter: 17)
[Sat Jan 24 00:03:20.108269 2026] [dosdetector_syslog:notice] [pid 99084:tid 99179] '160.251.151.147' is suspected as Hard DoS attack! (counter: 36)
[Sat Jan 24 00:03:20.158690 2026] [dosdetector_syslog:notice] [pid 99084:tid 99210] '160.251.151.147' is suspected as Hard DoS attack! (counter: 37)
[Sat Jan 24 00:03:21.011418 2026] [dosdetector_syslog:notice] [pid 99084:tid 99209] '147.92.45.210' is suspected as Hard DoS attack! (counter: 18)
[Sat Jan 24 00:03:21.130706 2026] [dosdetector_syslog:notice] [pid 99084:tid 99150] '147.92.45.210' is suspected as Hard DoS attack! (counter: 19)
[Sat Jan 24 00:03:21.547853 2026] [dosdetector_syslog:notice] [pid 99084:tid 99176] '160.251.151.147' is suspected as Hard DoS attack! (counter: 38)
[Sat Jan 24 00:03:22.468773 2026] [dosdetector_syslog:notice] [pid 99084:tid 99167] '147.92.45.210' is suspected as Hard DoS attack! (counter: 20)
[Sat Jan 24 00:03:22.668952 2026] [dosdetector_syslog:notice] [pid 98687:tid 98854] '160.251.151.147' is suspected as Hard DoS attack! (counter: 39)
[Sat Jan 24 00:03:23.311834 2026] [dosdetector_syslog:notice] [pid 99084:tid 99190] '160.251.151.147' is suspected as Hard DoS attack! (counter: 40)
[Sat Jan 24 00:03:24.911018 2026] [core:crit] [pid 99084:tid 99197] (13)Permission denied: [client 43.130.228.73:49406] AH00529: /virtual/hism4id/public_html/.htaccess pcfg_openfile: unable to check htaccess file, ensure it is readable and that '/virtual/hism4id/public_html/' is executable
[Sat Jan 24 00:03:26.593729 2026] [dosdetector_syslog:notice] [pid 98687:tid 98896] '160.251.151.147' is suspected as Hard DoS attack! (counter: 41)
[Sat Jan 24 00:03:28.187165 2026] [dosdetector_syslog:notice] [pid 98556:tid 98714] '110.42.108.11' is suspected as DoS attack! (counter: 3)
[Sat Jan 24 00:03:34.072239 2026] [dosdetector_syslog:notice] [pid 98687:tid 98916] '160.251.151.147' is suspected as Hard DoS attack! (counter: 42)
[Sat Jan 24 00:03:34.380850 2026] [dosdetector_syslog:notice] [pid 98687:tid 98924] '160.251.151.147' is suspected as Hard DoS attack! (counter: 43)
[Sat Jan 24 00:03:37.138322 2026] [dosdetector_syslog:notice] [pid 99084:tid 99154] '160.251.151.147' is suspected as Hard DoS attack! (counter: 44)
[Sat Jan 24 00:03:38.100373 2026] [dosdetector_syslog:notice] [pid 99084:tid 99161] '149.28.63.249' is suspected as DoS attack! (counter: 3)
[Sat Jan 24 00:03:40.263821 2026] [core:crit] [pid 99084:tid 99202] (13)Permission denied: [client 43.157.158.178:42184] AH00529: /virtual/techshinshu/public_html/.htaccess pcfg_openfile: unable to check htaccess file, ensure it is readable and that '/virtual/techshinshu/public_html/' is executable
[Sat Jan 24 00:03:40.989367 2026] [dosdetector_syslog:notice] [pid 98687:tid 98925] '160.251.151.147' is suspected as Hard DoS attack! (counter: 45)
[Sat Jan 24 00:03:41.193493 2026] [dosdetector_syslog:notice] [pid 98687:tid 98896] '121.127.241.52' is suspected as DoS attack! (counter: 3)
[Sat Jan 24 00:03:42.938749 2026] [dosdetector_syslog:notice] [pid 98687:tid 98849] '160.251.151.147' is suspected as Hard DoS attack! (counter: 46)
[Sat Jan 24 00:03:45.849632 2026] [dosdetector_syslog:notice] [pid 98556:tid 98816] '134.122.133.35' is suspected as DoS attack! (counter: 3)
[Sat Jan 24 00:03:55.283773 2026] [dosdetector_syslog:notice] [pid 98556:tid 98760] '160.251.151.147' is suspected as Hard DoS attack! (counter: 47)
[Sat Jan 24 00:03:55.649674 2026] [dosdetector_syslog:notice] [pid 98687:tid 98929] '160.251.151.147' is suspected as Hard DoS attack! (counter: 48)
[Sat Jan 24 00:04:02.077197 2026] [dosdetector_syslog:notice] [pid 98687:tid 98905] '160.251.151.147' is suspected as Hard DoS attack! (counter: 49)
[Sat Jan 24 00:04:02.192008 2026] [dosdetector_syslog:notice] [pid 99084:tid 99195] '160.251.151.147' is suspected as Hard DoS attack! (counter: 50)
[Sat Jan 24 00:04:06.925796 2026] [dosdetector_syslog:notice] [pid 99084:tid 99183] '160.251.151.147' is suspected as Hard DoS attack! (counter: 51)
[Sat Jan 24 00:04:07.279105 2026] [dosdetector_syslog:notice] [pid 98556:tid 98743] '160.251.151.147' is suspected as Hard DoS attack! (counter: 52)
[Sat Jan 24 00:04:10.866519 2026] [dosdetector_syslog:notice] [pid 99084:tid 99170] '91.92.243.236' is suspected as DoS attack! (counter: 3)
[Sat Jan 24 00:04:12.049955 2026] [dosdetector_syslog:notice] [pid 98556:tid 98769] '160.251.151.147' is suspected as Hard DoS attack! (counter: 53)
[Sat Jan 24 00:04:15.670760 2026] [dosdetector_syslog:notice] [pid 99084:tid 99203] '160.251.151.147' is suspected as Hard DoS attack! (counter: 54)
[Sat Jan 24 00:04:16.302214 2026] [dosdetector_syslog:notice] [pid 99084:tid 99195] '160.251.151.147' is suspected as Hard DoS attack! (counter: 55)
[Sat Jan 24 00:04:16.471884 2026] [dosdetector_syslog:notice] [pid 98556:tid 98703] '160.251.151.147' is suspected as Hard DoS attack! (counter: 56)
[Sat Jan 24 00:04:21.202164 2026] [dosdetector_syslog:notice] [pid 98687:tid 98933] '160.251.151.147' is suspected as Hard DoS attack! (counter: 57)
[Sat Jan 24 00:04:21.659222 2026] [dosdetector_syslog:notice] [pid 98687:tid 98937] '160.251.151.147' is suspected as Hard DoS attack! (counter: 58)
[Sat Jan 24 00:04:25.258876 2026] [dosdetector_syslog:notice] [pid 99084:tid 99200] '103.74.193.1' is suspected as Hard DoS attack! (counter: 10)
[Sat Jan 24 00:04:25.326550 2026] [dosdetector_syslog:notice] [pid 99084:tid 99178] '103.74.193.1' is suspected as Hard DoS attack! (counter: 11)
[Sat Jan 24 00:04:25.462468 2026] [dosdetector_syslog:notice] [pid 99084:tid 99179] '103.74.193.1' is suspected as Hard DoS attack! (counter: 12)
[Sat Jan 24 00:04:31.078472 2026] [dosdetector_syslog:notice] [pid 99084:tid 99172] '134.209.25.199' is suspected as DoS attack! (counter: 3)
[Sat Jan 24 00:04:33.336950 2026] [dosdetector_syslog:notice] [pid 99084:tid 99151] '160.251.151.147' is suspected as Hard DoS attack! (counter: 59)
[Sat Jan 24 00:04:34.329969 2026] [dosdetector_syslog:notice] [pid 98687:tid 98876] '160.251.151.147' is suspected as Hard DoS attack! (counter: 60)
[Sat Jan 24 00:04:37.767279 2026] [dosdetector_syslog:notice] [pid 99084:tid 99167] '38.147.171.171' is suspected as Hard DoS attack! (counter: 10)
[Sat Jan 24 00:04:38.043538 2026] [dosdetector_syslog:notice] [pid 98687:tid 98948] '43.163.104.136' is suspected as DoS attack! (counter: 3)
[Sat Jan 24 00:04:38.531719 2026] [dosdetector_syslog:notice] [pid 98687:tid 98945] '38.147.171.171' is suspected as Hard DoS attack! (counter: 11)
[Sat Jan 24 00:04:39.812257 2026] [dosdetector_syslog:notice] [pid 99084:tid 99197] '38.147.171.171' is suspected as Hard DoS attack! (counter: 12)
[Sat Jan 24 00:04:40.955001 2026] [dosdetector_syslog:notice] [pid 98556:tid 98757] '38.147.171.171' is suspected as Hard DoS attack! (counter: 13)
[Sat Jan 24 00:04:41.819343 2026] [dosdetector_syslog:notice] [pid 98556:tid 98799] '38.147.171.171' is suspected as Hard DoS attack! (counter: 14)
[Sat Jan 24 00:04:42.443362 2026] [dosdetector_syslog:notice] [pid 98556:tid 98697] '38.147.171.171' is suspected as Hard DoS attack! (counter: 15)
[Sat Jan 24 00:04:42.962142 2026] [dosdetector_syslog:notice] [pid 98687:tid 98883] '160.251.151.147' is suspected as Hard DoS attack! (counter: 61)
[Sat Jan 24 00:04:42.993115 2026] [dosdetector_syslog:notice] [pid 98687:tid 98944] '160.251.151.147' is suspected as Hard DoS attack! (counter: 62)
[Sat Jan 24 00:04:44.367449 2026] [dosdetector_syslog:notice] [pid 98556:tid 98722] '38.147.171.171' is suspected as Hard DoS attack! (counter: 16)
[Sat Jan 24 00:04:44.744304 2026] [dosdetector_syslog:notice] [pid 98687:tid 98863] '160.251.151.147' is suspected as Hard DoS attack! (counter: 63)
[Sat Jan 24 00:04:45.028795 2026] [dosdetector_syslog:notice] [pid 98556:tid 98699] '160.251.151.147' is suspected as Hard DoS attack! (counter: 64)
[Sat Jan 24 00:04:46.082620 2026] [core:crit] [pid 98687:tid 98937] (13)Permission denied: [client 43.130.12.43:59396] AH00529: /virtual/journal00/public_html/.htaccess pcfg_openfile: unable to check htaccess file, ensure it is readable and that '/virtual/journal00/public_html/' is executable
[Sat Jan 24 00:04:46.657244 2026] [core:crit] [pid 98687:tid 98939] (13)Permission denied: [client 170.106.72.178:37228] AH00529: /virtual/rosyutsu/public_html/.htaccess pcfg_openfile: unable to check htaccess file, ensure it is readable and that '/virtual/rosyutsu/public_html/' is executable
[Sat Jan 24 00:04:47.808865 2026] [dosdetector_syslog:notice] [pid 98687:tid 98883] '160.251.151.147' is suspected as Hard DoS attack! (counter: 65)
[Sat Jan 24 00:04:52.644044 2026] [dosdetector_syslog:notice] [pid 98687:tid 98869] '160.251.151.147' is suspected as Hard DoS attack! (counter: 66)
[Sat Jan 24 00:04:53.724164 2026] [dosdetector_syslog:notice] [pid 99084:tid 99209] '160.251.151.147' is suspected as Hard DoS attack! (counter: 67)
[Sat Jan 24 00:04:57.684111 2026] [dosdetector_syslog:notice] [pid 99084:tid 99187] '160.251.151.147' is suspected as Hard DoS attack! (counter: 68)
[Sat Jan 24 00:04:58.649697 2026] [dosdetector_syslog:notice] [pid 98687:tid 98913] '160.251.151.147' is suspected as Hard DoS attack! (counter: 69)
[Sat Jan 24 00:04:58.839331 2026] [dosdetector_syslog:notice] [pid 98556:tid 98802] '160.251.151.147' is suspected as Hard DoS attack! (counter: 70)
[Sat Jan 24 00:05:01.227418 2026] [dosdetector_syslog:notice] [pid 99084:tid 99178] '192.109.200.72' is suspected as DoS attack! (counter: 3)
[Sat Jan 24 00:05:04.174974 2026] [dosdetector_syslog:notice] [pid 99084:tid 99199] '160.251.151.147' is suspected as Hard DoS attack! (counter: 71)
[Sat Jan 24 00:05:12.565428 2026] [dosdetector_syslog:notice] [pid 99084:tid 99154] '104.143.32.127' is suspected as DoS attack! (counter: 3)
[Sat Jan 24 00:05:14.203226 2026] [dosdetector_syslog:notice] [pid 99084:tid 99150] '160.251.151.147' is suspected as Hard DoS attack! (counter: 72)
[Sat Jan 24 00:05:14.247154 2026] [dosdetector_syslog:notice] [pid 99084:tid 99198] '160.251.151.147' is suspected as Hard DoS attack! (counter: 73)
[Sat Jan 24 00:05:14.652661 2026] [dosdetector_syslog:notice] [pid 99084:tid 99212] '160.251.151.147' is suspected as Hard DoS attack! (counter: 74)
[Sat Jan 24 00:05:16.257551 2026] [dosdetector_syslog:notice] [pid 98556:tid 98700] '160.251.151.147' is suspected as Hard DoS attack! (counter: 75)
[Sat Jan 24 00:05:16.275012 2026] [dosdetector_syslog:notice] [pid 99084:tid 99161] '160.251.151.147' is suspected as Hard DoS attack! (counter: 76)
[Sat Jan 24 00:05:16.650627 2026] [dosdetector_syslog:notice] [pid 99084:tid 99163] '160.251.151.147' is suspected as Hard DoS attack! (counter: 77)
[Sat Jan 24 00:05:21.727813 2026] [dosdetector_syslog:notice] [pid 98687:tid 98946] '160.251.151.147' is suspected as Hard DoS attack! (counter: 78)
[Sat Jan 24 00:05:21.863608 2026] [dosdetector_syslog:notice] [pid 98687:tid 98908] '160.251.151.147' is suspected as Hard DoS attack! (counter: 79)
[Sat Jan 24 00:05:26.625607 2026] [core:crit] [pid 98556:tid 98691] (13)Permission denied: [client 51.254.204.161:37958] AH00529: /virtual/tuchikeri12/public_html/.htaccess pcfg_openfile: unable to check htaccess file, ensure it is readable and that '/virtual/tuchikeri12/public_html/' is executable
[Sat Jan 24 00:05:28.135020 2026] [core:crit] [pid 98687:tid 98948] (13)Permission denied: [client 51.254.204.161:37970] AH00529: /virtual/tuchikeri12/public_html/.htaccess pcfg_openfile: unable to check htaccess file, ensure it is readable and that '/virtual/tuchikeri12/public_html/' is executable
[Sat Jan 24 00:05:32.956656 2026] [:crit] [pid 99084:tid 99151] [client 85.11.167.4:60092] mod_spamhaus_new: address 4.167.11.85.sbl-xbl.spamhaus.org is blacklisted. Deny connection to somen813.shop/, referer: https://somen813.shop
[Sat Jan 24 00:05:33.616429 2026] [dosdetector_syslog:notice] [pid 98556:tid 98748] '160.251.151.147' is suspected as Hard DoS attack! (counter: 80)
[Sat Jan 24 00:05:35.956856 2026] [dosdetector_syslog:notice] [pid 98687:tid 98925] '103.120.82.20' is suspected as DoS attack! (counter: 3)
[Sat Jan 24 00:05:38.606159 2026] [dosdetector_syslog:notice] [pid 98687:tid 98911] '160.251.151.147' is suspected as Hard DoS attack! (counter: 81)
[Sat Jan 24 00:05:40.364295 2026] [dosdetector_syslog:notice] [pid 98687:tid 98925] '160.251.151.147' is suspected as Hard DoS attack! (counter: 82)
[Sat Jan 24 00:05:49.538553 2026] [dosdetector_syslog:notice] [pid 99084:tid 99193] '20.89.104.181' is suspected as Hard DoS attack! (counter: 10)
[Sat Jan 24 00:05:52.482498 2026] [dosdetector_syslog:notice] [pid 99084:tid 99155] '160.251.151.147' is suspected as Hard DoS attack! (counter: 83)
[Sat Jan 24 00:05:53.071608 2026] [dosdetector_syslog:notice] [pid 99084:tid 99192] '160.251.151.147' is suspected as Hard DoS attack! (counter: 84)
[Sat Jan 24 00:05:53.573388 2026] [dosdetector_syslog:notice] [pid 99084:tid 99152] '160.251.151.147' is suspected as Hard DoS attack! (counter: 85)
[Sat Jan 24 00:05:53.955731 2026] [dosdetector_syslog:notice] [pid 98556:tid 98778] '160.251.151.147' is suspected as Hard DoS attack! (counter: 86)
[Sat Jan 24 00:05:57.238698 2026] [dosdetector_syslog:notice] [pid 98687:tid 98939] '20.89.104.181' is suspected as Hard DoS attack! (counter: 11)
[Sat Jan 24 00:05:59.538971 2026] [dosdetector_syslog:notice] [pid 98556:tid 98794] '45.64.52.162' is suspected as DoS attack! (counter: 3)
[Sat Jan 24 00:05:59.765315 2026] [dosdetector_syslog:notice] [pid 98687:tid 98869] '20.89.104.181' is suspected as Hard DoS attack! (counter: 12)
[Sat Jan 24 00:06:01.138804 2026] [dosdetector_syslog:notice] [pid 99084:tid 99184] '217.194.134.97' is suspected as DoS attack! (counter: 3)
[Sat Jan 24 00:06:02.465506 2026] [dosdetector_syslog:notice] [pid 99084:tid 99180] '160.251.151.147' is suspected as Hard DoS attack! (counter: 87)
[Sat Jan 24 00:06:05.469451 2026] [dosdetector_syslog:notice] [pid 98556:tid 98690] '101.33.35.156' is suspected as DoS attack! (counter: 3)
[Sat Jan 24 00:06:07.922010 2026] [dosdetector_syslog:notice] [pid 98687:tid 98878] '20.89.104.181' is suspected as Hard DoS attack! (counter: 13)
[Sat Jan 24 00:06:08.054279 2026] [dosdetector_syslog:notice] [pid 99084:tid 99205] '160.251.151.147' is suspected as Hard DoS attack! (counter: 88)
[Sat Jan 24 00:06:10.076280 2026] [dosdetector_syslog:notice] [pid 98687:tid 98946] '20.89.104.181' is suspected as Hard DoS attack! (counter: 14)
[Sat Jan 24 00:06:10.548443 2026] [dosdetector_syslog:notice] [pid 98687:tid 98831] '4.190.200.66' is suspected as Hard DoS attack! (counter: 10)
[Sat Jan 24 00:06:11.402532 2026] [dosdetector_syslog:notice] [pid 99084:tid 99185] '20.89.104.181' is suspected as Hard DoS attack! (counter: 15)
[Sat Jan 24 00:06:11.672088 2026] [dosdetector_syslog:notice] [pid 99084:tid 99166] '20.89.104.181' is suspected as Hard DoS attack! (counter: 16)
[Sat Jan 24 00:06:12.118382 2026] [dosdetector_syslog:notice] [pid 98556:tid 98771] '4.190.200.66' is suspected as Hard DoS attack! (counter: 11)
[Sat Jan 24 00:06:12.477634 2026] [dosdetector_syslog:notice] [pid 98556:tid 98808] '4.190.200.66' is suspected as Hard DoS attack! (counter: 12)
[Sat Jan 24 00:06:13.162922 2026] [dosdetector_syslog:notice] [pid 99084:tid 99157] '160.251.151.147' is suspected as Hard DoS attack! (counter: 89)
[Sat Jan 24 00:06:15.472280 2026] [dosdetector_syslog:notice] [pid 99084:tid 99187] '192.109.200.72' is suspected as Hard DoS attack! (counter: 10)
[Sat Jan 24 00:06:16.203911 2026] [dosdetector_syslog:notice] [pid 98687:tid 98835] '160.251.151.147' is suspected as Hard DoS attack! (counter: 90)
[Sat Jan 24 00:06:16.212199 2026] [dosdetector_syslog:notice] [pid 99084:tid 99204] '160.251.151.147' is suspected as Hard DoS attack! (counter: 91)
[Sat Jan 24 00:06:16.451537 2026] [dosdetector_syslog:notice] [pid 98687:tid 98841] '103.42.183.105' is suspected as DoS attack! (counter: 3)
[Sat Jan 24 00:06:19.081529 2026] [dosdetector_syslog:notice] [pid 98687:tid 98931] '111.92.242.237' is suspected as DoS attack! (counter: 3)
[Sat Jan 24 00:06:20.497598 2026] [dosdetector_syslog:notice] [pid 99084:tid 99202] '152.32.170.247' is suspected as DoS attack! (counter: 3)
[Sat Jan 24 00:06:21.939665 2026] [dosdetector_syslog:notice] [pid 98687:tid 98937] '160.251.151.147' is suspected as Hard DoS attack! (counter: 92)
[Sat Jan 24 00:06:23.102312 2026] [dosdetector_syslog:notice] [pid 98687:tid 98876] '23.226.70.34' is suspected as DoS attack! (counter: 3)
[Sat Jan 24 00:06:27.753441 2026] [dosdetector_syslog:notice] [pid 99084:tid 99207] '192.109.200.72' is suspected as Hard DoS attack! (counter: 11)
[Sat Jan 24 00:06:31.528743 2026] [dosdetector_syslog:notice] [pid 99084:tid 99181] '192.109.200.72' is suspected as Hard DoS attack! (counter: 12)
[Sat Jan 24 00:06:31.606882 2026] [dosdetector_syslog:notice] [pid 99084:tid 99174] '154.39.81.75' is suspected as DoS attack! (counter: 3)
[Sat Jan 24 00:06:33.050782 2026] [dosdetector_syslog:notice] [pid 98687:tid 98889] '47.87.9.49' is suspected as Hard DoS attack! (counter: 10)
[Sat Jan 24 00:06:33.274236 2026] [dosdetector_syslog:notice] [pid 98687:tid 98833] '47.87.9.49' is suspected as Hard DoS attack! (counter: 11)
[Sat Jan 24 00:06:33.449532 2026] [dosdetector_syslog:notice] [pid 98687:tid 98938] '47.87.9.49' is suspected as Hard DoS attack! (counter: 12)
[Sat Jan 24 00:06:34.466427 2026] [dosdetector_syslog:notice] [pid 99084:tid 99158] '160.251.151.147' is suspected as Hard DoS attack! (counter: 93)
[Sat Jan 24 00:06:35.597597 2026] [dosdetector_syslog:notice] [pid 99084:tid 99175] '160.251.151.147' is suspected as Hard DoS attack! (counter: 94)
[Sat Jan 24 00:06:35.918881 2026] [core:crit] [pid 99084:tid 99177] (13)Permission denied: [client 42.83.147.53:46062] AH00529: /virtual/deafbridge/public_html/.htaccess pcfg_openfile: unable to check htaccess file, ensure it is readable and that '/virtual/deafbridge/public_html/' is executable
[Sat Jan 24 00:06:36.189782 2026] [dosdetector_syslog:notice] [pid 98556:tid 98771] '160.251.151.147' is suspected as Hard DoS attack! (counter: 95)
[Sat Jan 24 00:06:39.629759 2026] [dosdetector_syslog:notice] [pid 99084:tid 99167] '192.109.200.72' is suspected as Hard DoS attack! (counter: 13)
[Sat Jan 24 00:06:39.804136 2026] [dosdetector_syslog:notice] [pid 99084:tid 99188] '160.251.151.147' is suspected as Hard DoS attack! (counter: 96)
[Sat Jan 24 00:06:41.178083 2026] [dosdetector_syslog:notice] [pid 98556:tid 98776] '4.190.200.66' is suspected as Hard DoS attack! (counter: 13)
[Sat Jan 24 00:06:43.374162 2026] [dosdetector_syslog:notice] [pid 99084:tid 99177] '192.109.200.72' is suspected as Hard DoS attack! (counter: 14)
[Sat Jan 24 00:06:43.979769 2026] [dosdetector_syslog:notice] [pid 98556:tid 98808] '4.190.200.66' is suspected as Hard DoS attack! (counter: 14)
[Sat Jan 24 00:06:45.135011 2026] [dosdetector_syslog:notice] [pid 98556:tid 98808] '4.190.200.66' is suspected as Hard DoS attack! (counter: 15)
[Sat Jan 24 00:06:45.383247 2026] [dosdetector_syslog:notice] [pid 98556:tid 98750] '4.190.200.66' is suspected as Hard DoS attack! (counter: 16)
[Sat Jan 24 00:06:46.464469 2026] [dosdetector_syslog:notice] [pid 98687:tid 98901] '160.251.151.147' is suspected as Hard DoS attack! (counter: 97)
[Sat Jan 24 00:06:48.271912 2026] [dosdetector_syslog:notice] [pid 99084:tid 99151] '192.109.200.72' is suspected as Hard DoS attack! (counter: 15)
[Sat Jan 24 00:06:50.061365 2026] [dosdetector_syslog:notice] [pid 98687:tid 98929] '160.251.151.147' is suspected as Hard DoS attack! (counter: 98)
[Sat Jan 24 00:06:50.156326 2026] [dosdetector_syslog:notice] [pid 99084:tid 99205] '160.251.151.147' is suspected as Hard DoS attack! (counter: 99)
[Sat Jan 24 00:06:53.580335 2026] [dosdetector_syslog:notice] [pid 98687:tid 98940] '182.16.26.98' is suspected as DoS attack! (counter: 3)
[Sat Jan 24 00:06:58.773610 2026] [dosdetector_syslog:notice] [pid 99084:tid 99191] '192.109.200.72' is suspected as Hard DoS attack! (counter: 16)
[Sat Jan 24 00:07:00.389350 2026] [dosdetector_syslog:notice] [pid 99084:tid 99165] '160.251.151.147' is suspected as Hard DoS attack! (counter: 100)
[Sat Jan 24 00:07:02.180733 2026] [dosdetector_syslog:notice] [pid 99084:tid 99192] '103.82.194.130' is suspected as Hard DoS attack! (counter: 10)
[Sat Jan 24 00:07:02.258200 2026] [dosdetector_syslog:notice] [pid 99084:tid 99169] '103.82.194.130' is suspected as Hard DoS attack! (counter: 11)
[Sat Jan 24 00:07:02.442825 2026] [dosdetector_syslog:notice] [pid 99084:tid 99159] '103.82.194.130' is suspected as Hard DoS attack! (counter: 12)
[Sat Jan 24 00:07:08.082299 2026] [dosdetector_syslog:notice] [pid 99084:tid 99160] '103.82.194.130' is suspected as Hard DoS attack! (counter: 13)
[Sat Jan 24 00:07:08.159575 2026] [dosdetector_syslog:notice] [pid 99084:tid 99209] '103.82.194.130' is suspected as Hard DoS attack! (counter: 14)
[Sat Jan 24 00:07:08.237274 2026] [dosdetector_syslog:notice] [pid 99084:tid 99165] '103.82.194.130' is suspected as Hard DoS attack! (counter: 15)
[Sat Jan 24 00:07:08.419547 2026] [dosdetector_syslog:notice] [pid 99084:tid 99196] '103.82.194.130' is suspected as Hard DoS attack! (counter: 16)
[Sat Jan 24 00:07:09.175716 2026] [dosdetector_syslog:notice] [pid 98556:tid 98794] '160.251.151.147' is suspected as Hard DoS attack! (counter: 101)
[Sat Jan 24 00:07:09.601712 2026] [dosdetector_syslog:notice] [pid 99084:tid 99208] '160.251.151.147' is suspected as Hard DoS attack! (counter: 102)
[Sat Jan 24 00:07:09.670963 2026] [dosdetector_syslog:notice] [pid 99084:tid 99164] '103.74.193.1' is suspected as Hard DoS attack! (counter: 13)
[Sat Jan 24 00:07:09.693152 2026] [dosdetector_syslog:notice] [pid 99084:tid 99199] '192.109.200.72' is suspected as Hard DoS attack! (counter: 17)
[Sat Jan 24 00:07:09.739106 2026] [dosdetector_syslog:notice] [pid 99084:tid 99156] '103.74.193.1' is suspected as Hard DoS attack! (counter: 14)
[Sat Jan 24 00:07:09.807856 2026] [dosdetector_syslog:notice] [pid 99084:tid 99152] '103.74.193.1' is suspected as Hard DoS attack! (counter: 15)
[Sat Jan 24 00:07:09.943015 2026] [dosdetector_syslog:notice] [pid 99084:tid 99211] '103.74.193.1' is suspected as Hard DoS attack! (counter: 16)
[Sat Jan 24 00:07:09.990635 2026] [dosdetector_syslog:notice] [pid 99084:tid 99205] '160.251.151.147' is suspected as Hard DoS attack! (counter: 103)
[Sat Jan 24 00:07:13.354580 2026] [dosdetector_syslog:notice] [pid 98556:tid 98689] '160.251.151.147' is suspected as Hard DoS attack! (counter: 104)
[Sat Jan 24 00:07:14.711141 2026] [dosdetector_syslog:notice] [pid 99084:tid 99173] '160.251.151.147' is suspected as Hard DoS attack! (counter: 105)
[Sat Jan 24 00:07:14.854603 2026] [dosdetector_syslog:notice] [pid 99084:tid 99197] '160.251.151.147' is suspected as Hard DoS attack! (counter: 106)
[Sat Jan 24 00:07:15.681556 2026] [dosdetector_syslog:notice] [pid 98556:tid 98745] '4.190.200.66' is suspected as Hard DoS attack! (counter: 17)
[Sat Jan 24 00:07:16.216209 2026] [dosdetector_syslog:notice] [pid 99084:tid 99163] '160.251.151.147' is suspected as Hard DoS attack! (counter: 107)
[Sat Jan 24 00:07:16.243236 2026] [dosdetector_syslog:notice] [pid 98687:tid 98941] '160.251.151.147' is suspected as Hard DoS attack! (counter: 108)
[Sat Jan 24 00:07:17.916731 2026] [dosdetector_syslog:notice] [pid 99084:tid 99186] '4.190.200.66' is suspected as Hard DoS attack! (counter: 18)
[Sat Jan 24 00:07:18.011060 2026] [dosdetector_syslog:notice] [pid 98687:tid 98869] '103.42.183.153' is suspected as DoS attack! (counter: 3)
[Sat Jan 24 00:07:18.820566 2026] [dosdetector_syslog:notice] [pid 98687:tid 98835] '160.251.151.147' is suspected as Hard DoS attack! (counter: 109)
[Sat Jan 24 00:07:19.158785 2026] [dosdetector_syslog:notice] [pid 98687:tid 98948] '47.242.249.236' is suspected as DoS attack! (counter: 3)
[Sat Jan 24 00:07:20.568579 2026] [dosdetector_syslog:notice] [pid 99084:tid 99210] '4.190.200.66' is suspected as Hard DoS attack! (counter: 19)
[Sat Jan 24 00:07:20.892413 2026] [dosdetector_syslog:notice] [pid 99084:tid 99159] '4.190.200.66' is suspected as Hard DoS attack! (counter: 20)
[Sat Jan 24 00:07:21.510089 2026] [dosdetector_syslog:notice] [pid 98556:tid 98781] '103.42.180.41' is suspected as DoS attack! (counter: 3)
[Sat Jan 24 00:07:21.728999 2026] [dosdetector_syslog:notice] [pid 99084:tid 99160] '83.229.124.185' is suspected as DoS attack! (counter: 3)
[Sat Jan 24 00:07:21.966114 2026] [dosdetector_syslog:notice] [pid 99084:tid 99177] '156.247.41.59' is suspected as DoS attack! (counter: 3)
[Sat Jan 24 00:07:22.171390 2026] [dosdetector_syslog:notice] [pid 99084:tid 99170] '4.190.200.66' is suspected as Hard DoS attack! (counter: 21)
[Sat Jan 24 00:07:22.482320 2026] [dosdetector_syslog:notice] [pid 99084:tid 99201] '4.190.200.66' is suspected as Hard DoS attack! (counter: 22)
[Sat Jan 24 00:07:23.381394 2026] [dosdetector_syslog:notice] [pid 98687:tid 98930] '4.190.200.66' is suspected as Hard DoS attack! (counter: 23)
[Sat Jan 24 00:07:23.944531 2026] [dosdetector_syslog:notice] [pid 98687:tid 98878] '4.190.200.66' is suspected as Hard DoS attack! (counter: 24)
[Sat Jan 24 00:07:24.004055 2026] [dosdetector_syslog:notice] [pid 99084:tid 99174] '160.251.151.147' is suspected as Hard DoS attack! (counter: 110)
[Sat Jan 24 00:07:24.207898 2026] [dosdetector_syslog:notice] [pid 98687:tid 98927] '203.91.72.49' is suspected as DoS attack! (counter: 3)
[Sat Jan 24 00:07:25.386835 2026] [dosdetector_syslog:notice] [pid 98556:tid 98752] '160.251.151.147' is suspected as Hard DoS attack! (counter: 111)
[Sat Jan 24 00:07:25.908577 2026] [dosdetector_syslog:notice] [pid 99084:tid 99156] '160.251.151.147' is suspected as Hard DoS attack! (counter: 112)
[Sat Jan 24 00:07:28.619998 2026] [dosdetector_syslog:notice] [pid 98687:tid 98831] '154.219.111.241' is suspected as DoS attack! (counter: 3)
[Sat Jan 24 00:07:29.145842 2026] [dosdetector_syslog:notice] [pid 99084:tid 99203] '160.251.151.147' is suspected as Hard DoS attack! (counter: 113)
[Sat Jan 24 00:07:29.349809 2026] [dosdetector_syslog:notice] [pid 99084:tid 99165] '160.251.151.147' is suspected as Hard DoS attack! (counter: 114)
[Sat Jan 24 00:07:32.658460 2026] [dosdetector_syslog:notice] [pid 99084:tid 99203] '160.251.151.147' is suspected as Hard DoS attack! (counter: 115)
[Sat Jan 24 00:07:36.012601 2026] [core:alert] [pid 98687:tid 98940] [client 103.164.63.82:52646] /virtual/ittemiyokado/public_html/ittemiyokado.shop/.htaccess: Invalid command '\xef\xbc\x9cFiles', perhaps misspelled or defined by a module not included in the server configuration
[Sat Jan 24 00:07:36.878029 2026] [dosdetector_syslog:notice] [pid 98687:tid 98894] '160.251.151.147' is suspected as Hard DoS attack! (counter: 116)
[Sat Jan 24 00:07:37.157952 2026] [core:alert] [pid 98556:tid 98717] [client 103.164.63.82:52650] /virtual/ittemiyokado/public_html/ittemiyokado.shop/.htaccess: Invalid command '\xef\xbc\x9cFiles', perhaps misspelled or defined by a module not included in the server configuration
[Sat Jan 24 00:07:37.739100 2026] [core:alert] [pid 98687:tid 98854] [client 103.164.63.82:50528] /virtual/ittemiyokado/public_html/ittemiyokado.shop/.htaccess: Invalid command '\xef\xbc\x9cFiles', perhaps misspelled or defined by a module not included in the server configuration
[Sat Jan 24 00:07:38.758204 2026] [dosdetector_syslog:notice] [pid 99084:tid 99158] '112.121.184.94' is suspected as DoS attack! (counter: 3)
[Sat Jan 24 00:07:39.436861 2026] [core:alert] [pid 99084:tid 99186] [client 103.164.63.82:50530] /virtual/ittemiyokado/public_html/ittemiyokado.shop/.htaccess: Invalid command '\xef\xbc\x9cFiles', perhaps misspelled or defined by a module not included in the server configuration
[Sat Jan 24 00:07:43.512748 2026] [dosdetector_syslog:notice] [pid 99084:tid 99168] '160.251.151.147' is suspected as Hard DoS attack! (counter: 117)
[Sat Jan 24 00:07:44.388679 2026] [dosdetector_syslog:notice] [pid 99084:tid 99150] '160.251.151.147' is suspected as Hard DoS attack! (counter: 118)
[Sat Jan 24 00:07:50.441306 2026] [dosdetector_syslog:notice] [pid 99084:tid 99186] '43.251.225.212' is suspected as DoS attack! (counter: 3)
[Sat Jan 24 00:07:51.980359 2026] [dosdetector_syslog:notice] [pid 99084:tid 99202] '43.128.7.240' is suspected as DoS attack! (counter: 3)
[Sat Jan 24 00:07:52.998851 2026] [dosdetector_syslog:notice] [pid 99084:tid 99184] '160.251.151.147' is suspected as Hard DoS attack! (counter: 119)
[Sat Jan 24 00:07:54.167520 2026] [dosdetector_syslog:notice] [pid 99084:tid 99196] '160.251.151.147' is suspected as Hard DoS attack! (counter: 120)
[Sat Jan 24 00:07:54.691884 2026] [dosdetector_syslog:notice] [pid 98687:tid 98878] '160.251.151.147' is suspected as Hard DoS attack! (counter: 121)
[Sat Jan 24 00:08:01.133453 2026] [dosdetector_syslog:notice] [pid 98687:tid 98949] '160.251.151.147' is suspected as Hard DoS attack! (counter: 122)
[Sat Jan 24 00:08:06.237324 2026] [dosdetector_syslog:notice] [pid 98687:tid 98896] '160.251.151.147' is suspected as Hard DoS attack! (counter: 123)
[Sat Jan 24 00:08:10.364576 2026] [dosdetector_syslog:notice] [pid 98556:tid 98757] '160.251.151.147' is suspected as Hard DoS attack! (counter: 124)
[Sat Jan 24 00:08:14.460500 2026] [dosdetector_syslog:notice] [pid 99084:tid 99183] '167.179.100.26' is suspected as DoS attack! (counter: 3)
[Sat Jan 24 00:08:16.460056 2026] [dosdetector_syslog:notice] [pid 99084:tid 99179] '160.251.151.147' is suspected as Hard DoS attack! (counter: 125)
[Sat Jan 24 00:08:26.303133 2026] [dosdetector_syslog:notice] [pid 99084:tid 99200] '160.251.151.147' is suspected as Hard DoS attack! (counter: 126)
[Sat Jan 24 00:08:28.133407 2026] [dosdetector_syslog:notice] [pid 98556:tid 98776] '192.109.200.72' is suspected as Hard DoS attack! (counter: 18)
[Sat Jan 24 00:08:31.888398 2026] [dosdetector_syslog:notice] [pid 99084:tid 99162] '137.220.242.101' is suspected as DoS attack! (counter: 3)
[Sat Jan 24 00:08:33.958568 2026] [dosdetector_syslog:notice] [pid 98556:tid 98712] '192.109.200.72' is suspected as Hard DoS attack! (counter: 19)
[Sat Jan 24 00:08:35.309893 2026] [dosdetector_syslog:notice] [pid 98687:tid 98908] '160.251.151.147' is suspected as Hard DoS attack! (counter: 127)
[Sat Jan 24 00:08:35.768947 2026] [dosdetector_syslog:notice] [pid 98687:tid 98943] '160.251.151.147' is suspected as Hard DoS attack! (counter: 128)
[Sat Jan 24 00:08:36.432728 2026] [dosdetector_syslog:notice] [pid 99084:tid 99179] '160.251.151.147' is suspected as Hard DoS attack! (counter: 129)
[Sat Jan 24 00:08:36.574951 2026] [dosdetector_syslog:notice] [pid 98556:tid 98695] '160.251.151.147' is suspected as Hard DoS attack! (counter: 130)
[Sat Jan 24 00:08:39.139903 2026] [dosdetector_syslog:notice] [pid 99084:tid 99199] '160.251.151.147' is suspected as Hard DoS attack! (counter: 131)
[Sat Jan 24 00:08:41.861735 2026] [dosdetector_syslog:notice] [pid 99084:tid 99185] '138.226.246.215' is suspected as DoS attack! (counter: 3)
[Sat Jan 24 00:08:42.089102 2026] [dosdetector_syslog:notice] [pid 99084:tid 99189] '173.212.219.125' is suspected as DoS attack! (counter: 3)
[Sat Jan 24 00:08:42.146635 2026] [dosdetector_syslog:notice] [pid 98687:tid 98871] '160.251.151.147' is suspected as Hard DoS attack! (counter: 132)
[Sat Jan 24 00:08:42.875619 2026] [dosdetector_syslog:notice] [pid 98556:tid 98808] '192.109.200.72' is suspected as Hard DoS attack! (counter: 20)
[Sat Jan 24 00:08:44.601536 2026] [dosdetector_syslog:notice] [pid 98687:tid 98944] '20.89.104.181' is suspected as Hard DoS attack! (counter: 17)
[Sat Jan 24 00:08:45.388097 2026] [dosdetector_syslog:notice] [pid 98687:tid 98947] '42.192.40.36' is suspected as DoS attack! (counter: 3)
[Sat Jan 24 00:08:45.648827 2026] [dosdetector_syslog:notice] [pid 98687:tid 98866] '43.106.26.163' is suspected as DoS attack! (counter: 3)
[Sat Jan 24 00:08:45.928293 2026] [dosdetector_syslog:notice] [pid 98687:tid 98944] '160.251.151.147' is suspected as Hard DoS attack! (counter: 133)
[Sat Jan 24 00:08:46.436157 2026] [dosdetector_syslog:notice] [pid 98687:tid 98940] '20.89.104.181' is suspected as Hard DoS attack! (counter: 18)
[Sat Jan 24 00:08:47.325910 2026] [dosdetector_syslog:notice] [pid 99084:tid 99151] '160.251.151.147' is suspected as Hard DoS attack! (counter: 134)
[Sat Jan 24 00:08:47.650733 2026] [dosdetector_syslog:notice] [pid 98687:tid 98936] '20.89.104.181' is suspected as Hard DoS attack! (counter: 19)
[Sat Jan 24 00:08:47.879373 2026] [dosdetector_syslog:notice] [pid 98687:tid 98837] '20.89.104.181' is suspected as Hard DoS attack! (counter: 20)
[Sat Jan 24 00:08:48.028458 2026] [dosdetector_syslog:notice] [pid 98687:tid 98783] '106.160.204.73' is suspected as DoS attack! (counter: 3)
[Sat Jan 24 00:08:49.726596 2026] [dosdetector_syslog:notice] [pid 98556:tid 98782] '192.109.200.72' is suspected as Hard DoS attack! (counter: 21)
[Sat Jan 24 00:08:50.266898 2026] [dosdetector_syslog:notice] [pid 99084:tid 99150] '160.251.151.147' is suspected as Hard DoS attack! (counter: 135)
[Sat Jan 24 00:08:52.283882 2026] [dosdetector_syslog:notice] [pid 98556:tid 98725] '192.109.200.72' is suspected as Hard DoS attack! (counter: 22)
[Sat Jan 24 00:08:52.338697 2026] [dosdetector_syslog:notice] [pid 99084:tid 99158] '203.86.234.32' is suspected as DoS attack! (counter: 3)
[Sat Jan 24 00:08:52.706521 2026] [dosdetector_syslog:notice] [pid 98556:tid 98598] '160.251.151.147' is suspected as Hard DoS attack! (counter: 136)
[Sat Jan 24 00:08:56.306341 2026] [dosdetector_syslog:notice] [pid 98687:tid 98933] '154.219.103.117' is suspected as DoS attack! (counter: 3)
[Sat Jan 24 00:09:00.271076 2026] [dosdetector_syslog:notice] [pid 98556:tid 98796] '192.109.200.72' is suspected as Hard DoS attack! (counter: 23)
[Sat Jan 24 00:09:00.905892 2026] [dosdetector_syslog:notice] [pid 98556:tid 98766] '45.150.227.136' is suspected as DoS attack! (counter: 3)
[Sat Jan 24 00:09:00.934697 2026] [dosdetector_syslog:notice] [pid 99084:tid 99151] '160.251.151.147' is suspected as Hard DoS attack! (counter: 137)
[Sat Jan 24 00:09:01.156118 2026] [dosdetector_syslog:notice] [pid 98687:tid 98793] '106.160.204.73' is suspected as Hard DoS attack! (counter: 10)
[Sat Jan 24 00:09:01.173968 2026] [dosdetector_syslog:notice] [pid 98687:tid 98789] '106.160.204.73' is suspected as Hard DoS attack! (counter: 11)
[Sat Jan 24 00:09:01.527526 2026] [dosdetector_syslog:notice] [pid 98687:tid 98933] '160.251.151.147' is suspected as Hard DoS attack! (counter: 138)
[Sat Jan 24 00:09:04.638357 2026] [dosdetector_syslog:notice] [pid 98556:tid 98776] '192.109.200.72' is suspected as Hard DoS attack! (counter: 24)
[Sat Jan 24 00:09:05.333100 2026] [dosdetector_syslog:notice] [pid 98687:tid 98812] '106.160.204.73' is suspected as Hard DoS attack! (counter: 12)
[Sat Jan 24 00:09:07.439291 2026] [dosdetector_syslog:notice] [pid 99084:tid 99153] '160.251.151.147' is suspected as Hard DoS attack! (counter: 139)
[Sat Jan 24 00:09:07.644517 2026] [dosdetector_syslog:notice] [pid 98556:tid 98774] '160.251.151.147' is suspected as Hard DoS attack! (counter: 140)
[Sat Jan 24 00:09:09.285117 2026] [dosdetector_syslog:notice] [pid 99084:tid 99207] '160.251.151.147' is suspected as Hard DoS attack! (counter: 141)
[Sat Jan 24 00:09:13.204338 2026] [dosdetector_syslog:notice] [pid 98556:tid 98694] '160.251.151.147' is suspected as Hard DoS attack! (counter: 142)
[Sat Jan 24 00:09:14.612106 2026] [dosdetector_syslog:notice] [pid 99084:tid 99155] '103.42.180.206' is suspected as DoS attack! (counter: 3)
[Sat Jan 24 00:09:15.435671 2026] [dosdetector_syslog:notice] [pid 99084:tid 99100] '106.160.204.73' is suspected as Hard DoS attack! (counter: 13)
[Sat Jan 24 00:09:15.435805 2026] [dosdetector_syslog:notice] [pid 99084:tid 99105] '106.160.204.73' is suspected as Hard DoS attack! (counter: 14)
[Sat Jan 24 00:09:15.794126 2026] [dosdetector_syslog:notice] [pid 98556:tid 98764] '192.109.200.72' is suspected as Hard DoS attack! (counter: 25)
