[Sat Jan 24 01:05:50.366219 2026] [dosdetector_syslog:notice] [pid 99084:tid 99199] '192.109.200.72' is suspected as Hard DoS attack! (counter: 275)
[Sat Jan 24 01:05:52.071077 2026] [dosdetector_syslog:notice] [pid 99084:tid 99204] '160.251.151.147' is suspected as Hard DoS attack! (counter: 898)
[Sat Jan 24 01:05:53.533218 2026] [dosdetector_syslog:notice] [pid 98687:tid 98942] '176.97.117.58' is suspected as Hard DoS attack! (counter: 21)
[Sat Jan 24 01:05:53.819017 2026] [dosdetector_syslog:notice] [pid 98687:tid 98948] '160.251.151.147' is suspected as Hard DoS attack! (counter: 899)
[Sat Jan 24 01:05:54.218454 2026] [dosdetector_syslog:notice] [pid 98687:tid 98945] '176.97.117.58' is suspected as Hard DoS attack! (counter: 22)
[Sat Jan 24 01:05:54.338235 2026] [dosdetector_syslog:notice] [pid 99084:tid 99171] '20.205.10.3' is suspected as Hard DoS attack! (counter: 118)
[Sat Jan 24 01:05:54.407766 2026] [dosdetector_syslog:notice] [pid 98687:tid 98835] '176.97.117.58' is suspected as Hard DoS attack! (counter: 23)
[Sat Jan 24 01:05:54.759672 2026] [dosdetector_syslog:notice] [pid 98687:tid 98841] '176.97.117.58' is suspected as Hard DoS attack! (counter: 24)
[Sat Jan 24 01:05:55.513540 2026] [core:alert] [pid 98687:tid 98713] [remote 2a06:98c0:3600::103:9390] /virtual/ittemiyokado/public_html/ittemiyokado.shop/.htaccess: Invalid command '\xef\xbc\x9cFiles', perhaps misspelled or defined by a module not included in the server configuration
[Sat Jan 24 01:05:56.062368 2026] [dosdetector_syslog:notice] [pid 99084:tid 99193] '160.251.151.147' is suspected as Hard DoS attack! (counter: 900)
[Sat Jan 24 01:05:58.294513 2026] [dosdetector_syslog:notice] [pid 99084:tid 99208] '20.205.10.3' is suspected as Hard DoS attack! (counter: 119)
[Sat Jan 24 01:05:58.844728 2026] [dosdetector_syslog:notice] [pid 99084:tid 99195] '192.109.200.72' is suspected as Hard DoS attack! (counter: 276)
[Sat Jan 24 01:05:59.332721 2026] [dosdetector_syslog:notice] [pid 99084:tid 99190] '160.251.151.147' is suspected as Hard DoS attack! (counter: 901)
[Sat Jan 24 01:06:01.818787 2026] [dosdetector_syslog:notice] [pid 98687:tid 98935] '38.14.248.16' is suspected as DoS attack! (counter: 3)
[Sat Jan 24 01:06:03.994358 2026] [dosdetector_syslog:notice] [pid 98687:tid 98922] '160.251.151.147' is suspected as Hard DoS attack! (counter: 902)
[Sat Jan 24 01:06:04.759908 2026] [dosdetector_syslog:notice] [pid 99084:tid 99204] '192.109.200.72' is suspected as Hard DoS attack! (counter: 277)
[Sat Jan 24 01:06:05.715716 2026] [dosdetector_syslog:notice] [pid 99084:tid 99160] '154.219.103.117' is suspected as Hard DoS attack! (counter: 17)
[Sat Jan 24 01:06:06.228916 2026] [dosdetector_syslog:notice] [pid 99084:tid 99196] '154.219.103.117' is suspected as Hard DoS attack! (counter: 18)
[Sat Jan 24 01:06:06.739119 2026] [dosdetector_syslog:notice] [pid 99084:tid 99161] '154.219.103.117' is suspected as Hard DoS attack! (counter: 19)
[Sat Jan 24 01:06:07.107171 2026] [dosdetector_syslog:notice] [pid 99084:tid 99157] '207.56.18.24' is suspected as Hard DoS attack! (counter: 41)
[Sat Jan 24 01:06:07.201706 2026] [dosdetector_syslog:notice] [pid 99084:tid 99205] '207.56.18.24' is suspected as Hard DoS attack! (counter: 42)
[Sat Jan 24 01:06:07.298841 2026] [dosdetector_syslog:notice] [pid 99084:tid 99187] '207.56.18.24' is suspected as Hard DoS attack! (counter: 43)
[Sat Jan 24 01:06:07.346175 2026] [dosdetector_syslog:notice] [pid 98687:tid 98831] '160.251.151.147' is suspected as Hard DoS attack! (counter: 903)
[Sat Jan 24 01:06:07.476392 2026] [dosdetector_syslog:notice] [pid 99084:tid 99201] '207.56.18.24' is suspected as Hard DoS attack! (counter: 44)
[Sat Jan 24 01:06:07.697591 2026] [dosdetector_syslog:notice] [pid 99084:tid 99166] '154.219.103.117' is suspected as Hard DoS attack! (counter: 20)
[Sat Jan 24 01:06:08.785664 2026] [dosdetector_syslog:notice] [pid 98556:tid 98695] '103.254.149.34' is suspected as Hard DoS attack! (counter: 29)
[Sat Jan 24 01:06:09.417544 2026] [dosdetector_syslog:notice] [pid 98556:tid 98781] '103.254.149.34' is suspected as Hard DoS attack! (counter: 30)
[Sat Jan 24 01:06:09.589605 2026] [dosdetector_syslog:notice] [pid 98556:tid 98774] '103.254.149.34' is suspected as Hard DoS attack! (counter: 31)
[Sat Jan 24 01:06:09.846910 2026] [dosdetector_syslog:notice] [pid 98556:tid 98719] '103.254.149.34' is suspected as Hard DoS attack! (counter: 32)
[Sat Jan 24 01:06:10.332587 2026] [dosdetector_syslog:notice] [pid 99084:tid 99181] '192.109.200.72' is suspected as Hard DoS attack! (counter: 278)
[Sat Jan 24 01:06:13.027125 2026] [dosdetector_syslog:notice] [pid 98687:tid 98944] '4.190.195.218' is suspected as Hard DoS attack! (counter: 35)
[Sat Jan 24 01:06:13.323058 2026] [dosdetector_syslog:notice] [pid 98687:tid 98939] '4.190.195.218' is suspected as Hard DoS attack! (counter: 36)
[Sat Jan 24 01:06:16.649979 2026] [dosdetector_syslog:notice] [pid 99084:tid 99202] '192.109.200.72' is suspected as Hard DoS attack! (counter: 279)
[Sat Jan 24 01:06:16.725991 2026] [dosdetector_syslog:notice] [pid 98687:tid 98839] '160.251.151.147' is suspected as Hard DoS attack! (counter: 904)
[Sat Jan 24 01:06:17.899384 2026] [dosdetector_syslog:notice] [pid 99084:tid 99194] '160.251.151.147' is suspected as Hard DoS attack! (counter: 905)
[Sat Jan 24 01:06:21.561140 2026] [dosdetector_syslog:notice] [pid 99084:tid 99175] '103.42.183.220' is suspected as Hard DoS attack! (counter: 21)
[Sat Jan 24 01:06:21.649079 2026] [dosdetector_syslog:notice] [pid 99084:tid 99180] '103.42.183.220' is suspected as Hard DoS attack! (counter: 22)
[Sat Jan 24 01:06:22.021159 2026] [dosdetector_syslog:notice] [pid 99084:tid 99151] '103.42.183.220' is suspected as Hard DoS attack! (counter: 23)
[Sat Jan 24 01:06:22.194341 2026] [dosdetector_syslog:notice] [pid 98687:tid 98911] '47.84.116.110' is suspected as Hard DoS attack! (counter: 37)
[Sat Jan 24 01:06:22.195790 2026] [dosdetector_syslog:notice] [pid 99084:tid 99210] '103.42.183.220' is suspected as Hard DoS attack! (counter: 24)
[Sat Jan 24 01:06:22.196506 2026] [dosdetector_syslog:notice] [pid 99084:tid 99176] '192.109.200.72' is suspected as Hard DoS attack! (counter: 280)
[Sat Jan 24 01:06:22.236328 2026] [dosdetector_syslog:notice] [pid 99084:tid 99208] '160.251.151.147' is suspected as Hard DoS attack! (counter: 906)
[Sat Jan 24 01:06:22.290052 2026] [dosdetector_syslog:notice] [pid 99084:tid 99162] '160.251.151.147' is suspected as Hard DoS attack! (counter: 907)
[Sat Jan 24 01:06:22.315663 2026] [dosdetector_syslog:notice] [pid 98687:tid 98854] '47.84.116.110' is suspected as Hard DoS attack! (counter: 38)
[Sat Jan 24 01:06:22.466254 2026] [dosdetector_syslog:notice] [pid 98687:tid 98919] '47.84.116.110' is suspected as Hard DoS attack! (counter: 39)
[Sat Jan 24 01:06:22.538619 2026] [dosdetector_syslog:notice] [pid 99084:tid 99189] '103.42.183.220' is suspected as Hard DoS attack! (counter: 25)
[Sat Jan 24 01:06:22.585278 2026] [dosdetector_syslog:notice] [pid 98687:tid 98903] '47.84.116.110' is suspected as Hard DoS attack! (counter: 40)
[Sat Jan 24 01:06:22.743678 2026] [dosdetector_syslog:notice] [pid 99084:tid 99196] '103.42.183.220' is suspected as Hard DoS attack! (counter: 26)
[Sat Jan 24 01:06:23.219893 2026] [dosdetector_syslog:notice] [pid 99084:tid 99204] '160.251.151.147' is suspected as Hard DoS attack! (counter: 908)
[Sat Jan 24 01:06:23.417402 2026] [dosdetector_syslog:notice] [pid 99084:tid 99088] '113.154.206.58' is suspected as Hard DoS attack! (counter: 12)
[Sat Jan 24 01:06:23.575408 2026] [dosdetector_syslog:notice] [pid 99084:tid 99174] '103.42.183.220' is suspected as Hard DoS attack! (counter: 27)
[Sat Jan 24 01:06:23.775762 2026] [dosdetector_syslog:notice] [pid 99084:tid 99206] '103.42.183.220' is suspected as Hard DoS attack! (counter: 28)
[Sat Jan 24 01:06:25.505224 2026] [dosdetector_syslog:notice] [pid 99084:tid 99164] '138.226.246.215' is suspected as Hard DoS attack! (counter: 37)
[Sat Jan 24 01:06:25.788768 2026] [dosdetector_syslog:notice] [pid 99084:tid 99194] '138.226.246.215' is suspected as Hard DoS attack! (counter: 38)
[Sat Jan 24 01:06:26.074217 2026] [dosdetector_syslog:notice] [pid 99084:tid 99179] '138.226.246.215' is suspected as Hard DoS attack! (counter: 39)
[Sat Jan 24 01:06:26.612046 2026] [dosdetector_syslog:notice] [pid 99084:tid 99151] '138.226.246.215' is suspected as Hard DoS attack! (counter: 40)
[Sat Jan 24 01:06:26.689163 2026] [dosdetector_syslog:notice] [pid 99084:tid 99183] '192.109.200.72' is suspected as Hard DoS attack! (counter: 281)
[Sat Jan 24 01:06:29.802238 2026] [dosdetector_syslog:notice] [pid 98687:tid 98869] '160.251.151.147' is suspected as Hard DoS attack! (counter: 909)
[Sat Jan 24 01:06:31.180071 2026] [dosdetector_syslog:notice] [pid 99084:tid 99210] '192.109.200.72' is suspected as Hard DoS attack! (counter: 282)
[Sat Jan 24 01:06:31.227106 2026] [dosdetector_syslog:notice] [pid 99084:tid 99199] '192.109.200.72' is suspected as Hard DoS attack! (counter: 283)
[Sat Jan 24 01:06:34.193952 2026] [dosdetector_syslog:notice] [pid 99084:tid 99198] '119.28.214.143' is suspected as Hard DoS attack! (counter: 17)
[Sat Jan 24 01:06:35.489468 2026] [dosdetector_syslog:notice] [pid 99084:tid 99169] '119.28.214.143' is suspected as Hard DoS attack! (counter: 18)
[Sat Jan 24 01:06:36.140823 2026] [dosdetector_syslog:notice] [pid 99084:tid 99189] '119.28.214.143' is suspected as Hard DoS attack! (counter: 19)
[Sat Jan 24 01:06:37.937864 2026] [dosdetector_syslog:notice] [pid 99084:tid 99159] '119.28.214.143' is suspected as Hard DoS attack! (counter: 20)
[Sat Jan 24 01:06:38.009853 2026] [core:alert] [pid 99084:tid 99106] [remote 2a06:98c0:3600::103:11944] /virtual/ittemiyokado/public_html/ittemiyokado.shop/.htaccess: Invalid command '\xef\xbc\x9cFiles', perhaps misspelled or defined by a module not included in the server configuration
[Sat Jan 24 01:06:38.482509 2026] [dosdetector_syslog:notice] [pid 99084:tid 99181] '192.109.200.72' is suspected as Hard DoS attack! (counter: 284)
[Sat Jan 24 01:06:40.497887 2026] [dosdetector_syslog:notice] [pid 98687:tid 98866] '119.28.214.143' is suspected as Hard DoS attack! (counter: 21)
[Sat Jan 24 01:06:40.576096 2026] [dosdetector_syslog:notice] [pid 98687:tid 98926] '119.28.214.143' is suspected as Hard DoS attack! (counter: 22)
[Sat Jan 24 01:06:40.654550 2026] [dosdetector_syslog:notice] [pid 98687:tid 98925] '119.28.214.143' is suspected as Hard DoS attack! (counter: 23)
[Sat Jan 24 01:06:40.796772 2026] [dosdetector_syslog:notice] [pid 98687:tid 98896] '119.28.214.143' is suspected as Hard DoS attack! (counter: 24)
[Sat Jan 24 01:07:11.571661 2026] [suexec:notice] [pid 223571:tid 223571] AH01232: suEXEC mechanism enabled (wrapper: /usr/local/apache24/bin/suexec)
[Sat Jan 24 01:07:17.425793 2026] [:notice] [pid 223785:tid 223785] mod_bw : Memory Allocated 96 bytes (each conf takes 48 bytes)
[Sat Jan 24 01:07:17.434613 2026] [:notice] [pid 223785:tid 223785] mod_bw : Version 0.92 - Initialized [2 Confs]
[Sat Jan 24 01:07:17.602312 2026] [mpm_event:notice] [pid 223785:tid 223785] AH00489: Apache/2.4.63 (Unix) OpenSSL/1.1.1k mod_fcgid/2.3.9 configured -- resuming normal operations
[Sat Jan 24 01:07:17.612340 2026] [core:notice] [pid 223785:tid 223785] AH00094: Command line: '/usr/local/apache24/bin/httpd'
[Sat Jan 24 01:07:17.991363 2026] [dosdetector_syslog:notice] [pid 223844:tid 223954] '167.99.174.138' is suspected as DoS attack! (counter: 3)
[Sat Jan 24 01:07:20.180802 2026] [:crit] [pid 224451:tid 224682] [client 160.251.151.147:46956] mod_spamhaus_new: address 147.151.251.160.sbl-xbl.spamhaus.org is blacklisted. Deny connection to forearth.s325.xrea.com/wp-cron.php, referer: https://forearth.s325.xrea.com/wp-cron.php?doing_wp_cron=1769184439.6432011127471923828125
[Sat Jan 24 01:07:20.853808 2026] [dosdetector_syslog:notice] [pid 224234:tid 224493] '43.128.7.240' is suspected as DoS attack! (counter: 3)
[Sat Jan 24 01:07:21.962703 2026] [dosdetector_syslog:notice] [pid 224451:tid 224724] '160.251.151.147' is suspected as DoS attack! (counter: 3)
[Sat Jan 24 01:07:25.460693 2026] [:crit] [pid 224334:tid 224655] [client 160.251.151.147:46984] mod_spamhaus_new: address 147.151.251.160.sbl-xbl.spamhaus.org is blacklisted. Deny connection to wordpress-development.online/wp-cron.php
[Sat Jan 24 01:07:26.299160 2026] [dosdetector_syslog:notice] [pid 224451:tid 224668] '103.74.193.1' is suspected as DoS attack! (counter: 3)
[Sat Jan 24 01:07:28.761823 2026] [dosdetector_syslog:notice] [pid 224334:tid 224653] '107.149.104.16' is suspected as DoS attack! (counter: 3)
[Sat Jan 24 01:07:28.851431 2026] [dosdetector_syslog:notice] [pid 224451:tid 224749] '141.98.11.169' is suspected as DoS attack! (counter: 3)
[Sat Jan 24 01:07:31.151798 2026] [:crit] [pid 224234:tid 224532] [client 85.11.167.4:35610] mod_spamhaus_new: address 4.167.11.85.sbl-xbl.spamhaus.org is blacklisted. Deny connection to wanpj.shop/, referer: https://wanpj.shop
[Sat Jan 24 01:07:36.030980 2026] [dosdetector_syslog:notice] [pid 224451:tid 224671] '141.98.11.169' is suspected as Hard DoS attack! (counter: 10)
[Sat Jan 24 01:07:37.042441 2026] [dosdetector_syslog:notice] [pid 224451:tid 224737] '141.98.11.169' is suspected as Hard DoS attack! (counter: 11)
[Sat Jan 24 01:07:38.062084 2026] [dosdetector_syslog:notice] [pid 224451:tid 224729] '141.98.11.169' is suspected as Hard DoS attack! (counter: 12)
[Sat Jan 24 01:07:39.085679 2026] [dosdetector_syslog:notice] [pid 224451:tid 224745] '141.98.11.169' is suspected as Hard DoS attack! (counter: 13)
[Sat Jan 24 01:07:40.083642 2026] [dosdetector_syslog:notice] [pid 224451:tid 224671] '141.98.11.169' is suspected as Hard DoS attack! (counter: 14)
[Sat Jan 24 01:07:41.075399 2026] [dosdetector_syslog:notice] [pid 224451:tid 224679] '141.98.11.169' is suspected as Hard DoS attack! (counter: 15)
[Sat Jan 24 01:07:42.092494 2026] [dosdetector_syslog:notice] [pid 224451:tid 224747] '141.98.11.169' is suspected as Hard DoS attack! (counter: 16)
[Sat Jan 24 01:07:43.142890 2026] [dosdetector_syslog:notice] [pid 224451:tid 224760] '141.98.11.169' is suspected as Hard DoS attack! (counter: 17)
[Sat Jan 24 01:07:44.136439 2026] [dosdetector_syslog:notice] [pid 224451:tid 224700] '141.98.11.169' is suspected as Hard DoS attack! (counter: 18)
[Sat Jan 24 01:07:44.245881 2026] [dosdetector_syslog:notice] [pid 224451:tid 224703] '47.237.4.175' is suspected as DoS attack! (counter: 3)
[Sat Jan 24 01:07:45.137882 2026] [dosdetector_syslog:notice] [pid 224451:tid 224734] '141.98.11.169' is suspected as Hard DoS attack! (counter: 19)
[Sat Jan 24 01:07:45.582673 2026] [dosdetector_syslog:notice] [pid 224451:tid 224742] '34.224.75.212' is suspected as DoS attack! (counter: 3)
[Sat Jan 24 01:07:46.188923 2026] [dosdetector_syslog:notice] [pid 224451:tid 224755] '141.98.11.169' is suspected as Hard DoS attack! (counter: 20)
[Sat Jan 24 01:07:46.424573 2026] [dosdetector_syslog:notice] [pid 224334:tid 224683] '154.219.99.139' is suspected as DoS attack! (counter: 3)
[Sat Jan 24 01:07:46.849057 2026] [core:crit] [pid 224451:tid 224659] (13)Permission denied: [client 128.90.170.8:58524] AH00529: /virtual/metadatalive/public_html/.htaccess pcfg_openfile: unable to check htaccess file, ensure it is readable and that '/virtual/metadatalive/public_html/' is executable, referer: http://metadatalive.shop
[Sat Jan 24 01:07:47.193591 2026] [dosdetector_syslog:notice] [pid 224451:tid 224684] '141.98.11.169' is suspected as Hard DoS attack! (counter: 21)
[Sat Jan 24 01:07:48.161624 2026] [dosdetector_syslog:notice] [pid 224451:tid 224694] '103.164.63.82' is suspected as DoS attack! (counter: 3)
[Sat Jan 24 01:07:48.200951 2026] [core:crit] [pid 224334:tid 224631] (13)Permission denied: [client 128.90.170.8:58528] AH00529: /virtual/metadatalive/public_html/.htaccess pcfg_openfile: unable to check htaccess file, ensure it is readable and that '/virtual/metadatalive/public_html/' is executable, referer: http://metadatalive.shop/wordpress/wp-admin/setup-config.php?step=1&language=en_GB
[Sat Jan 24 01:07:48.201507 2026] [dosdetector_syslog:notice] [pid 224451:tid 224688] '141.98.11.169' is suspected as Hard DoS attack! (counter: 22)
[Sat Jan 24 01:07:49.246313 2026] [dosdetector_syslog:notice] [pid 224451:tid 224751] '141.98.11.169' is suspected as Hard DoS attack! (counter: 23)
[Sat Jan 24 01:07:49.550419 2026] [core:crit] [pid 224334:tid 224660] (13)Permission denied: [client 128.90.170.8:58528] AH00529: /virtual/metadatalive/public_html/.htaccess pcfg_openfile: unable to check htaccess file, ensure it is readable and that '/virtual/metadatalive/public_html/' is executable, referer: http://metadatalive.shop/wordpress/wp-admin/install.php?step=1&language=en_GB
[Sat Jan 24 01:07:50.091124 2026] [core:crit] [pid 224334:tid 224655] (13)Permission denied: [client 128.90.170.8:58528] AH00529: /virtual/metadatalive/public_html/.htaccess pcfg_openfile: unable to check htaccess file, ensure it is readable and that '/virtual/metadatalive/public_html/' is executable, referer: http://metadatalive.shop/wp/wp-admin/setup-config.php?step=1&language=en_GB
[Sat Jan 24 01:07:50.252059 2026] [dosdetector_syslog:notice] [pid 224451:tid 224737] '141.98.11.169' is suspected as Hard DoS attack! (counter: 24)
[Sat Jan 24 01:07:50.617378 2026] [core:crit] [pid 224334:tid 224673] (13)Permission denied: [client 128.90.170.8:58528] AH00529: /virtual/metadatalive/public_html/.htaccess pcfg_openfile: unable to check htaccess file, ensure it is readable and that '/virtual/metadatalive/public_html/' is executable, referer: http://metadatalive.shop/wp/wp-admin/install.php?step=1&language=en_GB
[Sat Jan 24 01:07:51.156852 2026] [core:crit] [pid 224334:tid 224665] (13)Permission denied: [client 128.90.170.8:58528] AH00529: /virtual/metadatalive/public_html/.htaccess pcfg_openfile: unable to check htaccess file, ensure it is readable and that '/virtual/metadatalive/public_html/' is executable, referer: http://metadatalive.shop/new/wp-admin/setup-config.php?step=1&language=en_GB
[Sat Jan 24 01:07:51.245775 2026] [dosdetector_syslog:notice] [pid 224451:tid 224742] '141.98.11.169' is suspected as Hard DoS attack! (counter: 25)
[Sat Jan 24 01:07:51.676811 2026] [core:crit] [pid 224334:tid 224704] (13)Permission denied: [client 128.90.170.8:58528] AH00529: /virtual/metadatalive/public_html/.htaccess pcfg_openfile: unable to check htaccess file, ensure it is readable and that '/virtual/metadatalive/public_html/' is executable, referer: http://metadatalive.shop/new/wp-admin/install.php?step=1&language=en_GB
[Sat Jan 24 01:07:51.764243 2026] [dosdetector_syslog:notice] [pid 224334:tid 224710] '220.128.127.199' is suspected as DoS attack! (counter: 3)
[Sat Jan 24 01:07:52.207676 2026] [core:crit] [pid 224334:tid 224735] (13)Permission denied: [client 128.90.170.8:58528] AH00529: /virtual/metadatalive/public_html/.htaccess pcfg_openfile: unable to check htaccess file, ensure it is readable and that '/virtual/metadatalive/public_html/' is executable, referer: http://metadatalive.shop/old/wp-admin/setup-config.php?step=1&language=en_GB
[Sat Jan 24 01:07:52.275675 2026] [dosdetector_syslog:notice] [pid 224451:tid 224724] '141.98.11.169' is suspected as Hard DoS attack! (counter: 26)
[Sat Jan 24 01:07:52.728397 2026] [core:crit] [pid 224334:tid 224630] (13)Permission denied: [client 128.90.170.8:58528] AH00529: /virtual/metadatalive/public_html/.htaccess pcfg_openfile: unable to check htaccess file, ensure it is readable and that '/virtual/metadatalive/public_html/' is executable, referer: http://metadatalive.shop/old/wp-admin/install.php?step=1&language=en_GB
[Sat Jan 24 01:07:53.250676 2026] [core:crit] [pid 224334:tid 224642] (13)Permission denied: [client 128.90.170.8:58528] AH00529: /virtual/metadatalive/public_html/.htaccess pcfg_openfile: unable to check htaccess file, ensure it is readable and that '/virtual/metadatalive/public_html/' is executable, referer: http://metadatalive.shop/blog/wp-admin/setup-config.php?step=1&language=en_GB
[Sat Jan 24 01:07:53.266447 2026] [dosdetector_syslog:notice] [pid 224451:tid 224719] '141.98.11.169' is suspected as Hard DoS attack! (counter: 27)
[Sat Jan 24 01:07:53.771517 2026] [core:crit] [pid 224334:tid 224650] (13)Permission denied: [client 128.90.170.8:58528] AH00529: /virtual/metadatalive/public_html/.htaccess pcfg_openfile: unable to check htaccess file, ensure it is readable and that '/virtual/metadatalive/public_html/' is executable, referer: http://metadatalive.shop/blog/wp-admin/install.php?step=1&language=en_GB
[Sat Jan 24 01:07:54.252875 2026] [dosdetector_syslog:notice] [pid 224451:tid 224755] '141.98.11.169' is suspected as Hard DoS attack! (counter: 28)
[Sat Jan 24 01:07:54.293350 2026] [core:crit] [pid 224334:tid 224649] (13)Permission denied: [client 128.90.170.8:58528] AH00529: /virtual/metadatalive/public_html/.htaccess pcfg_openfile: unable to check htaccess file, ensure it is readable and that '/virtual/metadatalive/public_html/' is executable, referer: http://metadatalive.shop/test/wp-admin/setup-config.php?step=1&language=en_GB
[Sat Jan 24 01:07:54.353956 2026] [dosdetector_syslog:notice] [pid 224334:tid 224675] '45.145.228.118' is suspected as DoS attack! (counter: 3)
[Sat Jan 24 01:07:54.812037 2026] [core:crit] [pid 224334:tid 224665] (13)Permission denied: [client 128.90.170.8:58528] AH00529: /virtual/metadatalive/public_html/.htaccess pcfg_openfile: unable to check htaccess file, ensure it is readable and that '/virtual/metadatalive/public_html/' is executable, referer: http://metadatalive.shop/test/wp-admin/install.php?step=1&language=en_GB
[Sat Jan 24 01:07:55.248924 2026] [dosdetector_syslog:notice] [pid 224451:tid 224688] '141.98.11.169' is suspected as Hard DoS attack! (counter: 29)
[Sat Jan 24 01:07:55.311839 2026] [dosdetector_syslog:notice] [pid 224334:tid 224730] '203.91.72.49' is suspected as DoS attack! (counter: 3)
[Sat Jan 24 01:07:55.350888 2026] [core:crit] [pid 224334:tid 224723] (13)Permission denied: [client 128.90.170.8:58528] AH00529: /virtual/metadatalive/public_html/.htaccess pcfg_openfile: unable to check htaccess file, ensure it is readable and that '/virtual/metadatalive/public_html/' is executable, referer: http://metadatalive.shop/shop/wp-admin/setup-config.php?step=1&language=en_GB
[Sat Jan 24 01:07:55.911302 2026] [core:crit] [pid 224334:tid 224639] (13)Permission denied: [client 128.90.170.8:58528] AH00529: /virtual/metadatalive/public_html/.htaccess pcfg_openfile: unable to check htaccess file, ensure it is readable and that '/virtual/metadatalive/public_html/' is executable, referer: http://metadatalive.shop/shop/wp-admin/install.php?step=1&language=en_GB
[Sat Jan 24 01:07:56.055994 2026] [dosdetector_syslog:notice] [pid 224334:tid 224645] '47.236.238.255' is suspected as DoS attack! (counter: 3)
[Sat Jan 24 01:07:56.255205 2026] [dosdetector_syslog:notice] [pid 224451:tid 224744] '141.98.11.169' is suspected as Hard DoS attack! (counter: 30)
[Sat Jan 24 01:07:57.838344 2026] [dosdetector_syslog:notice] [pid 224334:tid 224705] '141.98.11.169' is suspected as Hard DoS attack! (counter: 31)
[Sat Jan 24 01:07:58.832841 2026] [dosdetector_syslog:notice] [pid 224334:tid 224691] '141.98.11.169' is suspected as Hard DoS attack! (counter: 32)
[Sat Jan 24 01:07:59.093506 2026] [dosdetector_syslog:notice] [pid 224234:tid 224605] '160.251.151.147' is suspected as Hard DoS attack! (counter: 10)
[Sat Jan 24 01:07:59.837033 2026] [dosdetector_syslog:notice] [pid 224334:tid 224651] '141.98.11.169' is suspected as Hard DoS attack! (counter: 33)
[Sat Jan 24 01:08:00.838543 2026] [dosdetector_syslog:notice] [pid 224334:tid 224693] '141.98.11.169' is suspected as Hard DoS attack! (counter: 34)
[Sat Jan 24 01:08:01.859032 2026] [dosdetector_syslog:notice] [pid 224334:tid 224691] '141.98.11.169' is suspected as Hard DoS attack! (counter: 35)
[Sat Jan 24 01:08:02.882425 2026] [dosdetector_syslog:notice] [pid 224334:tid 224683] '141.98.11.169' is suspected as Hard DoS attack! (counter: 36)
[Sat Jan 24 01:08:03.884346 2026] [dosdetector_syslog:notice] [pid 224334:tid 224714] '141.98.11.169' is suspected as Hard DoS attack! (counter: 37)
[Sat Jan 24 01:08:04.892884 2026] [dosdetector_syslog:notice] [pid 224334:tid 224663] '141.98.11.169' is suspected as Hard DoS attack! (counter: 38)
[Sat Jan 24 01:08:05.898721 2026] [dosdetector_syslog:notice] [pid 224334:tid 224710] '141.98.11.169' is suspected as Hard DoS attack! (counter: 39)
[Sat Jan 24 01:08:06.921872 2026] [dosdetector_syslog:notice] [pid 224334:tid 224641] '141.98.11.169' is suspected as Hard DoS attack! (counter: 40)
[Sat Jan 24 01:08:07.923800 2026] [dosdetector_syslog:notice] [pid 224334:tid 224673] '141.98.11.169' is suspected as Hard DoS attack! (counter: 41)
[Sat Jan 24 01:08:08.173173 2026] [dosdetector_syslog:notice] [pid 224451:tid 224743] '160.251.151.147' is suspected as Hard DoS attack! (counter: 11)
[Sat Jan 24 01:08:08.917749 2026] [dosdetector_syslog:notice] [pid 224334:tid 224735] '141.98.11.169' is suspected as Hard DoS attack! (counter: 42)
[Sat Jan 24 01:08:09.660432 2026] [dosdetector_syslog:notice] [pid 224451:tid 224737] '160.251.151.147' is suspected as Hard DoS attack! (counter: 12)
[Sat Jan 24 01:08:09.936925 2026] [dosdetector_syslog:notice] [pid 224334:tid 224708] '141.98.11.169' is suspected as Hard DoS attack! (counter: 43)
[Sat Jan 24 01:08:10.801807 2026] [dosdetector_syslog:notice] [pid 224451:tid 224709] '103.42.180.7' is suspected as DoS attack! (counter: 3)
[Sat Jan 24 01:08:10.934917 2026] [dosdetector_syslog:notice] [pid 224334:tid 224655] '141.98.11.169' is suspected as Hard DoS attack! (counter: 44)
[Sat Jan 24 01:08:11.028756 2026] [dosdetector_syslog:notice] [pid 224334:tid 224644] '101.33.35.156' is suspected as DoS attack! (counter: 3)
[Sat Jan 24 01:08:11.922983 2026] [dosdetector_syslog:notice] [pid 224334:tid 224635] '141.98.11.169' is suspected as Hard DoS attack! (counter: 45)
[Sat Jan 24 01:08:11.988699 2026] [dosdetector_syslog:notice] [pid 224234:tid 224573] '103.214.172.36' is suspected as DoS attack! (counter: 3)
[Sat Jan 24 01:08:12.690628 2026] [dosdetector_syslog:notice] [pid 224234:tid 224600] '103.214.172.103' is suspected as DoS attack! (counter: 3)
[Sat Jan 24 01:08:12.813458 2026] [dosdetector_syslog:notice] [pid 224334:tid 224727] '160.251.151.147' is suspected as Hard DoS attack! (counter: 13)
[Sat Jan 24 01:08:12.945231 2026] [dosdetector_syslog:notice] [pid 224334:tid 224705] '141.98.11.169' is suspected as Hard DoS attack! (counter: 46)
[Sat Jan 24 01:08:13.695263 2026] [dosdetector_syslog:notice] [pid 224234:tid 224477] '160.251.151.147' is suspected as Hard DoS attack! (counter: 14)
[Sat Jan 24 01:08:13.952177 2026] [dosdetector_syslog:notice] [pid 224334:tid 224658] '141.98.11.169' is suspected as Hard DoS attack! (counter: 47)
[Sat Jan 24 01:08:14.158140 2026] [dosdetector_syslog:notice] [pid 224234:tid 224482] '160.251.151.147' is suspected as Hard DoS attack! (counter: 15)
[Sat Jan 24 01:08:14.961285 2026] [dosdetector_syslog:notice] [pid 224334:tid 224720] '141.98.11.169' is suspected as Hard DoS attack! (counter: 48)
[Sat Jan 24 01:08:15.417493 2026] [dosdetector_syslog:notice] [pid 224334:tid 224646] '192.252.179.123' is suspected as DoS attack! (counter: 3)
[Sat Jan 24 01:08:15.969552 2026] [dosdetector_syslog:notice] [pid 224334:tid 224675] '141.98.11.169' is suspected as Hard DoS attack! (counter: 49)
[Sat Jan 24 01:08:16.192623 2026] [dosdetector_syslog:notice] [pid 224334:tid 224687] '149.28.63.249' is suspected as DoS attack! (counter: 3)
[Sat Jan 24 01:08:16.546820 2026] [dosdetector_syslog:notice] [pid 224451:tid 224754] '160.251.151.147' is suspected as Hard DoS attack! (counter: 16)
[Sat Jan 24 01:08:17.006357 2026] [dosdetector_syslog:notice] [pid 224334:tid 224693] '141.98.11.169' is suspected as Hard DoS attack! (counter: 50)
[Sat Jan 24 01:08:17.782737 2026] [dosdetector_syslog:notice] [pid 224334:tid 224705] '103.254.149.26' is suspected as DoS attack! (counter: 3)
[Sat Jan 24 01:08:18.020567 2026] [dosdetector_syslog:notice] [pid 224334:tid 224727] '141.98.11.169' is suspected as Hard DoS attack! (counter: 51)
[Sat Jan 24 01:08:19.019537 2026] [dosdetector_syslog:notice] [pid 224334:tid 224708] '141.98.11.169' is suspected as Hard DoS attack! (counter: 52)
[Sat Jan 24 01:08:19.399863 2026] [dosdetector_syslog:notice] [pid 224451:tid 224672] '160.251.151.147' is suspected as Hard DoS attack! (counter: 17)
[Sat Jan 24 01:08:19.832060 2026] [dosdetector_syslog:notice] [pid 224334:tid 224653] '160.251.151.147' is suspected as Hard DoS attack! (counter: 18)
[Sat Jan 24 01:08:20.053311 2026] [dosdetector_syslog:notice] [pid 224334:tid 224673] '141.98.11.169' is suspected as Hard DoS attack! (counter: 53)
[Sat Jan 24 01:08:21.067003 2026] [dosdetector_syslog:notice] [pid 224334:tid 224677] '141.98.11.169' is suspected as Hard DoS attack! (counter: 54)
[Sat Jan 24 01:08:21.695409 2026] [dosdetector_syslog:notice] [pid 224234:tid 224524] '47.238.156.95' is suspected as DoS attack! (counter: 3)
[Sat Jan 24 01:08:22.076811 2026] [dosdetector_syslog:notice] [pid 224334:tid 224705] '141.98.11.169' is suspected as Hard DoS attack! (counter: 55)
[Sat Jan 24 01:08:23.082828 2026] [dosdetector_syslog:notice] [pid 224334:tid 224658] '141.98.11.169' is suspected as Hard DoS attack! (counter: 56)
[Sat Jan 24 01:08:23.368624 2026] [dosdetector_syslog:notice] [pid 224451:tid 224589] '113.154.206.58' is suspected as DoS attack! (counter: 3)
[Sat Jan 24 01:08:23.954623 2026] [dosdetector_syslog:notice] [pid 224451:tid 224722] '103.42.183.105' is suspected as DoS attack! (counter: 3)
[Sat Jan 24 01:08:24.086622 2026] [dosdetector_syslog:notice] [pid 224334:tid 224630] '141.98.11.169' is suspected as Hard DoS attack! (counter: 57)
[Sat Jan 24 01:08:24.516364 2026] [dosdetector_syslog:notice] [pid 224451:tid 224674] '160.251.151.147' is suspected as Hard DoS attack! (counter: 19)
[Sat Jan 24 01:08:24.793660 2026] [dosdetector_syslog:notice] [pid 224451:tid 224747] '160.251.151.147' is suspected as Hard DoS attack! (counter: 20)
[Sat Jan 24 01:08:25.089125 2026] [dosdetector_syslog:notice] [pid 224334:tid 224641] '141.98.11.169' is suspected as Hard DoS attack! (counter: 58)
[Sat Jan 24 01:08:26.065999 2026] [dosdetector_syslog:notice] [pid 224334:tid 224655] '141.98.11.169' is suspected as Hard DoS attack! (counter: 59)
[Sat Jan 24 01:08:27.048097 2026] [dosdetector_syslog:notice] [pid 224334:tid 224680] '141.98.11.169' is suspected as Hard DoS attack! (counter: 60)
[Sat Jan 24 01:08:28.096765 2026] [dosdetector_syslog:notice] [pid 224334:tid 224735] '141.98.11.169' is suspected as Hard DoS attack! (counter: 61)
[Sat Jan 24 01:08:29.111181 2026] [dosdetector_syslog:notice] [pid 224334:tid 224646] '141.98.11.169' is suspected as Hard DoS attack! (counter: 62)
[Sat Jan 24 01:08:30.089172 2026] [dosdetector_syslog:notice] [pid 224334:tid 224635] '141.98.11.169' is suspected as Hard DoS attack! (counter: 63)
[Sat Jan 24 01:08:30.703659 2026] [dosdetector_syslog:notice] [pid 224334:tid 224681] '160.251.151.147' is suspected as Hard DoS attack! (counter: 21)
[Sat Jan 24 01:08:31.118488 2026] [dosdetector_syslog:notice] [pid 224334:tid 224695] '141.98.11.169' is suspected as Hard DoS attack! (counter: 64)
[Sat Jan 24 01:08:32.727721 2026] [dosdetector_syslog:notice] [pid 224451:tid 224686] '141.98.11.169' is suspected as Hard DoS attack! (counter: 65)
[Sat Jan 24 01:08:33.510149 2026] [dosdetector_syslog:notice] [pid 224451:tid 224684] '160.251.151.147' is suspected as Hard DoS attack! (counter: 22)
[Sat Jan 24 01:08:33.599603 2026] [dosdetector_syslog:notice] [pid 224334:tid 224730] '160.251.151.147' is suspected as Hard DoS attack! (counter: 23)
[Sat Jan 24 01:08:33.745087 2026] [dosdetector_syslog:notice] [pid 224451:tid 224706] '141.98.11.169' is suspected as Hard DoS attack! (counter: 66)
[Sat Jan 24 01:08:34.740425 2026] [dosdetector_syslog:notice] [pid 224451:tid 224694] '141.98.11.169' is suspected as Hard DoS attack! (counter: 67)
[Sat Jan 24 01:08:35.786444 2026] [dosdetector_syslog:notice] [pid 224451:tid 224748] '141.98.11.169' is suspected as Hard DoS attack! (counter: 68)
[Sat Jan 24 01:08:36.809215 2026] [dosdetector_syslog:notice] [pid 224451:tid 224700] '141.98.11.169' is suspected as Hard DoS attack! (counter: 69)
[Sat Jan 24 01:08:37.807566 2026] [dosdetector_syslog:notice] [pid 224451:tid 224748] '141.98.11.169' is suspected as Hard DoS attack! (counter: 70)
[Sat Jan 24 01:08:38.817183 2026] [dosdetector_syslog:notice] [pid 224451:tid 224757] '141.98.11.169' is suspected as Hard DoS attack! (counter: 71)
[Sat Jan 24 01:08:39.758263 2026] [dosdetector_syslog:notice] [pid 224451:tid 224602] '58.191.122.110' is suspected as DoS attack! (counter: 3)
[Sat Jan 24 01:08:39.871566 2026] [dosdetector_syslog:notice] [pid 224451:tid 224686] '141.98.11.169' is suspected as Hard DoS attack! (counter: 72)
[Sat Jan 24 01:08:40.756435 2026] [dosdetector_syslog:notice] [pid 224451:tid 224701] '160.251.151.147' is suspected as Hard DoS attack! (counter: 24)
[Sat Jan 24 01:08:40.868491 2026] [dosdetector_syslog:notice] [pid 224451:tid 224674] '141.98.11.169' is suspected as Hard DoS attack! (counter: 73)
[Sat Jan 24 01:08:41.866493 2026] [dosdetector_syslog:notice] [pid 224451:tid 224739] '141.98.11.169' is suspected as Hard DoS attack! (counter: 74)
[Sat Jan 24 01:08:42.884426 2026] [dosdetector_syslog:notice] [pid 224451:tid 224715] '141.98.11.169' is suspected as Hard DoS attack! (counter: 75)
[Sat Jan 24 01:08:43.917027 2026] [dosdetector_syslog:notice] [pid 224451:tid 224709] '141.98.11.169' is suspected as Hard DoS attack! (counter: 76)
[Sat Jan 24 01:08:44.908389 2026] [dosdetector_syslog:notice] [pid 224451:tid 224737] '141.98.11.169' is suspected as Hard DoS attack! (counter: 77)
[Sat Jan 24 01:08:45.428369 2026] [dosdetector_syslog:notice] [pid 224451:tid 224657] '160.251.151.147' is suspected as Hard DoS attack! (counter: 25)
[Sat Jan 24 01:08:45.642290 2026] [dosdetector_syslog:notice] [pid 224451:tid 224671] '154.219.116.181' is suspected as DoS attack! (counter: 3)
[Sat Jan 24 01:08:45.982164 2026] [dosdetector_syslog:notice] [pid 224451:tid 224696] '141.98.11.169' is suspected as Hard DoS attack! (counter: 78)
[Sat Jan 24 01:08:46.291535 2026] [dosdetector_syslog:notice] [pid 224234:tid 224595] '167.179.100.26' is suspected as DoS attack! (counter: 3)
[Sat Jan 24 01:08:46.989564 2026] [dosdetector_syslog:notice] [pid 224451:tid 224745] '141.98.11.169' is suspected as Hard DoS attack! (counter: 79)
[Sat Jan 24 01:08:48.020125 2026] [dosdetector_syslog:notice] [pid 224451:tid 224679] '141.98.11.169' is suspected as Hard DoS attack! (counter: 80)
[Sat Jan 24 01:08:49.042703 2026] [dosdetector_syslog:notice] [pid 224451:tid 224734] '141.98.11.169' is suspected as Hard DoS attack! (counter: 81)
[Sat Jan 24 01:08:50.021241 2026] [dosdetector_syslog:notice] [pid 224451:tid 224738] '141.98.11.169' is suspected as Hard DoS attack! (counter: 82)
[Sat Jan 24 01:08:51.027217 2026] [dosdetector_syslog:notice] [pid 224451:tid 224755] '141.98.11.169' is suspected as Hard DoS attack! (counter: 83)
[Sat Jan 24 01:08:51.168239 2026] [dosdetector_syslog:notice] [pid 224451:tid 224706] '160.251.151.147' is suspected as Hard DoS attack! (counter: 26)
[Sat Jan 24 01:08:52.026337 2026] [dosdetector_syslog:notice] [pid 224451:tid 224741] '141.98.11.169' is suspected as Hard DoS attack! (counter: 84)
[Sat Jan 24 01:08:53.025742 2026] [dosdetector_syslog:notice] [pid 224451:tid 224713] '141.98.11.169' is suspected as Hard DoS attack! (counter: 85)
[Sat Jan 24 01:08:54.047209 2026] [dosdetector_syslog:notice] [pid 224451:tid 224743] '141.98.11.169' is suspected as Hard DoS attack! (counter: 86)
[Sat Jan 24 01:08:54.496982 2026] [dosdetector_syslog:notice] [pid 224334:tid 224721] '160.251.151.147' is suspected as Hard DoS attack! (counter: 27)
[Sat Jan 24 01:08:55.117423 2026] [dosdetector_syslog:notice] [pid 224451:tid 224758] '141.98.11.169' is suspected as Hard DoS attack! (counter: 87)
[Sat Jan 24 01:08:55.336628 2026] [dosdetector_syslog:notice] [pid 224451:tid 224732] '34.172.159.36' is suspected as DoS attack! (counter: 3)
[Sat Jan 24 01:08:56.118752 2026] [dosdetector_syslog:notice] [pid 224451:tid 224668] '141.98.11.169' is suspected as Hard DoS attack! (counter: 88)
[Sat Jan 24 01:08:57.127822 2026] [dosdetector_syslog:notice] [pid 224451:tid 224698] '141.98.11.169' is suspected as Hard DoS attack! (counter: 89)
[Sat Jan 24 01:08:57.271330 2026] [dosdetector_syslog:notice] [pid 224451:tid 224701] '119.28.214.143' is suspected as DoS attack! (counter: 3)
[Sat Jan 24 01:08:57.453889 2026] [dosdetector_syslog:notice] [pid 224451:tid 224719] '160.251.151.147' is suspected as Hard DoS attack! (counter: 28)
[Sat Jan 24 01:08:57.538321 2026] [dosdetector_syslog:notice] [pid 224451:tid 224657] '160.251.151.147' is suspected as Hard DoS attack! (counter: 29)
[Sat Jan 24 01:08:57.940493 2026] [dosdetector_syslog:notice] [pid 224234:tid 224563] '20.89.104.181' is suspected as DoS attack! (counter: 3)
[Sat Jan 24 01:08:58.151338 2026] [dosdetector_syslog:notice] [pid 224451:tid 224750] '141.98.11.169' is suspected as Hard DoS attack! (counter: 90)
[Sat Jan 24 01:08:58.940067 2026] [dosdetector_syslog:notice] [pid 224234:tid 224304] '160.251.151.147' is suspected as Hard DoS attack! (counter: 30)
[Sat Jan 24 01:08:59.045792 2026] [dosdetector_syslog:notice] [pid 224451:tid 224690] '160.251.151.147' is suspected as Hard DoS attack! (counter: 31)
[Sat Jan 24 01:08:59.208577 2026] [dosdetector_syslog:notice] [pid 224451:tid 224743] '141.98.11.169' is suspected as Hard DoS attack! (counter: 91)
[Sat Jan 24 01:09:00.203765 2026] [dosdetector_syslog:notice] [pid 224451:tid 224717] '141.98.11.169' is suspected as Hard DoS attack! (counter: 92)
[Sat Jan 24 01:09:01.227238 2026] [dosdetector_syslog:notice] [pid 224451:tid 224741] '141.98.11.169' is suspected as Hard DoS attack! (counter: 93)
[Sat Jan 24 01:09:01.311317 2026] [dosdetector_syslog:notice] [pid 224334:tid 224685] '160.251.151.147' is suspected as Hard DoS attack! (counter: 32)
[Sat Jan 24 01:09:02.047058 2026] [dosdetector_syslog:notice] [pid 224451:tid 224748] '160.251.151.147' is suspected as Hard DoS attack! (counter: 33)
[Sat Jan 24 01:09:02.265959 2026] [dosdetector_syslog:notice] [pid 224451:tid 224688] '141.98.11.169' is suspected as Hard DoS attack! (counter: 94)
[Sat Jan 24 01:09:02.468736 2026] [dosdetector_syslog:notice] [pid 224451:tid 224669] '103.82.25.153' is suspected as DoS attack! (counter: 3)
[Sat Jan 24 01:09:03.264775 2026] [dosdetector_syslog:notice] [pid 224451:tid 224709] '141.98.11.169' is suspected as Hard DoS attack! (counter: 95)
[Sat Jan 24 01:09:04.286495 2026] [dosdetector_syslog:notice] [pid 224451:tid 224722] '141.98.11.169' is suspected as Hard DoS attack! (counter: 96)
[Sat Jan 24 01:09:05.282618 2026] [dosdetector_syslog:notice] [pid 224451:tid 224711] '141.98.11.169' is suspected as Hard DoS attack! (counter: 97)
[Sat Jan 24 01:09:06.897851 2026] [dosdetector_syslog:notice] [pid 224334:tid 224645] '141.98.11.169' is suspected as Hard DoS attack! (counter: 98)
[Sat Jan 24 01:09:07.841693 2026] [dosdetector_syslog:notice] [pid 224234:tid 224549] '160.251.151.147' is suspected as Hard DoS attack! (counter: 34)
[Sat Jan 24 01:09:07.911701 2026] [dosdetector_syslog:notice] [pid 224334:tid 224677] '141.98.11.169' is suspected as Hard DoS attack! (counter: 99)
[Sat Jan 24 01:09:08.596501 2026] [dosdetector_syslog:notice] [pid 224451:tid 224738] '160.251.151.147' is suspected as Hard DoS attack! (counter: 35)
[Sat Jan 24 01:09:08.936817 2026] [dosdetector_syslog:notice] [pid 224334:tid 224637] '141.98.11.169' is suspected as Hard DoS attack! (counter: 100)
[Sat Jan 24 01:09:09.216015 2026] [dosdetector_syslog:notice] [pid 224451:tid 224743] '95.40.10.163' is suspected as DoS attack! (counter: 3)
[Sat Jan 24 01:09:10.011335 2026] [dosdetector_syslog:notice] [pid 224334:tid 224689] '141.98.11.169' is suspected as Hard DoS attack! (counter: 101)
[Sat Jan 24 01:09:10.936823 2026] [dosdetector_syslog:notice] [pid 224451:tid 224757] '160.251.151.147' is suspected as Hard DoS attack! (counter: 36)
[Sat Jan 24 01:09:11.029373 2026] [dosdetector_syslog:notice] [pid 224334:tid 224650] '141.98.11.169' is suspected as Hard DoS attack! (counter: 102)
[Sat Jan 24 01:09:12.022911 2026] [dosdetector_syslog:notice] [pid 224334:tid 224665] '141.98.11.169' is suspected as Hard DoS attack! (counter: 103)
[Sat Jan 24 01:09:13.057075 2026] [dosdetector_syslog:notice] [pid 224334:tid 224723] '141.98.11.169' is suspected as Hard DoS attack! (counter: 104)
[Sat Jan 24 01:09:14.091372 2026] [dosdetector_syslog:notice] [pid 224334:tid 224710] '141.98.11.169' is suspected as Hard DoS attack! (counter: 105)
[Sat Jan 24 01:09:14.844363 2026] [dosdetector_syslog:notice] [pid 224451:tid 224717] '160.251.151.147' is suspected as Hard DoS attack! (counter: 37)
[Sat Jan 24 01:09:15.114555 2026] [dosdetector_syslog:notice] [pid 224334:tid 224718] '141.98.11.169' is suspected as Hard DoS attack! (counter: 106)
[Sat Jan 24 01:09:16.146411 2026] [dosdetector_syslog:notice] [pid 224334:tid 224658] '141.98.11.169' is suspected as Hard DoS attack! (counter: 107)
[Sat Jan 24 01:09:16.467786 2026] [dosdetector_syslog:notice] [pid 224334:tid 224727] '160.251.151.147' is suspected as Hard DoS attack! (counter: 38)
[Sat Jan 24 01:09:17.159698 2026] [dosdetector_syslog:notice] [pid 224334:tid 224685] '141.98.11.169' is suspected as Hard DoS attack! (counter: 108)
[Sat Jan 24 01:09:21.717553 2026] [dosdetector_syslog:notice] [pid 224234:tid 224523] '149.88.82.32' is suspected as DoS attack! (counter: 3)
suexec policy violation: see suexec log for more details
[Sat Jan 24 01:09:25.191198 2026] [dosdetector_syslog:notice] [pid 224334:tid 224675] '160.251.151.147' is suspected as Hard DoS attack! (counter: 39)
[Sat Jan 24 01:09:30.032875 2026] [dosdetector_syslog:notice] [pid 224334:tid 224670] '149.28.130.253' is suspected as DoS attack! (counter: 3)
suexec policy violation: see suexec log for more details
/virtual/courserajp/.local/lib/python3.6/site-packages/flask_sqlalchemy/__init__.py:873: FSADeprecationWarning: SQLALCHEMY_TRACK_MODIFICATIONS adds significant overhead and will be disabled by default in the future. Set it to True or False to suppress this warning.
'SQLALCHEMY_TRACK_MODIFICATIONS adds significant overhead and '
[Sat Jan 24 01:09:32.984157 2026] [dosdetector_syslog:notice] [pid 224334:tid 224506] '113.154.206.58' is suspected as Hard DoS attack! (counter: 10)
[Sat Jan 24 01:09:33.201149 2026] [dosdetector_syslog:notice] [pid 224334:tid 224509] '113.154.206.58' is suspected as Hard DoS attack! (counter: 11)
[Sat Jan 24 01:09:33.487779 2026] [dosdetector_syslog:notice] [pid 224334:tid 224512] '113.154.206.58' is suspected as Hard DoS attack! (counter: 12)
[Sat Jan 24 01:09:34.179786 2026] [dosdetector_syslog:notice] [pid 224451:tid 224726] '147.92.45.210' is suspected as DoS attack! (counter: 3)
[Sat Jan 24 01:09:35.664757 2026] [dosdetector_syslog:notice] [pid 224451:tid 224698] '192.109.200.72' is suspected as DoS attack! (counter: 3)
[Sat Jan 24 01:09:38.672765 2026] [dosdetector_syslog:notice] [pid 224334:tid 224498] '113.154.206.58' is suspected as Hard DoS attack! (counter: 13)
[Sat Jan 24 01:09:43.046570 2026] [dosdetector_syslog:notice] [pid 224334:tid 224644] '45.144.136.29' is suspected as DoS attack! (counter: 3)
[Sat Jan 24 01:09:46.708400 2026] [core:crit] [pid 224334:tid 224647] (13)Permission denied: [client 176.110.111.22:50306] AH00529: /virtual/hism4id/public_html/.htaccess pcfg_openfile: unable to check htaccess file, ensure it is readable and that '/virtual/hism4id/public_html/' is executable
[Sat Jan 24 01:09:47.012628 2026] [dosdetector_syslog:notice] [pid 224234:tid 224620] '160.251.151.147' is suspected as Hard DoS attack! (counter: 40)
[Sat Jan 24 01:09:49.351174 2026] [dosdetector_syslog:notice] [pid 224451:tid 224726] '192.109.200.72' is suspected as Hard DoS attack! (counter: 10)
[Sat Jan 24 01:09:50.364748 2026] [dosdetector_syslog:notice] [pid 224451:tid 224701] '192.109.200.72' is suspected as Hard DoS attack! (counter: 11)
[Sat Jan 24 01:09:51.212730 2026] [dosdetector_syslog:notice] [pid 224334:tid 224651] '160.251.151.147' is suspected as Hard DoS attack! (counter: 41)
[Sat Jan 24 01:09:52.890447 2026] [dosdetector_syslog:notice] [pid 224451:tid 224668] '192.109.200.72' is suspected as Hard DoS attack! (counter: 12)
[Sat Jan 24 01:09:53.796484 2026] [dosdetector_syslog:notice] [pid 224451:tid 224679] '192.109.200.72' is suspected as Hard DoS attack! (counter: 13)
[Sat Jan 24 01:09:56.240397 2026] [dosdetector_syslog:notice] [pid 224451:tid 224701] '160.251.151.147' is suspected as Hard DoS attack! (counter: 42)
[Sat Jan 24 01:09:57.194743 2026] [dosdetector_syslog:notice] [pid 224451:tid 224700] '192.109.200.72' is suspected as Hard DoS attack! (counter: 14)
[Sat Jan 24 01:09:57.935525 2026] [dosdetector_syslog:notice] [pid 224451:tid 224684] '103.157.204.219' is suspected as DoS attack! (counter: 3)
[Sat Jan 24 01:09:58.429462 2026] [dosdetector_syslog:notice] [pid 224451:tid 224672] '192.109.200.72' is suspected as Hard DoS attack! (counter: 15)
[Sat Jan 24 01:09:59.177613 2026] [dosdetector_syslog:notice] [pid 224334:tid 224714] '160.251.151.147' is suspected as Hard DoS attack! (counter: 43)
[Sat Jan 24 01:09:59.689376 2026] [dosdetector_syslog:notice] [pid 224234:tid 224590] '160.251.151.147' is suspected as Hard DoS attack! (counter: 44)
[Sat Jan 24 01:10:02.082737 2026] [dosdetector_syslog:notice] [pid 224451:tid 224734] '192.109.200.72' is suspected as Hard DoS attack! (counter: 16)
[Sat Jan 24 01:10:02.963242 2026] [dosdetector_syslog:notice] [pid 224234:tid 224558] '82.156.151.63' is suspected as DoS attack! (counter: 3)
[Sat Jan 24 01:10:03.108448 2026] [dosdetector_syslog:notice] [pid 224451:tid 224686] '91.92.243.236' is suspected as DoS attack! (counter: 3)
[Sat Jan 24 01:10:03.315210 2026] [dosdetector_syslog:notice] [pid 224334:tid 224663] '82.29.52.78' is suspected as DoS attack! (counter: 3)
[Sat Jan 24 01:10:08.264616 2026] [dosdetector_syslog:notice] [pid 224451:tid 224666] '192.109.200.72' is suspected as Hard DoS attack! (counter: 17)
[Sat Jan 24 01:10:10.998738 2026] [dosdetector_syslog:notice] [pid 224334:tid 224667] '160.251.151.147' is suspected as Hard DoS attack! (counter: 45)
[Sat Jan 24 01:10:11.938321 2026] [dosdetector_syslog:notice] [pid 224334:tid 224427] '113.154.206.58' is suspected as Hard DoS attack! (counter: 14)
[Sat Jan 24 01:10:12.288564 2026] [dosdetector_syslog:notice] [pid 224451:tid 224713] '192.109.200.72' is suspected as Hard DoS attack! (counter: 18)
[Sat Jan 24 01:10:14.270389 2026] [dosdetector_syslog:notice] [pid 224451:tid 224715] '4.190.200.66' is suspected as DoS attack! (counter: 3)
[Sat Jan 24 01:10:17.284113 2026] [dosdetector_syslog:notice] [pid 224451:tid 224696] '160.251.151.147' is suspected as Hard DoS attack! (counter: 46)
[Sat Jan 24 01:10:24.193992 2026] [dosdetector_syslog:notice] [pid 224451:tid 224715] '192.109.200.72' is suspected as Hard DoS attack! (counter: 19)
[Sat Jan 24 01:10:27.772954 2026] [dosdetector_syslog:notice] [pid 224451:tid 224751] '194.180.176.68' is suspected as DoS attack! (counter: 3)
[Sat Jan 24 01:10:29.418640 2026] [dosdetector_syslog:notice] [pid 224451:tid 224659] '203.91.77.31' is suspected as DoS attack! (counter: 3)
[Sat Jan 24 01:10:32.904605 2026] [dosdetector_syslog:notice] [pid 224334:tid 224642] '160.251.151.147' is suspected as Hard DoS attack! (counter: 47)
[Sat Jan 24 01:10:32.929306 2026] [dosdetector_syslog:notice] [pid 224334:tid 224631] '160.251.151.147' is suspected as Hard DoS attack! (counter: 48)
[Sat Jan 24 01:10:33.271181 2026] [dosdetector_syslog:notice] [pid 224334:tid 224435] '113.154.206.58' is suspected as Hard DoS attack! (counter: 15)
[Sat Jan 24 01:10:35.678855 2026] [dosdetector_syslog:notice] [pid 224334:tid 224639] '103.42.183.220' is suspected as DoS attack! (counter: 3)
[Sat Jan 24 01:10:38.524868 2026] [dosdetector_syslog:notice] [pid 224451:tid 224760] '103.254.149.34' is suspected as DoS attack! (counter: 3)
[Sat Jan 24 01:10:39.518066 2026] [dosdetector_syslog:notice] [pid 224451:tid 224728] '160.251.151.147' is suspected as Hard DoS attack! (counter: 49)
[Sat Jan 24 01:10:40.499770 2026] [dosdetector_syslog:notice] [pid 224334:tid 224714] '103.254.149.26' is suspected as Hard DoS attack! (counter: 10)
[Sat Jan 24 01:10:40.581073 2026] [dosdetector_syslog:notice] [pid 224334:tid 224723] '103.254.149.26' is suspected as Hard DoS attack! (counter: 11)
[Sat Jan 24 01:10:40.662123 2026] [dosdetector_syslog:notice] [pid 224334:tid 224651] '103.254.149.26' is suspected as Hard DoS attack! (counter: 12)
[Sat Jan 24 01:10:41.605539 2026] [dosdetector_syslog:notice] [pid 224451:tid 224676] '160.251.151.147' is suspected as Hard DoS attack! (counter: 50)
[Sat Jan 24 01:10:41.880505 2026] [dosdetector_syslog:notice] [pid 224334:tid 224446] '113.154.206.58' is suspected as Hard DoS attack! (counter: 16)
[Sat Jan 24 01:10:46.684162 2026] [dosdetector_syslog:notice] [pid 224334:tid 224456] '113.154.206.58' is suspected as Hard DoS attack! (counter: 17)
[Sat Jan 24 01:10:55.103058 2026] [dosdetector_syslog:notice] [pid 224334:tid 224459] '113.154.206.58' is suspected as Hard DoS attack! (counter: 18)
[Sat Jan 24 01:10:58.272387 2026] [dosdetector_syslog:notice] [pid 224451:tid 224752] '160.251.151.147' is suspected as Hard DoS attack! (counter: 51)
[Sat Jan 24 01:11:00.574631 2026] [dosdetector_syslog:notice] [pid 224451:tid 224734] '8.211.26.167' is suspected as DoS attack! (counter: 3)
[Sat Jan 24 01:11:07.727166 2026] [dosdetector_syslog:notice] [pid 224451:tid 224679] '160.251.151.147' is suspected as Hard DoS attack! (counter: 52)
